-- https://www.phpmyadmin.net/
--
-- Servidor: localhost:3306
-- Tiempo de generación: 11-06-2024 a las 10:37:00
-- Versión del servidor: 5.7.23-23
-- Versión de PHP: 8.1.28

START TRANSACTION;



--
-- Base de datos: `busscard_coobusscar`
--

-- --------------------------------------------------------

--
-- Estructura de tabla para la tabla `wp_actionscheduler_actions`
--

CREATE TABLE `wp_actionscheduler_actions` (
  `action_id` bigint(20) UNSIGNED NOT NULL,
  `hook` varchar(191) COLLATE utf8mb4_unicode_520_ci NOT NULL,
  `status` varchar(20) COLLATE utf8mb4_unicode_520_ci NOT NULL,
  `scheduled_date_gmt` datetime DEFAULT '0000-00-00 00:00:00',
  `scheduled_date_local` datetime DEFAULT '0000-00-00 00:00:00',
  `args` varchar(191) COLLATE utf8mb4_unicode_520_ci DEFAULT NULL,
  `schedule` longtext COLLATE utf8mb4_unicode_520_ci,
  `group_id` bigint(20) UNSIGNED NOT NULL DEFAULT '0',
  `attempts` int(11) NOT NULL DEFAULT '0',
  `last_attempt_gmt` datetime DEFAULT '0000-00-00 00:00:00',
  `last_attempt_local` datetime DEFAULT '0000-00-00 00:00:00',
  `claim_id` bigint(20) UNSIGNED NOT NULL DEFAULT '0',
  `extended_args` varchar(8000) COLLATE utf8mb4_unicode_520_ci DEFAULT NULL,
  `priority` tinyint(3) UNSIGNED NOT NULL DEFAULT '10'
) ENGINE=InnoDB DEFAULT CHARSET=utf8mb4 COLLATE=utf8mb4_unicode_520_ci;

--
-- Volcado de datos para la tabla `wp_actionscheduler_actions`
--

INSERT INTO `wp_actionscheduler_actions` (`action_id`, `hook`, `status`, `scheduled_date_gmt`, `scheduled_date_local`, `args`, `schedule`, `group_id`, `attempts`, `last_attempt_gmt`, `last_attempt_local`, `claim_id`, `extended_args`, `priority`) VALUES
(7392, 'wpforms_admin_addons_cache_update', 'failed', '2023-07-31 23:09:51', '2023-07-31 23:09:51', '{\"tasks_meta_id\":7}', 'O:32:\"ActionScheduler_IntervalSchedule\":5:{s:22:\"\0*\0scheduled_timestamp\";i:1690844991;s:18:\"\0*\0first_timestamp\";i:1621022317;s:13:\"\0*\0recurrence\";i:604800;s:49:\"\0ActionScheduler_IntervalSchedule\0start_timestamp\";i:1690844991;s:53:\"\0ActionScheduler_IntervalSchedule\0interval_in_seconds\";i:604800;}', 2, 1, '2023-08-01 00:19:20', '2023-07-31 19:19:20', 0, NULL, 10),
(7408, 'wpforms_admin_addons_cache_update', 'failed', '2023-08-08 00:19:20', '2023-08-08 00:19:20', '{\"tasks_meta_id\":7}', 'O:32:\"ActionScheduler_IntervalSchedule\":5:{s:22:\"\0*\0scheduled_timestamp\";i:1691453960;s:18:\"\0*\0first_timestamp\";i:1621022317;s:13:\"\0*\0recurrence\";i:604800;s:49:\"\0ActionScheduler_IntervalSchedule\0start_timestamp\";i:1691453960;s:53:\"\0ActionScheduler_IntervalSchedule\0interval_in_seconds\";i:604800;}', 2, 1, '2023-08-08 01:50:39', '2023-08-07 20:50:39', 0, NULL, 10),
(7534, 'wpforms_admin_addons_cache_update', 'failed', '2023-10-03 04:06:21', '2023-10-03 04:06:21', '{\"tasks_meta_id\":7}', 'O:32:\"ActionScheduler_IntervalSchedule\":5:{s:22:\"\0*\0scheduled_timestamp\";i:1696305981;s:18:\"\0*\0first_timestamp\";i:1621022317;s:13:\"\0*\0recurrence\";i:604800;s:49:\"\0ActionScheduler_IntervalSchedule\0start_timestamp\";i:1696305981;s:53:\"\0ActionScheduler_IntervalSchedule\0interval_in_seconds\";i:604800;}', 2, 1, '2023-10-03 05:15:59', '2023-10-03 00:15:59', 0, NULL, 10),
(7598, 'wpforms_admin_addons_cache_update', 'failed', '2023-10-31 06:06:06', '2023-10-31 06:06:06', '{\"tasks_meta_id\":7}', 'O:32:\"ActionScheduler_IntervalSchedule\":5:{s:22:\"\0*\0scheduled_timestamp\";i:1698732366;s:18:\"\0*\0first_timestamp\";i:1621022317;s:13:\"\0*\0recurrence\";i:604800;s:49:\"\0ActionScheduler_IntervalSchedule\0start_timestamp\";i:1698732366;s:53:\"\0ActionScheduler_IntervalSchedule\0interval_in_seconds\";i:604800;}', 2, 1, '2023-10-31 06:12:42', '2023-10-31 01:12:42', 0, NULL, 10),
(7662, 'wpforms_admin_addons_cache_update', 'failed', '2023-11-28 07:13:38', '2023-11-28 07:13:38', '{\"tasks_meta_id\":7}', 'O:32:\"ActionScheduler_IntervalSchedule\":5:{s:22:\"\0*\0scheduled_timestamp\";i:1701155618;s:18:\"\0*\0first_timestamp\";i:1621022317;s:13:\"\0*\0recurrence\";i:604800;s:49:\"\0ActionScheduler_IntervalSchedule\0start_timestamp\";i:1701155618;s:53:\"\0ActionScheduler_IntervalSchedule\0interval_in_seconds\";i:604800;}', 2, 1, '2023-11-28 07:24:02', '2023-11-28 02:24:02', 0, NULL, 10),
(7692, 'wpforms_admin_addons_cache_update', 'failed', '2023-12-12 09:10:19', '2023-12-12 09:10:19', '{\"tasks_meta_id\":7}', 'O:32:\"ActionScheduler_IntervalSchedule\":5:{s:22:\"\0*\0scheduled_timestamp\";i:1702372219;s:18:\"\0*\0first_timestamp\";i:1621022317;s:13:\"\0*\0recurrence\";i:604800;s:49:\"\0ActionScheduler_IntervalSchedule\0start_timestamp\";i:1702372219;s:53:\"\0ActionScheduler_IntervalSchedule\0interval_in_seconds\";i:604800;}', 2, 1, '2023-12-12 09:26:15', '2023-12-12 04:26:15', 0, NULL, 10),
(7865, 'wpforms_admin_addons_cache_update', 'failed', '2024-02-20 15:07:46', '2024-02-20 15:07:46', '{\"tasks_meta_id\":7}', 'O:32:\"ActionScheduler_IntervalSchedule\":5:{s:22:\"\0*\0scheduled_timestamp\";i:1708441666;s:18:\"\0*\0first_timestamp\";i:1621022317;s:13:\"\0*\0recurrence\";i:604800;s:49:\"\0ActionScheduler_IntervalSchedule\0start_timestamp\";i:1708441666;s:53:\"\0ActionScheduler_IntervalSchedule\0interval_in_seconds\";i:604800;}', 2, 1, '2024-02-20 15:09:32', '2024-02-20 10:09:32', 0, NULL, 10),
(8127, 'wpforms_email_summaries_fetch_info_blocks', 'complete', '2024-05-14 21:52:37', '2024-05-14 21:52:37', '{\"tasks_meta_id\":null}', 'O:32:\"ActionScheduler_IntervalSchedule\":5:{s:22:\"\0*\0scheduled_timestamp\";i:1715723557;s:18:\"\0*\0first_timestamp\";i:1620416458;s:13:\"\0*\0recurrence\";i:604800;s:49:\"\0ActionScheduler_IntervalSchedule\0start_timestamp\";i:1715723557;s:53:\"\0ActionScheduler_IntervalSchedule\0interval_in_seconds\";i:604800;}', 2, 1, '2024-05-14 21:54:24', '2024-05-14 16:54:24', 0, NULL, 10),
(8137, 'wp_mail_smtp_admin_notifications_update', 'complete', '2024-05-12 10:49:50', '2024-05-12 10:49:50', '[2]', 'O:32:\"ActionScheduler_IntervalSchedule\":5:{s:22:\"\0*\0scheduled_timestamp\";i:1715510990;s:18:\"\0*\0first_timestamp\";i:1707145071;s:13:\"\0*\0recurrence\";i:86400;s:49:\"\0ActionScheduler_IntervalSchedule\0start_timestamp\";i:1715510990;s:53:\"\0ActionScheduler_IntervalSchedule\0interval_in_seconds\";i:86400;}', 3, 1, '2024-05-12 12:00:19', '2024-05-12 07:00:19', 0, NULL, 10),
(8139, 'wpforms_process_forms_locator_scan', 'complete', '2024-05-12 12:48:19', '2024-05-12 12:48:19', '{\"tasks_meta_id\":19}', 'O:32:\"ActionScheduler_IntervalSchedule\":5:{s:22:\"\0*\0scheduled_timestamp\";i:1715518099;s:18:\"\0*\0first_timestamp\";i:1689816533;s:13:\"\0*\0recurrence\";i:86400;s:49:\"\0ActionScheduler_IntervalSchedule\0start_timestamp\";i:1715518099;s:53:\"\0ActionScheduler_IntervalSchedule\0interval_in_seconds\";i:86400;}', 2, 1, '2024-05-12 14:02:58', '2024-05-12 09:02:58', 0, NULL, 10),
(8140, 'wp_mail_smtp_admin_notifications_update', 'complete', '2024-05-13 12:00:19', '2024-05-13 12:00:19', '[2]', 'O:32:\"ActionScheduler_IntervalSchedule\":5:{s:22:\"\0*\0scheduled_timestamp\";i:1715601619;s:18:\"\0*\0first_timestamp\";i:1707145071;s:13:\"\0*\0recurrence\";i:86400;s:49:\"\0ActionScheduler_IntervalSchedule\0start_timestamp\";i:1715601619;s:53:\"\0ActionScheduler_IntervalSchedule\0interval_in_seconds\";i:86400;}', 3, 1, '2024-05-13 12:05:10', '2024-05-13 07:05:10', 0, NULL, 10),
(8141, 'wpforms_process_forms_locator_save', 'complete', '2024-05-12 14:02:58', '2024-05-12 14:02:58', '{\"tasks_meta_id\":169}', 'O:28:\"ActionScheduler_NullSchedule\":0:{}', 2, 1, '2024-05-12 14:02:58', '2024-05-12 09:02:58', 0, NULL, 10),
(8142, 'wpforms_process_forms_locator_scan', 'complete', '2024-05-13 14:02:58', '2024-05-13 14:02:58', '{\"tasks_meta_id\":19}', 'O:32:\"ActionScheduler_IntervalSchedule\":5:{s:22:\"\0*\0scheduled_timestamp\";i:1715608978;s:18:\"\0*\0first_timestamp\";i:1689816533;s:13:\"\0*\0recurrence\";i:86400;s:49:\"\0ActionScheduler_IntervalSchedule\0start_timestamp\";i:1715608978;s:53:\"\0ActionScheduler_IntervalSchedule\0interval_in_seconds\";i:86400;}', 2, 1, '2024-05-13 15:52:29', '2024-05-13 10:52:29', 0, NULL, 10),
(8143, 'wp_mail_smtp_admin_notifications_update', 'complete', '2024-05-14 12:05:10', '2024-05-14 12:05:10', '[2]', 'O:32:\"ActionScheduler_IntervalSchedule\":5:{s:22:\"\0*\0scheduled_timestamp\";i:1715688310;s:18:\"\0*\0first_timestamp\";i:1707145071;s:13:\"\0*\0recurrence\";i:86400;s:49:\"\0ActionScheduler_IntervalSchedule\0start_timestamp\";i:1715688310;s:53:\"\0ActionScheduler_IntervalSchedule\0interval_in_seconds\";i:86400;}', 3, 1, '2024-05-14 12:28:53', '2024-05-14 07:28:53', 0, NULL, 10),
(8144, 'wpforms_process_forms_locator_save', 'complete', '2024-05-13 15:52:29', '2024-05-13 15:52:29', '{\"tasks_meta_id\":170}', 'O:28:\"ActionScheduler_NullSchedule\":0:{}', 2, 1, '2024-05-13 15:52:29', '2024-05-13 10:52:29', 0, NULL, 10),
(8145, 'wpforms_process_forms_locator_scan', 'complete', '2024-05-14 15:52:29', '2024-05-14 15:52:29', '{\"tasks_meta_id\":19}', 'O:32:\"ActionScheduler_IntervalSchedule\":5:{s:22:\"\0*\0scheduled_timestamp\";i:1715701949;s:18:\"\0*\0first_timestamp\";i:1689816533;s:13:\"\0*\0recurrence\";i:86400;s:49:\"\0ActionScheduler_IntervalSchedule\0start_timestamp\";i:1715701949;s:53:\"\0ActionScheduler_IntervalSchedule\0interval_in_seconds\";i:86400;}', 2, 1, '2024-05-14 16:14:23', '2024-05-14 11:14:23', 0, NULL, 10),
(8146, 'wp_mail_smtp_admin_notifications_update', 'complete', '2024-05-15 12:28:53', '2024-05-15 12:28:53', '[2]', 'O:32:\"ActionScheduler_IntervalSchedule\":5:{s:22:\"\0*\0scheduled_timestamp\";i:1715776133;s:18:\"\0*\0first_timestamp\";i:1707145071;s:13:\"\0*\0recurrence\";i:86400;s:49:\"\0ActionScheduler_IntervalSchedule\0start_timestamp\";i:1715776133;s:53:\"\0ActionScheduler_IntervalSchedule\0interval_in_seconds\";i:86400;}', 3, 1, '2024-05-15 12:57:38', '2024-05-15 07:57:38', 0, NULL, 10),
(8147, 'wpforms_process_forms_locator_save', 'complete', '2024-05-14 16:14:23', '2024-05-14 16:14:23', '{\"tasks_meta_id\":171}', 'O:28:\"ActionScheduler_NullSchedule\":0:{}', 2, 1, '2024-05-14 16:14:23', '2024-05-14 11:14:23', 0, NULL, 10),
(8148, 'wpforms_process_forms_locator_scan', 'complete', '2024-05-15 16:14:23', '2024-05-15 16:14:23', '{\"tasks_meta_id\":19}', 'O:32:\"ActionScheduler_IntervalSchedule\":5:{s:22:\"\0*\0scheduled_timestamp\";i:1715789663;s:18:\"\0*\0first_timestamp\";i:1689816533;s:13:\"\0*\0recurrence\";i:86400;s:49:\"\0ActionScheduler_IntervalSchedule\0start_timestamp\";i:1715789663;s:53:\"\0ActionScheduler_IntervalSchedule\0interval_in_seconds\";i:86400;}', 2, 1, '2024-05-15 16:26:25', '2024-05-15 11:26:25', 0, NULL, 10),
(8149, 'wpforms_email_summaries_fetch_info_blocks', 'complete', '2024-05-21 21:54:24', '2024-05-21 21:54:24', '{\"tasks_meta_id\":null}', 'O:32:\"ActionScheduler_IntervalSchedule\":5:{s:22:\"\0*\0scheduled_timestamp\";i:1716328464;s:18:\"\0*\0first_timestamp\";i:1620416458;s:13:\"\0*\0recurrence\";i:604800;s:49:\"\0ActionScheduler_IntervalSchedule\0start_timestamp\";i:1716328464;s:53:\"\0ActionScheduler_IntervalSchedule\0interval_in_seconds\";i:604800;}', 2, 1, '2024-05-21 22:16:21', '2024-05-21 17:16:21', 0, NULL, 10),
(8150, 'wp_mail_smtp_admin_notifications_update', 'complete', '2024-05-16 12:57:38', '2024-05-16 12:57:38', '[2]', 'O:32:\"ActionScheduler_IntervalSchedule\":5:{s:22:\"\0*\0scheduled_timestamp\";i:1715864258;s:18:\"\0*\0first_timestamp\";i:1707145071;s:13:\"\0*\0recurrence\";i:86400;s:49:\"\0ActionScheduler_IntervalSchedule\0start_timestamp\";i:1715864258;s:53:\"\0ActionScheduler_IntervalSchedule\0interval_in_seconds\";i:86400;}', 3, 1, '2024-05-16 13:03:10', '2024-05-16 08:03:10', 0, NULL, 10),
(8151, 'wpforms_process_forms_locator_save', 'complete', '2024-05-15 16:26:25', '2024-05-15 16:26:25', '{\"tasks_meta_id\":172}', 'O:28:\"ActionScheduler_NullSchedule\":0:{}', 2, 1, '2024-05-15 16:26:25', '2024-05-15 11:26:25', 0, NULL, 10),
(8152, 'wpforms_process_forms_locator_scan', 'complete', '2024-05-16 16:26:25', '2024-05-16 16:26:25', '{\"tasks_meta_id\":19}', 'O:32:\"ActionScheduler_IntervalSchedule\":5:{s:22:\"\0*\0scheduled_timestamp\";i:1715876785;s:18:\"\0*\0first_timestamp\";i:1689816533;s:13:\"\0*\0recurrence\";i:86400;s:49:\"\0ActionScheduler_IntervalSchedule\0start_timestamp\";i:1715876785;s:53:\"\0ActionScheduler_IntervalSchedule\0interval_in_seconds\";i:86400;}', 2, 1, '2024-05-16 16:37:19', '2024-05-16 11:37:19', 0, NULL, 10),
(8153, 'wp_mail_smtp_admin_notifications_update', 'complete', '2024-05-17 13:03:10', '2024-05-17 13:03:10', '[2]', 'O:32:\"ActionScheduler_IntervalSchedule\":5:{s:22:\"\0*\0scheduled_timestamp\";i:1715950990;s:18:\"\0*\0first_timestamp\";i:1707145071;s:13:\"\0*\0recurrence\";i:86400;s:49:\"\0ActionScheduler_IntervalSchedule\0start_timestamp\";i:1715950990;s:53:\"\0ActionScheduler_IntervalSchedule\0interval_in_seconds\";i:86400;}', 3, 1, '2024-05-17 13:06:34', '2024-05-17 08:06:34', 0, NULL, 10),
(8154, 'wpforms_process_forms_locator_save', 'complete', '2024-05-16 16:37:19', '2024-05-16 16:37:19', '{\"tasks_meta_id\":173}', 'O:28:\"ActionScheduler_NullSchedule\":0:{}', 2, 1, '2024-05-16 16:37:19', '2024-05-16 11:37:19', 0, NULL, 10),
(8155, 'wpforms_process_forms_locator_scan', 'complete', '2024-05-17 16:37:19', '2024-05-17 16:37:19', '{\"tasks_meta_id\":19}', 'O:32:\"ActionScheduler_IntervalSchedule\":5:{s:22:\"\0*\0scheduled_timestamp\";i:1715963839;s:18:\"\0*\0first_timestamp\";i:1689816533;s:13:\"\0*\0recurrence\";i:86400;s:49:\"\0ActionScheduler_IntervalSchedule\0start_timestamp\";i:1715963839;s:53:\"\0ActionScheduler_IntervalSchedule\0interval_in_seconds\";i:86400;}', 2, 1, '2024-05-17 16:39:18', '2024-05-17 11:39:18', 0, NULL, 10),
(8156, 'wp_mail_smtp_admin_notifications_update', 'complete', '2024-05-18 13:06:34', '2024-05-18 13:06:34', '[2]', 'O:32:\"ActionScheduler_IntervalSchedule\":5:{s:22:\"\0*\0scheduled_timestamp\";i:1716037594;s:18:\"\0*\0first_timestamp\";i:1707145071;s:13:\"\0*\0recurrence\";i:86400;s:49:\"\0ActionScheduler_IntervalSchedule\0start_timestamp\";i:1716037594;s:53:\"\0ActionScheduler_IntervalSchedule\0interval_in_seconds\";i:86400;}', 3, 1, '2024-05-18 13:13:33', '2024-05-18 08:13:33', 0, NULL, 10),
(8157, 'wpforms_process_forms_locator_save', 'complete', '2024-05-17 16:39:18', '2024-05-17 16:39:18', '{\"tasks_meta_id\":174}', 'O:28:\"ActionScheduler_NullSchedule\":0:{}', 2, 1, '2024-05-17 16:39:18', '2024-05-17 11:39:18', 0, NULL, 10),
(8158, 'wpforms_process_forms_locator_scan', 'complete', '2024-05-18 16:39:18', '2024-05-18 16:39:18', '{\"tasks_meta_id\":19}', 'O:32:\"ActionScheduler_IntervalSchedule\":5:{s:22:\"\0*\0scheduled_timestamp\";i:1716050358;s:18:\"\0*\0first_timestamp\";i:1689816533;s:13:\"\0*\0recurrence\";i:86400;s:49:\"\0ActionScheduler_IntervalSchedule\0start_timestamp\";i:1716050358;s:53:\"\0ActionScheduler_IntervalSchedule\0interval_in_seconds\";i:86400;}', 2, 1, '2024-05-18 16:45:06', '2024-05-18 11:45:06', 0, NULL, 10),
(8159, 'wp_mail_smtp_admin_notifications_update', 'complete', '2024-05-19 13:13:33', '2024-05-19 13:13:33', '[2]', 'O:32:\"ActionScheduler_IntervalSchedule\":5:{s:22:\"\0*\0scheduled_timestamp\";i:1716124413;s:18:\"\0*\0first_timestamp\";i:1707145071;s:13:\"\0*\0recurrence\";i:86400;s:49:\"\0ActionScheduler_IntervalSchedule\0start_timestamp\";i:1716124413;s:53:\"\0ActionScheduler_IntervalSchedule\0interval_in_seconds\";i:86400;}', 3, 1, '2024-05-19 13:24:16', '2024-05-19 08:24:16', 0, NULL, 10),
(8160, 'wpforms_process_forms_locator_save', 'complete', '2024-05-18 16:45:06', '2024-05-18 16:45:06', '{\"tasks_meta_id\":175}', 'O:28:\"ActionScheduler_NullSchedule\":0:{}', 2, 1, '2024-05-18 16:45:06', '2024-05-18 11:45:06', 0, NULL, 10),
(8161, 'wpforms_process_forms_locator_scan', 'complete', '2024-05-19 16:45:06', '2024-05-19 16:45:06', '{\"tasks_meta_id\":19}', 'O:32:\"ActionScheduler_IntervalSchedule\":5:{s:22:\"\0*\0scheduled_timestamp\";i:1716137106;s:18:\"\0*\0first_timestamp\";i:1689816533;s:13:\"\0*\0recurrence\";i:86400;s:49:\"\0ActionScheduler_IntervalSchedule\0start_timestamp\";i:1716137106;s:53:\"\0ActionScheduler_IntervalSchedule\0interval_in_seconds\";i:86400;}', 2, 1, '2024-05-19 17:01:04', '2024-05-19 12:01:04', 0, NULL, 10),
(8162, 'wp_mail_smtp_admin_notifications_update', 'complete', '2024-05-20 13:24:16', '2024-05-20 13:24:16', '[2]', 'O:32:\"ActionScheduler_IntervalSchedule\":5:{s:22:\"\0*\0scheduled_timestamp\";i:1716211456;s:18:\"\0*\0first_timestamp\";i:1707145071;s:13:\"\0*\0recurrence\";i:86400;s:49:\"\0ActionScheduler_IntervalSchedule\0start_timestamp\";i:1716211456;s:53:\"\0ActionScheduler_IntervalSchedule\0interval_in_seconds\";i:86400;}', 3, 1, '2024-05-20 14:01:54', '2024-05-20 09:01:54', 0, NULL, 10),
(8163, 'wpforms_process_forms_locator_save', 'complete', '2024-05-19 17:01:04', '2024-05-19 17:01:04', '{\"tasks_meta_id\":176}', 'O:28:\"ActionScheduler_NullSchedule\":0:{}', 2, 1, '2024-05-19 17:01:04', '2024-05-19 12:01:04', 0, NULL, 10),
(8164, 'wpforms_process_forms_locator_scan', 'complete', '2024-05-20 17:01:04', '2024-05-20 17:01:04', '{\"tasks_meta_id\":19}', 'O:32:\"ActionScheduler_IntervalSchedule\":5:{s:22:\"\0*\0scheduled_timestamp\";i:1716224464;s:18:\"\0*\0first_timestamp\";i:1689816533;s:13:\"\0*\0recurrence\";i:86400;s:49:\"\0ActionScheduler_IntervalSchedule\0start_timestamp\";i:1716224464;s:53:\"\0ActionScheduler_IntervalSchedule\0interval_in_seconds\";i:86400;}', 2, 1, '2024-05-20 17:05:32', '2024-05-20 12:05:32', 0, NULL, 10),
(8165, 'wp_mail_smtp_admin_notifications_update', 'complete', '2024-05-21 14:01:54', '2024-05-21 14:01:54', '[2]', 'O:32:\"ActionScheduler_IntervalSchedule\":5:{s:22:\"\0*\0scheduled_timestamp\";i:1716300114;s:18:\"\0*\0first_timestamp\";i:1707145071;s:13:\"\0*\0recurrence\";i:86400;s:49:\"\0ActionScheduler_IntervalSchedule\0start_timestamp\";i:1716300114;s:53:\"\0ActionScheduler_IntervalSchedule\0interval_in_seconds\";i:86400;}', 3, 1, '2024-05-21 14:21:14', '2024-05-21 09:21:14', 0, NULL, 10),
(8166, 'wpforms_process_forms_locator_save', 'complete', '2024-05-20 17:05:32', '2024-05-20 17:05:32', '{\"tasks_meta_id\":177}', 'O:28:\"ActionScheduler_NullSchedule\":0:{}', 2, 1, '2024-05-20 17:05:32', '2024-05-20 12:05:32', 0, NULL, 10),
(8167, 'wpforms_process_forms_locator_scan', 'complete', '2024-05-21 17:05:32', '2024-05-21 17:05:32', '{\"tasks_meta_id\":19}', 'O:32:\"ActionScheduler_IntervalSchedule\":5:{s:22:\"\0*\0scheduled_timestamp\";i:1716311132;s:18:\"\0*\0first_timestamp\";i:1689816533;s:13:\"\0*\0recurrence\";i:86400;s:49:\"\0ActionScheduler_IntervalSchedule\0start_timestamp\";i:1716311132;s:53:\"\0ActionScheduler_IntervalSchedule\0interval_in_seconds\";i:86400;}', 2, 1, '2024-05-21 17:33:00', '2024-05-21 12:33:00', 0, NULL, 10),
(8168, 'wp_mail_smtp_admin_notifications_update', 'complete', '2024-05-22 14:21:14', '2024-05-22 14:21:14', '[2]', 'O:32:\"ActionScheduler_IntervalSchedule\":5:{s:22:\"\0*\0scheduled_timestamp\";i:1716387674;s:18:\"\0*\0first_timestamp\";i:1707145071;s:13:\"\0*\0recurrence\";i:86400;s:49:\"\0ActionScheduler_IntervalSchedule\0start_timestamp\";i:1716387674;s:53:\"\0ActionScheduler_IntervalSchedule\0interval_in_seconds\";i:86400;}', 3, 1, '2024-05-22 15:09:44', '2024-05-22 10:09:44', 0, NULL, 10),
(8169, 'wpforms_process_forms_locator_save', 'complete', '2024-05-21 17:33:00', '2024-05-21 17:33:00', '{\"tasks_meta_id\":178}', 'O:28:\"ActionScheduler_NullSchedule\":0:{}', 2, 1, '2024-05-21 17:33:00', '2024-05-21 12:33:00', 0, NULL, 10),
(8170, 'wpforms_process_forms_locator_scan', 'complete', '2024-05-22 17:33:00', '2024-05-22 17:33:00', '{\"tasks_meta_id\":19}', 'O:32:\"ActionScheduler_IntervalSchedule\":5:{s:22:\"\0*\0scheduled_timestamp\";i:1716399180;s:18:\"\0*\0first_timestamp\";i:1689816533;s:13:\"\0*\0recurrence\";i:86400;s:49:\"\0ActionScheduler_IntervalSchedule\0start_timestamp\";i:1716399180;s:53:\"\0ActionScheduler_IntervalSchedule\0interval_in_seconds\";i:86400;}', 2, 1, '2024-05-22 18:08:43', '2024-05-22 13:08:43', 0, NULL, 10),
(8171, 'wpforms_email_summaries_fetch_info_blocks', 'complete', '2024-05-28 22:16:21', '2024-05-28 22:16:21', '{\"tasks_meta_id\":null}', 'O:32:\"ActionScheduler_IntervalSchedule\":5:{s:22:\"\0*\0scheduled_timestamp\";i:1716934581;s:18:\"\0*\0first_timestamp\";i:1620416458;s:13:\"\0*\0recurrence\";i:604800;s:49:\"\0ActionScheduler_IntervalSchedule\0start_timestamp\";i:1716934581;s:53:\"\0ActionScheduler_IntervalSchedule\0interval_in_seconds\";i:604800;}', 2, 1, '2024-05-28 22:21:10', '2024-05-28 17:21:10', 0, NULL, 10),
(8172, 'wp_mail_smtp_admin_notifications_update', 'complete', '2024-05-23 15:09:44', '2024-05-23 15:09:44', '[2]', 'O:32:\"ActionScheduler_IntervalSchedule\":5:{s:22:\"\0*\0scheduled_timestamp\";i:1716476984;s:18:\"\0*\0first_timestamp\";i:1707145071;s:13:\"\0*\0recurrence\";i:86400;s:49:\"\0ActionScheduler_IntervalSchedule\0start_timestamp\";i:1716476984;s:53:\"\0ActionScheduler_IntervalSchedule\0interval_in_seconds\";i:86400;}', 3, 1, '2024-05-23 16:02:08', '2024-05-23 11:02:08', 0, NULL, 10),
(8173, 'wpforms_process_forms_locator_save', 'complete', '2024-05-22 18:08:43', '2024-05-22 18:08:43', '{\"tasks_meta_id\":179}', 'O:28:\"ActionScheduler_NullSchedule\":0:{}', 2, 1, '2024-05-22 18:08:43', '2024-05-22 13:08:43', 0, NULL, 10),
(8174, 'wpforms_process_forms_locator_scan', 'complete', '2024-05-23 18:08:43', '2024-05-23 18:08:43', '{\"tasks_meta_id\":19}', 'O:32:\"ActionScheduler_IntervalSchedule\":5:{s:22:\"\0*\0scheduled_timestamp\";i:1716487723;s:18:\"\0*\0first_timestamp\";i:1689816533;s:13:\"\0*\0recurrence\";i:86400;s:49:\"\0ActionScheduler_IntervalSchedule\0start_timestamp\";i:1716487723;s:53:\"\0ActionScheduler_IntervalSchedule\0interval_in_seconds\";i:86400;}', 2, 1, '2024-05-23 20:03:27', '2024-05-23 15:03:27', 0, NULL, 10),
(8175, 'wp_mail_smtp_admin_notifications_update', 'complete', '2024-05-24 16:02:08', '2024-05-24 16:02:08', '[2]', 'O:32:\"ActionScheduler_IntervalSchedule\":5:{s:22:\"\0*\0scheduled_timestamp\";i:1716566528;s:18:\"\0*\0first_timestamp\";i:1707145071;s:13:\"\0*\0recurrence\";i:86400;s:49:\"\0ActionScheduler_IntervalSchedule\0start_timestamp\";i:1716566528;s:53:\"\0ActionScheduler_IntervalSchedule\0interval_in_seconds\";i:86400;}', 3, 1, '2024-05-24 17:52:36', '2024-05-24 12:52:36', 0, NULL, 10),
(8176, 'wpforms_process_forms_locator_save', 'complete', '2024-05-23 20:03:27', '2024-05-23 20:03:27', '{\"tasks_meta_id\":180}', 'O:28:\"ActionScheduler_NullSchedule\":0:{}', 2, 1, '2024-05-23 20:03:27', '2024-05-23 15:03:27', 0, NULL, 10),
(8177, 'wpforms_process_forms_locator_scan', 'complete', '2024-05-24 20:03:27', '2024-05-24 20:03:27', '{\"tasks_meta_id\":19}', 'O:32:\"ActionScheduler_IntervalSchedule\":5:{s:22:\"\0*\0scheduled_timestamp\";i:1716581007;s:18:\"\0*\0first_timestamp\";i:1689816533;s:13:\"\0*\0recurrence\";i:86400;s:49:\"\0ActionScheduler_IntervalSchedule\0start_timestamp\";i:1716581007;s:53:\"\0ActionScheduler_IntervalSchedule\0interval_in_seconds\";i:86400;}', 2, 1, '2024-05-24 20:35:20', '2024-05-24 15:35:20', 0, NULL, 10),
(8178, 'wp_mail_smtp_admin_notifications_update', 'complete', '2024-05-25 17:52:36', '2024-05-25 17:52:36', '[2]', 'O:32:\"ActionScheduler_IntervalSchedule\":5:{s:22:\"\0*\0scheduled_timestamp\";i:1716659556;s:18:\"\0*\0first_timestamp\";i:1707145071;s:13:\"\0*\0recurrence\";i:86400;s:49:\"\0ActionScheduler_IntervalSchedule\0start_timestamp\";i:1716659556;s:53:\"\0ActionScheduler_IntervalSchedule\0interval_in_seconds\";i:86400;}', 3, 1, '2024-05-25 18:12:52', '2024-05-25 13:12:52', 0, NULL, 10),
(8179, 'wpforms_process_forms_locator_save', 'complete', '2024-05-24 20:35:20', '2024-05-24 20:35:20', '{\"tasks_meta_id\":181}', 'O:28:\"ActionScheduler_NullSchedule\":0:{}', 2, 1, '2024-05-24 20:35:20', '2024-05-24 15:35:20', 0, NULL, 10),
(8180, 'wpforms_process_forms_locator_scan', 'complete', '2024-05-25 20:35:20', '2024-05-25 20:35:20', '{\"tasks_meta_id\":19}', 'O:32:\"ActionScheduler_IntervalSchedule\":5:{s:22:\"\0*\0scheduled_timestamp\";i:1716669320;s:18:\"\0*\0first_timestamp\";i:1689816533;s:13:\"\0*\0recurrence\";i:86400;s:49:\"\0ActionScheduler_IntervalSchedule\0start_timestamp\";i:1716669320;s:53:\"\0ActionScheduler_IntervalSchedule\0interval_in_seconds\";i:86400;}', 2, 1, '2024-05-25 21:08:05', '2024-05-25 16:08:05', 0, NULL, 10),
(8181, 'wp_mail_smtp_admin_notifications_update', 'complete', '2024-05-26 18:12:52', '2024-05-26 18:12:52', '[2]', 'O:32:\"ActionScheduler_IntervalSchedule\":5:{s:22:\"\0*\0scheduled_timestamp\";i:1716747172;s:18:\"\0*\0first_timestamp\";i:1707145071;s:13:\"\0*\0recurrence\";i:86400;s:49:\"\0ActionScheduler_IntervalSchedule\0start_timestamp\";i:1716747172;s:53:\"\0ActionScheduler_IntervalSchedule\0interval_in_seconds\";i:86400;}', 3, 1, '2024-05-26 18:13:33', '2024-05-26 13:13:33', 0, NULL, 10),
(8182, 'wpforms_process_forms_locator_save', 'complete', '2024-05-25 21:08:05', '2024-05-25 21:08:05', '{\"tasks_meta_id\":182}', 'O:28:\"ActionScheduler_NullSchedule\":0:{}', 2, 1, '2024-05-25 21:08:05', '2024-05-25 16:08:05', 0, NULL, 10),
(8183, 'wpforms_process_forms_locator_scan', 'complete', '2024-05-26 21:08:05', '2024-05-26 21:08:05', '{\"tasks_meta_id\":19}', 'O:32:\"ActionScheduler_IntervalSchedule\":5:{s:22:\"\0*\0scheduled_timestamp\";i:1716757685;s:18:\"\0*\0first_timestamp\";i:1689816533;s:13:\"\0*\0recurrence\";i:86400;s:49:\"\0ActionScheduler_IntervalSchedule\0start_timestamp\";i:1716757685;s:53:\"\0ActionScheduler_IntervalSchedule\0interval_in_seconds\";i:86400;}', 2, 1, '2024-05-26 21:25:22', '2024-05-26 16:25:22', 0, NULL, 10),
(8184, 'wp_mail_smtp_admin_notifications_update', 'complete', '2024-05-27 18:13:33', '2024-05-27 18:13:33', '[2]', 'O:32:\"ActionScheduler_IntervalSchedule\":5:{s:22:\"\0*\0scheduled_timestamp\";i:1716833613;s:18:\"\0*\0first_timestamp\";i:1707145071;s:13:\"\0*\0recurrence\";i:86400;s:49:\"\0ActionScheduler_IntervalSchedule\0start_timestamp\";i:1716833613;s:53:\"\0ActionScheduler_IntervalSchedule\0interval_in_seconds\";i:86400;}', 3, 1, '2024-05-27 18:28:03', '2024-05-27 13:28:03', 0, NULL, 10),
(8185, 'wpforms_process_forms_locator_save', 'complete', '2024-05-26 21:25:22', '2024-05-26 21:25:22', '{\"tasks_meta_id\":183}', 'O:28:\"ActionScheduler_NullSchedule\":0:{}', 2, 1, '2024-05-26 21:25:22', '2024-05-26 16:25:22', 0, NULL, 10),
(8186, 'wpforms_process_forms_locator_scan', 'complete', '2024-05-27 21:25:22', '2024-05-27 21:25:22', '{\"tasks_meta_id\":19}', 'O:32:\"ActionScheduler_IntervalSchedule\":5:{s:22:\"\0*\0scheduled_timestamp\";i:1716845122;s:18:\"\0*\0first_timestamp\";i:1689816533;s:13:\"\0*\0recurrence\";i:86400;s:49:\"\0ActionScheduler_IntervalSchedule\0start_timestamp\";i:1716845122;s:53:\"\0ActionScheduler_IntervalSchedule\0interval_in_seconds\";i:86400;}', 2, 1, '2024-05-27 21:28:39', '2024-05-27 16:28:39', 0, NULL, 10),
(8187, 'wp_mail_smtp_admin_notifications_update', 'complete', '2024-05-28 18:28:03', '2024-05-28 18:28:03', '[2]', 'O:32:\"ActionScheduler_IntervalSchedule\":5:{s:22:\"\0*\0scheduled_timestamp\";i:1716920883;s:18:\"\0*\0first_timestamp\";i:1707145071;s:13:\"\0*\0recurrence\";i:86400;s:49:\"\0ActionScheduler_IntervalSchedule\0start_timestamp\";i:1716920883;s:53:\"\0ActionScheduler_IntervalSchedule\0interval_in_seconds\";i:86400;}', 3, 1, '2024-05-28 18:40:42', '2024-05-28 13:40:42', 0, NULL, 10),
(8188, 'wpforms_process_forms_locator_save', 'complete', '2024-05-27 21:28:39', '2024-05-27 21:28:39', '{\"tasks_meta_id\":184}', 'O:28:\"ActionScheduler_NullSchedule\":0:{}', 2, 1, '2024-05-27 21:28:39', '2024-05-27 16:28:39', 0, NULL, 10),
(8189, 'wpforms_process_forms_locator_scan', 'complete', '2024-05-28 21:28:39', '2024-05-28 21:28:39', '{\"tasks_meta_id\":19}', 'O:32:\"ActionScheduler_IntervalSchedule\":5:{s:22:\"\0*\0scheduled_timestamp\";i:1716931719;s:18:\"\0*\0first_timestamp\";i:1689816533;s:13:\"\0*\0recurrence\";i:86400;s:49:\"\0ActionScheduler_IntervalSchedule\0start_timestamp\";i:1716931719;s:53:\"\0ActionScheduler_IntervalSchedule\0interval_in_seconds\";i:86400;}', 2, 1, '2024-05-28 21:54:12', '2024-05-28 16:54:12', 0, NULL, 10),
(8190, 'wp_mail_smtp_admin_notifications_update', 'complete', '2024-05-29 18:40:42', '2024-05-29 18:40:42', '[2]', 'O:32:\"ActionScheduler_IntervalSchedule\":5:{s:22:\"\0*\0scheduled_timestamp\";i:1717008042;s:18:\"\0*\0first_timestamp\";i:1707145071;s:13:\"\0*\0recurrence\";i:86400;s:49:\"\0ActionScheduler_IntervalSchedule\0start_timestamp\";i:1717008042;s:53:\"\0ActionScheduler_IntervalSchedule\0interval_in_seconds\";i:86400;}', 3, 1, '2024-05-29 18:57:08', '2024-05-29 13:57:08', 0, NULL, 10),
(8191, 'wpforms_process_forms_locator_save', 'complete', '2024-05-28 21:54:12', '2024-05-28 21:54:12', '{\"tasks_meta_id\":185}', 'O:28:\"ActionScheduler_NullSchedule\":0:{}', 2, 1, '2024-05-28 21:54:12', '2024-05-28 16:54:12', 0, NULL, 10),
(8192, 'wpforms_process_forms_locator_scan', 'complete', '2024-05-29 21:54:12', '2024-05-29 21:54:12', '{\"tasks_meta_id\":19}', 'O:32:\"ActionScheduler_IntervalSchedule\":5:{s:22:\"\0*\0scheduled_timestamp\";i:1717019652;s:18:\"\0*\0first_timestamp\";i:1689816533;s:13:\"\0*\0recurrence\";i:86400;s:49:\"\0ActionScheduler_IntervalSchedule\0start_timestamp\";i:1717019652;s:53:\"\0ActionScheduler_IntervalSchedule\0interval_in_seconds\";i:86400;}', 2, 1, '2024-05-29 22:27:24', '2024-05-29 17:27:24', 0, NULL, 10),
(8193, 'wpforms_email_summaries_fetch_info_blocks', 'complete', '2024-06-04 22:21:10', '2024-06-04 22:21:10', '{\"tasks_meta_id\":null}', 'O:32:\"ActionScheduler_IntervalSchedule\":5:{s:22:\"\0*\0scheduled_timestamp\";i:1717539670;s:18:\"\0*\0first_timestamp\";i:1620416458;s:13:\"\0*\0recurrence\";i:604800;s:49:\"\0ActionScheduler_IntervalSchedule\0start_timestamp\";i:1717539670;s:53:\"\0ActionScheduler_IntervalSchedule\0interval_in_seconds\";i:604800;}', 2, 1, '2024-06-04 22:21:52', '2024-06-04 17:21:52', 0, NULL, 10),
(8194, 'wp_mail_smtp_admin_notifications_update', 'complete', '2024-05-30 18:57:08', '2024-05-30 18:57:08', '[2]', 'O:32:\"ActionScheduler_IntervalSchedule\":5:{s:22:\"\0*\0scheduled_timestamp\";i:1717095428;s:18:\"\0*\0first_timestamp\";i:1707145071;s:13:\"\0*\0recurrence\";i:86400;s:49:\"\0ActionScheduler_IntervalSchedule\0start_timestamp\";i:1717095428;s:53:\"\0ActionScheduler_IntervalSchedule\0interval_in_seconds\";i:86400;}', 3, 1, '2024-05-30 18:59:57', '2024-05-30 13:59:57', 0, NULL, 10),
(8195, 'wpforms_process_forms_locator_save', 'complete', '2024-05-29 22:27:24', '2024-05-29 22:27:24', '{\"tasks_meta_id\":186}', 'O:28:\"ActionScheduler_NullSchedule\":0:{}', 2, 1, '2024-05-29 22:27:24', '2024-05-29 17:27:24', 0, NULL, 10),
(8196, 'wpforms_process_forms_locator_scan', 'complete', '2024-05-30 22:27:24', '2024-05-30 22:27:24', '{\"tasks_meta_id\":19}', 'O:32:\"ActionScheduler_IntervalSchedule\":5:{s:22:\"\0*\0scheduled_timestamp\";i:1717108044;s:18:\"\0*\0first_timestamp\";i:1689816533;s:13:\"\0*\0recurrence\";i:86400;s:49:\"\0ActionScheduler_IntervalSchedule\0start_timestamp\";i:1717108044;s:53:\"\0ActionScheduler_IntervalSchedule\0interval_in_seconds\";i:86400;}', 2, 1, '2024-05-30 22:52:28', '2024-05-30 17:52:28', 0, NULL, 10),
(8197, 'wp_mail_smtp_admin_notifications_update', 'complete', '2024-05-31 18:59:57', '2024-05-31 18:59:57', '[2]', 'O:32:\"ActionScheduler_IntervalSchedule\":5:{s:22:\"\0*\0scheduled_timestamp\";i:1717181997;s:18:\"\0*\0first_timestamp\";i:1707145071;s:13:\"\0*\0recurrence\";i:86400;s:49:\"\0ActionScheduler_IntervalSchedule\0start_timestamp\";i:1717181997;s:53:\"\0ActionScheduler_IntervalSchedule\0interval_in_seconds\";i:86400;}', 3, 1, '2024-05-31 19:05:59', '2024-05-31 14:05:59', 0, NULL, 10),
(8198, 'wpforms_process_forms_locator_save', 'complete', '2024-05-30 22:52:28', '2024-05-30 22:52:28', '{\"tasks_meta_id\":187}', 'O:28:\"ActionScheduler_NullSchedule\":0:{}', 2, 1, '2024-05-30 22:52:28', '2024-05-30 17:52:28', 0, NULL, 10),
(8199, 'wpforms_process_forms_locator_scan', 'complete', '2024-05-31 22:52:28', '2024-05-31 22:52:28', '{\"tasks_meta_id\":19}', 'O:32:\"ActionScheduler_IntervalSchedule\":5:{s:22:\"\0*\0scheduled_timestamp\";i:1717195948;s:18:\"\0*\0first_timestamp\";i:1689816533;s:13:\"\0*\0recurrence\";i:86400;s:49:\"\0ActionScheduler_IntervalSchedule\0start_timestamp\";i:1717195948;s:53:\"\0ActionScheduler_IntervalSchedule\0interval_in_seconds\";i:86400;}', 2, 1, '2024-05-31 23:03:30', '2024-05-31 18:03:30', 0, NULL, 10),
(8200, 'wp_mail_smtp_admin_notifications_update', 'complete', '2024-06-01 19:05:59', '2024-06-01 19:05:59', '[2]', 'O:32:\"ActionScheduler_IntervalSchedule\":5:{s:22:\"\0*\0scheduled_timestamp\";i:1717268759;s:18:\"\0*\0first_timestamp\";i:1707145071;s:13:\"\0*\0recurrence\";i:86400;s:49:\"\0ActionScheduler_IntervalSchedule\0start_timestamp\";i:1717268759;s:53:\"\0ActionScheduler_IntervalSchedule\0interval_in_seconds\";i:86400;}', 3, 1, '2024-06-01 19:13:29', '2024-06-01 14:13:29', 0, NULL, 10),
(8201, 'wpforms_process_forms_locator_save', 'complete', '2024-05-31 23:03:30', '2024-05-31 23:03:30', '{\"tasks_meta_id\":188}', 'O:28:\"ActionScheduler_NullSchedule\":0:{}', 2, 1, '2024-05-31 23:03:30', '2024-05-31 18:03:30', 0, NULL, 10),
(8202, 'wpforms_process_forms_locator_scan', 'complete', '2024-06-01 23:03:30', '2024-06-01 23:03:30', '{\"tasks_meta_id\":19}', 'O:32:\"ActionScheduler_IntervalSchedule\":5:{s:22:\"\0*\0scheduled_timestamp\";i:1717283010;s:18:\"\0*\0first_timestamp\";i:1689816533;s:13:\"\0*\0recurrence\";i:86400;s:49:\"\0ActionScheduler_IntervalSchedule\0start_timestamp\";i:1717283010;s:53:\"\0ActionScheduler_IntervalSchedule\0interval_in_seconds\";i:86400;}', 2, 1, '2024-06-01 23:52:24', '2024-06-01 18:52:24', 0, NULL, 10),
(8203, 'wp_mail_smtp_admin_notifications_update', 'complete', '2024-06-02 19:13:29', '2024-06-02 19:13:29', '[2]', 'O:32:\"ActionScheduler_IntervalSchedule\":5:{s:22:\"\0*\0scheduled_timestamp\";i:1717355609;s:18:\"\0*\0first_timestamp\";i:1707145071;s:13:\"\0*\0recurrence\";i:86400;s:49:\"\0ActionScheduler_IntervalSchedule\0start_timestamp\";i:1717355609;s:53:\"\0ActionScheduler_IntervalSchedule\0interval_in_seconds\";i:86400;}', 3, 1, '2024-06-02 19:19:02', '2024-06-02 14:19:02', 0, NULL, 10),
(8204, 'wpforms_process_forms_locator_save', 'complete', '2024-06-01 23:52:24', '2024-06-01 23:52:24', '{\"tasks_meta_id\":189}', 'O:28:\"ActionScheduler_NullSchedule\":0:{}', 2, 1, '2024-06-01 23:52:24', '2024-06-01 18:52:24', 0, NULL, 10),
(8205, 'wpforms_process_forms_locator_scan', 'complete', '2024-06-02 23:52:24', '2024-06-02 23:52:24', '{\"tasks_meta_id\":19}', 'O:32:\"ActionScheduler_IntervalSchedule\":5:{s:22:\"\0*\0scheduled_timestamp\";i:1717372344;s:18:\"\0*\0first_timestamp\";i:1689816533;s:13:\"\0*\0recurrence\";i:86400;s:49:\"\0ActionScheduler_IntervalSchedule\0start_timestamp\";i:1717372344;s:53:\"\0ActionScheduler_IntervalSchedule\0interval_in_seconds\";i:86400;}', 2, 1, '2024-06-02 23:59:28', '2024-06-02 18:59:28', 0, NULL, 10),
(8206, 'wp_mail_smtp_admin_notifications_update', 'complete', '2024-06-03 19:19:02', '2024-06-03 19:19:02', '[2]', 'O:32:\"ActionScheduler_IntervalSchedule\":5:{s:22:\"\0*\0scheduled_timestamp\";i:1717442342;s:18:\"\0*\0first_timestamp\";i:1707145071;s:13:\"\0*\0recurrence\";i:86400;s:49:\"\0ActionScheduler_IntervalSchedule\0start_timestamp\";i:1717442342;s:53:\"\0ActionScheduler_IntervalSchedule\0interval_in_seconds\";i:86400;}', 3, 1, '2024-06-03 20:00:29', '2024-06-03 15:00:29', 0, NULL, 10),
(8207, 'wpforms_process_forms_locator_save', 'complete', '2024-06-02 23:59:28', '2024-06-02 23:59:28', '{\"tasks_meta_id\":190}', 'O:28:\"ActionScheduler_NullSchedule\":0:{}', 2, 1, '2024-06-02 23:59:28', '2024-06-02 18:59:28', 0, NULL, 10),
(8208, 'wpforms_process_forms_locator_scan', 'complete', '2024-06-03 23:59:28', '2024-06-03 23:59:28', '{\"tasks_meta_id\":19}', 'O:32:\"ActionScheduler_IntervalSchedule\":5:{s:22:\"\0*\0scheduled_timestamp\";i:1717459168;s:18:\"\0*\0first_timestamp\";i:1689816533;s:13:\"\0*\0recurrence\";i:86400;s:49:\"\0ActionScheduler_IntervalSchedule\0start_timestamp\";i:1717459168;s:53:\"\0ActionScheduler_IntervalSchedule\0interval_in_seconds\";i:86400;}', 2, 1, '2024-06-04 00:59:41', '2024-06-03 19:59:41', 0, NULL, 10),
(8209, 'wp_mail_smtp_admin_notifications_update', 'complete', '2024-06-04 20:00:29', '2024-06-04 20:00:29', '[2]', 'O:32:\"ActionScheduler_IntervalSchedule\":5:{s:22:\"\0*\0scheduled_timestamp\";i:1717531229;s:18:\"\0*\0first_timestamp\";i:1707145071;s:13:\"\0*\0recurrence\";i:86400;s:49:\"\0ActionScheduler_IntervalSchedule\0start_timestamp\";i:1717531229;s:53:\"\0ActionScheduler_IntervalSchedule\0interval_in_seconds\";i:86400;}', 3, 1, '2024-06-04 20:22:11', '2024-06-04 15:22:11', 0, NULL, 10),
(8210, 'wpforms_process_forms_locator_save', 'complete', '2024-06-04 00:59:41', '2024-06-04 00:59:41', '{\"tasks_meta_id\":191}', 'O:28:\"ActionScheduler_NullSchedule\":0:{}', 2, 1, '2024-06-04 00:59:41', '2024-06-03 19:59:41', 0, NULL, 10),
(8211, 'wpforms_process_forms_locator_scan', 'complete', '2024-06-05 00:59:41', '2024-06-05 00:59:41', '{\"tasks_meta_id\":19}', 'O:32:\"ActionScheduler_IntervalSchedule\":5:{s:22:\"\0*\0scheduled_timestamp\";i:1717549181;s:18:\"\0*\0first_timestamp\";i:1689816533;s:13:\"\0*\0recurrence\";i:86400;s:49:\"\0ActionScheduler_IntervalSchedule\0start_timestamp\";i:1717549181;s:53:\"\0ActionScheduler_IntervalSchedule\0interval_in_seconds\";i:86400;}', 2, 1, '2024-06-05 01:04:02', '2024-06-04 20:04:02', 0, NULL, 10),
(8212, 'wp_mail_smtp_admin_notifications_update', 'complete', '2024-06-05 20:22:11', '2024-06-05 20:22:11', '[2]', 'O:32:\"ActionScheduler_IntervalSchedule\":5:{s:22:\"\0*\0scheduled_timestamp\";i:1717618931;s:18:\"\0*\0first_timestamp\";i:1707145071;s:13:\"\0*\0recurrence\";i:86400;s:49:\"\0ActionScheduler_IntervalSchedule\0start_timestamp\";i:1717618931;s:53:\"\0ActionScheduler_IntervalSchedule\0interval_in_seconds\";i:86400;}', 3, 1, '2024-06-05 20:55:13', '2024-06-05 15:55:13', 0, NULL, 10),
(8213, 'wpforms_email_summaries_fetch_info_blocks', 'pending', '2024-06-11 22:21:52', '2024-06-11 22:21:52', '{\"tasks_meta_id\":null}', 'O:32:\"ActionScheduler_IntervalSchedule\":5:{s:22:\"\0*\0scheduled_timestamp\";i:1718144512;s:18:\"\0*\0first_timestamp\";i:1620416458;s:13:\"\0*\0recurrence\";i:604800;s:49:\"\0ActionScheduler_IntervalSchedule\0start_timestamp\";i:1718144512;s:53:\"\0ActionScheduler_IntervalSchedule\0interval_in_seconds\";i:604800;}', 2, 0, '0000-00-00 00:00:00', '0000-00-00 00:00:00', 0, NULL, 10),
(8214, 'wpforms_process_forms_locator_save', 'complete', '2024-06-05 01:04:02', '2024-06-05 01:04:02', '{\"tasks_meta_id\":192}', 'O:28:\"ActionScheduler_NullSchedule\":0:{}', 2, 1, '2024-06-05 01:04:02', '2024-06-04 20:04:02', 0, NULL, 10),
(8215, 'wpforms_process_forms_locator_scan', 'complete', '2024-06-06 01:04:02', '2024-06-06 01:04:02', '{\"tasks_meta_id\":19}', 'O:32:\"ActionScheduler_IntervalSchedule\":5:{s:22:\"\0*\0scheduled_timestamp\";i:1717635842;s:18:\"\0*\0first_timestamp\";i:1689816533;s:13:\"\0*\0recurrence\";i:86400;s:49:\"\0ActionScheduler_IntervalSchedule\0start_timestamp\";i:1717635842;s:53:\"\0ActionScheduler_IntervalSchedule\0interval_in_seconds\";i:86400;}', 2, 1, '2024-06-06 01:19:30', '2024-06-05 20:19:30', 0, NULL, 10),
(8216, 'wp_mail_smtp_admin_notifications_update', 'complete', '2024-06-06 20:55:13', '2024-06-06 20:55:13', '[2]', 'O:32:\"ActionScheduler_IntervalSchedule\":5:{s:22:\"\0*\0scheduled_timestamp\";i:1717707313;s:18:\"\0*\0first_timestamp\";i:1707145071;s:13:\"\0*\0recurrence\";i:86400;s:49:\"\0ActionScheduler_IntervalSchedule\0start_timestamp\";i:1717707313;s:53:\"\0ActionScheduler_IntervalSchedule\0interval_in_seconds\";i:86400;}', 3, 1, '2024-06-06 20:57:02', '2024-06-06 15:57:02', 0, NULL, 10),
(8217, 'wpforms_process_forms_locator_save', 'complete', '2024-06-06 01:19:30', '2024-06-06 01:19:30', '{\"tasks_meta_id\":193}', 'O:28:\"ActionScheduler_NullSchedule\":0:{}', 2, 1, '2024-06-06 01:19:30', '2024-06-05 20:19:30', 0, NULL, 10),
(8218, 'wpforms_process_forms_locator_scan', 'complete', '2024-06-07 01:19:30', '2024-06-07 01:19:30', '{\"tasks_meta_id\":19}', 'O:32:\"ActionScheduler_IntervalSchedule\":5:{s:22:\"\0*\0scheduled_timestamp\";i:1717723170;s:18:\"\0*\0first_timestamp\";i:1689816533;s:13:\"\0*\0recurrence\";i:86400;s:49:\"\0ActionScheduler_IntervalSchedule\0start_timestamp\";i:1717723170;s:53:\"\0ActionScheduler_IntervalSchedule\0interval_in_seconds\";i:86400;}', 2, 1, '2024-06-07 02:50:07', '2024-06-06 21:50:07', 0, NULL, 10),
(8219, 'wp_mail_smtp_admin_notifications_update', 'complete', '2024-06-07 20:57:02', '2024-06-07 20:57:02', '[2]', 'O:32:\"ActionScheduler_IntervalSchedule\":5:{s:22:\"\0*\0scheduled_timestamp\";i:1717793822;s:18:\"\0*\0first_timestamp\";i:1707145071;s:13:\"\0*\0recurrence\";i:86400;s:49:\"\0ActionScheduler_IntervalSchedule\0start_timestamp\";i:1717793822;s:53:\"\0ActionScheduler_IntervalSchedule\0interval_in_seconds\";i:86400;}', 3, 1, '2024-06-07 20:57:34', '2024-06-07 15:57:34', 0, NULL, 10),
(8220, 'wpforms_process_forms_locator_save', 'complete', '2024-06-07 02:50:07', '2024-06-07 02:50:07', '{\"tasks_meta_id\":194}', 'O:28:\"ActionScheduler_NullSchedule\":0:{}', 2, 1, '2024-06-07 02:50:07', '2024-06-06 21:50:07', 0, NULL, 10),
(8221, 'wpforms_process_forms_locator_scan', 'complete', '2024-06-08 02:50:07', '2024-06-08 02:50:07', '{\"tasks_meta_id\":19}', 'O:32:\"ActionScheduler_IntervalSchedule\":5:{s:22:\"\0*\0scheduled_timestamp\";i:1717815007;s:18:\"\0*\0first_timestamp\";i:1689816533;s:13:\"\0*\0recurrence\";i:86400;s:49:\"\0ActionScheduler_IntervalSchedule\0start_timestamp\";i:1717815007;s:53:\"\0ActionScheduler_IntervalSchedule\0interval_in_seconds\";i:86400;}', 2, 1, '2024-06-08 03:04:15', '2024-06-07 22:04:15', 0, NULL, 10),
(8222, 'wpforms_admin_notifications_update', 'complete', '2024-06-07 13:13:38', '2024-06-07 13:13:38', '{\"tasks_meta_id\":195}', 'O:28:\"ActionScheduler_NullSchedule\":0:{}', 2, 1, '2024-06-07 13:13:58', '2024-06-07 08:13:58', 0, NULL, 10),
(8223, 'wpforms_admin_addons_cache_update', 'pending', '2024-06-14 13:14:50', '2024-06-14 13:14:50', '{\"tasks_meta_id\":196}', 'O:32:\"ActionScheduler_IntervalSchedule\":5:{s:22:\"\0*\0scheduled_timestamp\";i:1718370890;s:18:\"\0*\0first_timestamp\";i:1718370890;s:13:\"\0*\0recurrence\";i:604800;s:49:\"\0ActionScheduler_IntervalSchedule\0start_timestamp\";i:1718370890;s:53:\"\0ActionScheduler_IntervalSchedule\0interval_in_seconds\";i:604800;}', 2, 0, '0000-00-00 00:00:00', '0000-00-00 00:00:00', 0, NULL, 10),
(8224, 'wp_mail_smtp_admin_notifications_update', 'complete', '2024-06-08 20:57:34', '2024-06-08 20:57:34', '[2]', 'O:32:\"ActionScheduler_IntervalSchedule\":5:{s:22:\"\0*\0scheduled_timestamp\";i:1717880254;s:18:\"\0*\0first_timestamp\";i:1707145071;s:13:\"\0*\0recurrence\";i:86400;s:49:\"\0ActionScheduler_IntervalSchedule\0start_timestamp\";i:1717880254;s:53:\"\0ActionScheduler_IntervalSchedule\0interval_in_seconds\";i:86400;}', 3, 1, '2024-06-08 21:37:55', '2024-06-08 16:37:55', 0, NULL, 10),
(8225, 'wpforms_process_forms_locator_save', 'complete', '2024-06-08 03:04:15', '2024-06-08 03:04:15', '{\"tasks_meta_id\":197}', 'O:28:\"ActionScheduler_NullSchedule\":0:{}', 2, 1, '2024-06-08 03:04:15', '2024-06-07 22:04:15', 0, NULL, 10),
(8226, 'wpforms_process_forms_locator_scan', 'complete', '2024-06-09 03:04:15', '2024-06-09 03:04:15', '{\"tasks_meta_id\":19}', 'O:32:\"ActionScheduler_IntervalSchedule\":5:{s:22:\"\0*\0scheduled_timestamp\";i:1717902255;s:18:\"\0*\0first_timestamp\";i:1689816533;s:13:\"\0*\0recurrence\";i:86400;s:49:\"\0ActionScheduler_IntervalSchedule\0start_timestamp\";i:1717902255;s:53:\"\0ActionScheduler_IntervalSchedule\0interval_in_seconds\";i:86400;}', 2, 1, '2024-06-09 04:05:47', '2024-06-08 23:05:47', 0, NULL, 10),
(8227, 'wp_mail_smtp_admin_notifications_update', 'complete', '2024-06-09 21:37:55', '2024-06-09 21:37:55', '[2]', 'O:32:\"ActionScheduler_IntervalSchedule\":5:{s:22:\"\0*\0scheduled_timestamp\";i:1717969075;s:18:\"\0*\0first_timestamp\";i:1707145071;s:13:\"\0*\0recurrence\";i:86400;s:49:\"\0ActionScheduler_IntervalSchedule\0start_timestamp\";i:1717969075;s:53:\"\0ActionScheduler_IntervalSchedule\0interval_in_seconds\";i:86400;}', 3, 1, '2024-06-09 22:03:37', '2024-06-09 17:03:37', 0, NULL, 10),
(8228, 'wpforms_process_forms_locator_save', 'complete', '2024-06-09 04:05:47', '2024-06-09 04:05:47', '{\"tasks_meta_id\":198}', 'O:28:\"ActionScheduler_NullSchedule\":0:{}', 2, 1, '2024-06-09 04:05:47', '2024-06-08 23:05:47', 0, NULL, 10),
(8229, 'wpforms_process_forms_locator_scan', 'complete', '2024-06-10 04:05:47', '2024-06-10 04:05:47', '{\"tasks_meta_id\":19}', 'O:32:\"ActionScheduler_IntervalSchedule\":5:{s:22:\"\0*\0scheduled_timestamp\";i:1717992347;s:18:\"\0*\0first_timestamp\";i:1689816533;s:13:\"\0*\0recurrence\";i:86400;s:49:\"\0ActionScheduler_IntervalSchedule\0start_timestamp\";i:1717992347;s:53:\"\0ActionScheduler_IntervalSchedule\0interval_in_seconds\";i:86400;}', 2, 1, '2024-06-10 04:09:59', '2024-06-09 23:09:59', 0, NULL, 10),
(8230, 'wp_mail_smtp_admin_notifications_update', 'complete', '2024-06-10 22:03:37', '2024-06-10 22:03:37', '[2]', 'O:32:\"ActionScheduler_IntervalSchedule\":5:{s:22:\"\0*\0scheduled_timestamp\";i:1718057017;s:18:\"\0*\0first_timestamp\";i:1707145071;s:13:\"\0*\0recurrence\";i:86400;s:49:\"\0ActionScheduler_IntervalSchedule\0start_timestamp\";i:1718057017;s:53:\"\0ActionScheduler_IntervalSchedule\0interval_in_seconds\";i:86400;}', 3, 1, '2024-06-10 22:06:25', '2024-06-10 17:06:25', 0, NULL, 10),
(8231, 'wpforms_process_forms_locator_save', 'complete', '2024-06-10 04:09:59', '2024-06-10 04:09:59', '{\"tasks_meta_id\":199}', 'O:28:\"ActionScheduler_NullSchedule\":0:{}', 2, 1, '2024-06-10 04:09:59', '2024-06-09 23:09:59', 0, NULL, 10),
(8232, 'wpforms_process_forms_locator_scan', 'complete', '2024-06-11 04:09:59', '2024-06-11 04:09:59', '{\"tasks_meta_id\":19}', 'O:32:\"ActionScheduler_IntervalSchedule\":5:{s:22:\"\0*\0scheduled_timestamp\";i:1718078999;s:18:\"\0*\0first_timestamp\";i:1689816533;s:13:\"\0*\0recurrence\";i:86400;s:49:\"\0ActionScheduler_IntervalSchedule\0start_timestamp\";i:1718078999;s:53:\"\0ActionScheduler_IntervalSchedule\0interval_in_seconds\";i:86400;}', 2, 1, '2024-06-11 04:35:13', '2024-06-10 23:35:13', 0, NULL, 10),
(8233, 'wp_mail_smtp_admin_notifications_update', 'pending', '2024-06-11 22:06:25', '2024-06-11 22:06:25', '[2]', 'O:32:\"ActionScheduler_IntervalSchedule\":5:{s:22:\"\0*\0scheduled_timestamp\";i:1718143585;s:18:\"\0*\0first_timestamp\";i:1707145071;s:13:\"\0*\0recurrence\";i:86400;s:49:\"\0ActionScheduler_IntervalSchedule\0start_timestamp\";i:1718143585;s:53:\"\0ActionScheduler_IntervalSchedule\0interval_in_seconds\";i:86400;}', 3, 0, '0000-00-00 00:00:00', '0000-00-00 00:00:00', 0, NULL, 10),
(8234, 'wpforms_process_forms_locator_save', 'complete', '2024-06-11 04:35:13', '2024-06-11 04:35:13', '{\"tasks_meta_id\":200}', 'O:28:\"ActionScheduler_NullSchedule\":0:{}', 2, 1, '2024-06-11 04:35:13', '2024-06-10 23:35:13', 0, NULL, 10),
(8235, 'wpforms_process_forms_locator_scan', 'pending', '2024-06-12 04:35:13', '2024-06-12 04:35:13', '{\"tasks_meta_id\":19}', 'O:32:\"ActionScheduler_IntervalSchedule\":5:{s:22:\"\0*\0scheduled_timestamp\";i:1718166913;s:18:\"\0*\0first_timestamp\";i:1689816533;s:13:\"\0*\0recurrence\";i:86400;s:49:\"\0ActionScheduler_IntervalSchedule\0start_timestamp\";i:1718166913;s:53:\"\0ActionScheduler_IntervalSchedule\0interval_in_seconds\";i:86400;}', 2, 0, '0000-00-00 00:00:00', '0000-00-00 00:00:00', 0, NULL, 10);

-- --------------------------------------------------------

--
-- Estructura de tabla para la tabla `wp_actionscheduler_claims`
--

CREATE TABLE `wp_actionscheduler_claims` (
  `claim_id` bigint(20) UNSIGNED NOT NULL,
  `date_created_gmt` datetime NOT NULL DEFAULT '0000-00-00 00:00:00'
) ENGINE=InnoDB DEFAULT CHARSET=utf8mb4 COLLATE=utf8mb4_unicode_520_ci;

-- --------------------------------------------------------

--
-- Estructura de tabla para la tabla `wp_actionscheduler_groups`
--

CREATE TABLE `wp_actionscheduler_groups` (
  `group_id` bigint(20) UNSIGNED NOT NULL,
  `slug` varchar(255) COLLATE utf8mb4_unicode_520_ci NOT NULL
) ENGINE=InnoDB DEFAULT CHARSET=utf8mb4 COLLATE=utf8mb4_unicode_520_ci;

--
-- Volcado de datos para la tabla `wp_actionscheduler_groups`
--

INSERT INTO `wp_actionscheduler_groups` (`group_id`, `slug`) VALUES
(1, 'action-scheduler-migration'),
(2, 'wpforms'),
(3, 'wp_mail_smtp');

-- --------------------------------------------------------

--
-- Estructura de tabla para la tabla `wp_actionscheduler_logs`
--

CREATE TABLE `wp_actionscheduler_logs` (
  `log_id` bigint(20) UNSIGNED NOT NULL,
  `action_id` bigint(20) UNSIGNED NOT NULL,
  `message` text COLLATE utf8mb4_unicode_520_ci NOT NULL,
  `log_date_gmt` datetime DEFAULT '0000-00-00 00:00:00',
  `log_date_local` datetime DEFAULT '0000-00-00 00:00:00'
) ENGINE=InnoDB DEFAULT CHARSET=utf8mb4 COLLATE=utf8mb4_unicode_520_ci;

--
-- Volcado de datos para la tabla `wp_actionscheduler_logs`
--

INSERT INTO `wp_actionscheduler_logs` (`log_id`, `action_id`, `message`, `log_date_gmt`, `log_date_local`) VALUES
(3189, 7392, 'action created', '2023-07-24 23:09:51', '2023-07-24 23:09:51'),
(3235, 7392, 'action started via Async Request', '2023-08-01 00:19:20', '2023-08-01 00:19:20'),
(3236, 7392, 'action failed via Async Request: Scheduled action for wpforms_admin_addons_cache_update will not be executed as no callbacks are registered.', '2023-08-01 00:19:20', '2023-08-01 00:19:20'),
(3237, 7408, 'action created', '2023-08-01 00:19:20', '2023-08-01 00:19:20'),
(3283, 7408, 'action started via Async Request', '2023-08-08 01:50:39', '2023-08-08 01:50:39'),
(3284, 7408, 'action failed via Async Request: Scheduled action for wpforms_admin_addons_cache_update will not be executed as no callbacks are registered.', '2023-08-08 01:50:39', '2023-08-08 01:50:39'),
(3615, 7534, 'action created', '2023-09-26 04:06:21', '2023-09-26 04:06:21'),
(3661, 7534, 'action started via Async Request', '2023-10-03 05:15:59', '2023-10-03 05:15:59'),
(3662, 7534, 'action failed via Async Request: Scheduled action for wpforms_admin_addons_cache_update will not be executed as no callbacks are registered.', '2023-10-03 05:15:59', '2023-10-03 05:15:59'),
(3807, 7598, 'action created', '2023-10-24 06:06:06', '2023-10-24 06:06:06'),
(3853, 7598, 'action started via Async Request', '2023-10-31 06:12:42', '2023-10-31 06:12:42'),
(3854, 7598, 'action failed via Async Request: Scheduled action for wpforms_admin_addons_cache_update will not be executed as no callbacks are registered.', '2023-10-31 06:12:42', '2023-10-31 06:12:42'),
(3999, 7662, 'action created', '2023-11-21 07:13:38', '2023-11-21 07:13:38'),
(4045, 7662, 'action started via Async Request', '2023-11-28 07:24:02', '2023-11-28 07:24:02'),
(4046, 7662, 'action failed via Async Request: Scheduled action for wpforms_admin_addons_cache_update will not be executed as no callbacks are registered.', '2023-11-28 07:24:02', '2023-11-28 07:24:02'),
(4089, 7692, 'action created', '2023-12-05 09:10:19', '2023-12-05 09:10:19'),
(4135, 7692, 'action started via Async Request', '2023-12-12 09:26:15', '2023-12-12 09:26:15'),
(4136, 7692, 'action failed via Async Request: Scheduled action for wpforms_admin_addons_cache_update will not be executed as no callbacks are registered.', '2023-12-12 09:26:15', '2023-12-12 09:26:15'),
(4606, 7865, 'action created', '2024-02-13 15:07:46', '2024-02-13 15:07:46'),
(4673, 7865, 'action started via Async Request', '2024-02-20 15:09:32', '2024-02-20 15:09:32'),
(4674, 7865, 'action failed via Async Request: Scheduled action for wpforms_admin_addons_cache_update will not be executed as no callbacks are registered.', '2024-02-20 15:09:32', '2024-02-20 15:09:32'),
(4675, 7865, 'This action appears to be consistently failing. A new instance will not be scheduled.', '2024-02-20 15:09:32', '2024-02-20 15:09:32'),
(5395, 8127, 'action created', '2024-05-07 21:52:37', '2024-05-07 21:52:37'),
(5425, 8137, 'action created', '2024-05-11 10:49:50', '2024-05-11 10:49:50'),
(5429, 8139, 'action created', '2024-05-11 12:48:19', '2024-05-11 12:48:19'),
(5432, 8137, 'action started via Async Request', '2024-05-12 12:00:19', '2024-05-12 12:00:19'),
(5433, 8137, 'action complete via Async Request', '2024-05-12 12:00:19', '2024-05-12 12:00:19'),
(5434, 8140, 'action created', '2024-05-12 12:00:19', '2024-05-12 12:00:19'),
(5435, 8139, 'action started via WP Cron', '2024-05-12 14:02:58', '2024-05-12 14:02:58'),
(5436, 8141, 'action created', '2024-05-12 14:02:58', '2024-05-12 14:02:58'),
(5437, 8139, 'action complete via WP Cron', '2024-05-12 14:02:58', '2024-05-12 14:02:58'),
(5438, 8142, 'action created', '2024-05-12 14:02:58', '2024-05-12 14:02:58'),
(5439, 8141, 'action started via WP Cron', '2024-05-12 14:02:58', '2024-05-12 14:02:58'),
(5440, 8141, 'action complete via WP Cron', '2024-05-12 14:02:58', '2024-05-12 14:02:58'),
(5441, 8140, 'action started via WP Cron', '2024-05-13 12:05:10', '2024-05-13 12:05:10'),
(5442, 8140, 'action complete via WP Cron', '2024-05-13 12:05:10', '2024-05-13 12:05:10'),
(5443, 8143, 'action created', '2024-05-13 12:05:10', '2024-05-13 12:05:10'),
(5444, 8142, 'action started via WP Cron', '2024-05-13 15:52:29', '2024-05-13 15:52:29'),
(5445, 8144, 'action created', '2024-05-13 15:52:29', '2024-05-13 15:52:29'),
(5446, 8142, 'action complete via WP Cron', '2024-05-13 15:52:29', '2024-05-13 15:52:29'),
(5447, 8145, 'action created', '2024-05-13 15:52:29', '2024-05-13 15:52:29'),
(5448, 8144, 'action started via WP Cron', '2024-05-13 15:52:29', '2024-05-13 15:52:29'),
(5449, 8144, 'action complete via WP Cron', '2024-05-13 15:52:29', '2024-05-13 15:52:29'),
(5450, 8143, 'action started via WP Cron', '2024-05-14 12:28:53', '2024-05-14 12:28:53'),
(5451, 8143, 'action complete via WP Cron', '2024-05-14 12:28:53', '2024-05-14 12:28:53'),
(5452, 8146, 'action created', '2024-05-14 12:28:53', '2024-05-14 12:28:53'),
(5453, 8145, 'action started via WP Cron', '2024-05-14 16:14:23', '2024-05-14 16:14:23'),
(5454, 8147, 'action created', '2024-05-14 16:14:23', '2024-05-14 16:14:23'),
(5455, 8145, 'action complete via WP Cron', '2024-05-14 16:14:23', '2024-05-14 16:14:23'),
(5456, 8148, 'action created', '2024-05-14 16:14:23', '2024-05-14 16:14:23'),
(5457, 8147, 'action started via WP Cron', '2024-05-14 16:14:23', '2024-05-14 16:14:23'),
(5458, 8147, 'action complete via WP Cron', '2024-05-14 16:14:23', '2024-05-14 16:14:23'),
(5459, 8127, 'action started via WP Cron', '2024-05-14 21:54:24', '2024-05-14 21:54:24'),
(5460, 8127, 'action complete via WP Cron', '2024-05-14 21:54:24', '2024-05-14 21:54:24'),
(5461, 8149, 'action created', '2024-05-14 21:54:24', '2024-05-14 21:54:24'),
(5462, 8146, 'action started via Async Request', '2024-05-15 12:57:38', '2024-05-15 12:57:38'),
(5463, 8146, 'action complete via Async Request', '2024-05-15 12:57:38', '2024-05-15 12:57:38'),
(5464, 8150, 'action created', '2024-05-15 12:57:38', '2024-05-15 12:57:38'),
(5465, 8148, 'action started via Async Request', '2024-05-15 16:26:25', '2024-05-15 16:26:25'),
(5466, 8151, 'action created', '2024-05-15 16:26:25', '2024-05-15 16:26:25'),
(5467, 8148, 'action complete via Async Request', '2024-05-15 16:26:25', '2024-05-15 16:26:25'),
(5468, 8152, 'action created', '2024-05-15 16:26:25', '2024-05-15 16:26:25'),
(5469, 8151, 'action started via Async Request', '2024-05-15 16:26:25', '2024-05-15 16:26:25'),
(5470, 8151, 'action complete via Async Request', '2024-05-15 16:26:25', '2024-05-15 16:26:25'),
(5471, 8150, 'action started via WP Cron', '2024-05-16 13:03:09', '2024-05-16 13:03:09'),
(5472, 8150, 'action complete via WP Cron', '2024-05-16 13:03:10', '2024-05-16 13:03:10'),
(5473, 8153, 'action created', '2024-05-16 13:03:10', '2024-05-16 13:03:10'),
(5474, 8152, 'action started via WP Cron', '2024-05-16 16:37:18', '2024-05-16 16:37:18'),
(5475, 8154, 'action created', '2024-05-16 16:37:19', '2024-05-16 16:37:19'),
(5476, 8152, 'action complete via WP Cron', '2024-05-16 16:37:19', '2024-05-16 16:37:19'),
(5477, 8155, 'action created', '2024-05-16 16:37:19', '2024-05-16 16:37:19'),
(5478, 8154, 'action started via WP Cron', '2024-05-16 16:37:19', '2024-05-16 16:37:19'),
(5479, 8154, 'action complete via WP Cron', '2024-05-16 16:37:19', '2024-05-16 16:37:19'),
(5480, 8153, 'action started via WP Cron', '2024-05-17 13:06:34', '2024-05-17 13:06:34'),
(5481, 8153, 'action complete via WP Cron', '2024-05-17 13:06:34', '2024-05-17 13:06:34'),
(5482, 8156, 'action created', '2024-05-17 13:06:34', '2024-05-17 13:06:34'),
(5483, 8155, 'action started via WP Cron', '2024-05-17 16:39:18', '2024-05-17 16:39:18'),
(5484, 8157, 'action created', '2024-05-17 16:39:18', '2024-05-17 16:39:18'),
(5485, 8155, 'action complete via WP Cron', '2024-05-17 16:39:18', '2024-05-17 16:39:18'),
(5486, 8158, 'action created', '2024-05-17 16:39:18', '2024-05-17 16:39:18'),
(5487, 8157, 'action started via WP Cron', '2024-05-17 16:39:18', '2024-05-17 16:39:18'),
(5488, 8157, 'action complete via WP Cron', '2024-05-17 16:39:18', '2024-05-17 16:39:18'),
(5489, 8156, 'action started via Async Request', '2024-05-18 13:13:33', '2024-05-18 13:13:33'),
(5490, 8156, 'action complete via Async Request', '2024-05-18 13:13:33', '2024-05-18 13:13:33'),
(5491, 8159, 'action created', '2024-05-18 13:13:33', '2024-05-18 13:13:33'),
(5492, 8158, 'action started via WP Cron', '2024-05-18 16:45:06', '2024-05-18 16:45:06'),
(5493, 8160, 'action created', '2024-05-18 16:45:06', '2024-05-18 16:45:06'),
(5494, 8158, 'action complete via WP Cron', '2024-05-18 16:45:06', '2024-05-18 16:45:06'),
(5495, 8161, 'action created', '2024-05-18 16:45:06', '2024-05-18 16:45:06'),
(5496, 8160, 'action started via WP Cron', '2024-05-18 16:45:06', '2024-05-18 16:45:06'),
(5497, 8160, 'action complete via WP Cron', '2024-05-18 16:45:06', '2024-05-18 16:45:06'),
(5498, 8159, 'action started via WP Cron', '2024-05-19 13:24:16', '2024-05-19 13:24:16'),
(5499, 8159, 'action complete via WP Cron', '2024-05-19 13:24:16', '2024-05-19 13:24:16'),
(5500, 8162, 'action created', '2024-05-19 13:24:16', '2024-05-19 13:24:16'),
(5501, 8161, 'action started via WP Cron', '2024-05-19 17:01:04', '2024-05-19 17:01:04'),
(5502, 8163, 'action created', '2024-05-19 17:01:04', '2024-05-19 17:01:04'),
(5503, 8161, 'action complete via WP Cron', '2024-05-19 17:01:04', '2024-05-19 17:01:04'),
(5504, 8164, 'action created', '2024-05-19 17:01:04', '2024-05-19 17:01:04'),
(5505, 8163, 'action started via WP Cron', '2024-05-19 17:01:04', '2024-05-19 17:01:04'),
(5506, 8163, 'action complete via WP Cron', '2024-05-19 17:01:04', '2024-05-19 17:01:04'),
(5507, 8162, 'action started via WP Cron', '2024-05-20 14:01:54', '2024-05-20 14:01:54'),
(5508, 8162, 'action complete via WP Cron', '2024-05-20 14:01:54', '2024-05-20 14:01:54'),
(5509, 8165, 'action created', '2024-05-20 14:01:54', '2024-05-20 14:01:54'),
(5510, 8164, 'action started via WP Cron', '2024-05-20 17:05:31', '2024-05-20 17:05:31'),
(5511, 8166, 'action created', '2024-05-20 17:05:32', '2024-05-20 17:05:32'),
(5512, 8164, 'action complete via WP Cron', '2024-05-20 17:05:32', '2024-05-20 17:05:32'),
(5513, 8167, 'action created', '2024-05-20 17:05:32', '2024-05-20 17:05:32'),
(5514, 8166, 'action started via WP Cron', '2024-05-20 17:05:32', '2024-05-20 17:05:32'),
(5515, 8166, 'action complete via WP Cron', '2024-05-20 17:05:32', '2024-05-20 17:05:32'),
(5516, 8165, 'action started via WP Cron', '2024-05-21 14:21:13', '2024-05-21 14:21:13'),
(5517, 8165, 'action complete via WP Cron', '2024-05-21 14:21:14', '2024-05-21 14:21:14'),
(5518, 8168, 'action created', '2024-05-21 14:21:14', '2024-05-21 14:21:14'),
(5519, 8167, 'action started via Async Request', '2024-05-21 17:33:00', '2024-05-21 17:33:00'),
(5520, 8169, 'action created', '2024-05-21 17:33:00', '2024-05-21 17:33:00'),
(5521, 8167, 'action complete via Async Request', '2024-05-21 17:33:00', '2024-05-21 17:33:00'),
(5522, 8170, 'action created', '2024-05-21 17:33:00', '2024-05-21 17:33:00'),
(5523, 8169, 'action started via Async Request', '2024-05-21 17:33:00', '2024-05-21 17:33:00'),
(5524, 8169, 'action complete via Async Request', '2024-05-21 17:33:00', '2024-05-21 17:33:00'),
(5525, 8149, 'action started via Async Request', '2024-05-21 22:16:21', '2024-05-21 22:16:21'),
(5526, 8149, 'action complete via Async Request', '2024-05-21 22:16:21', '2024-05-21 22:16:21'),
(5527, 8171, 'action created', '2024-05-21 22:16:21', '2024-05-21 22:16:21'),
(5528, 8168, 'action started via WP Cron', '2024-05-22 15:09:44', '2024-05-22 15:09:44'),
(5529, 8168, 'action complete via WP Cron', '2024-05-22 15:09:44', '2024-05-22 15:09:44'),
(5530, 8172, 'action created', '2024-05-22 15:09:44', '2024-05-22 15:09:44'),
(5531, 8170, 'action started via WP Cron', '2024-05-22 18:08:43', '2024-05-22 18:08:43'),
(5532, 8173, 'action created', '2024-05-22 18:08:43', '2024-05-22 18:08:43'),
(5533, 8170, 'action complete via WP Cron', '2024-05-22 18:08:43', '2024-05-22 18:08:43'),
(5534, 8174, 'action created', '2024-05-22 18:08:43', '2024-05-22 18:08:43'),
(5535, 8173, 'action started via WP Cron', '2024-05-22 18:08:43', '2024-05-22 18:08:43'),
(5536, 8173, 'action complete via WP Cron', '2024-05-22 18:08:43', '2024-05-22 18:08:43'),
(5537, 8172, 'action started via WP Cron', '2024-05-23 16:02:08', '2024-05-23 16:02:08'),
(5538, 8172, 'action complete via WP Cron', '2024-05-23 16:02:08', '2024-05-23 16:02:08'),
(5539, 8175, 'action created', '2024-05-23 16:02:08', '2024-05-23 16:02:08'),
(5540, 8174, 'action started via WP Cron', '2024-05-23 20:03:26', '2024-05-23 20:03:26'),
(5541, 8176, 'action created', '2024-05-23 20:03:27', '2024-05-23 20:03:27'),
(5542, 8174, 'action complete via WP Cron', '2024-05-23 20:03:27', '2024-05-23 20:03:27'),
(5543, 8177, 'action created', '2024-05-23 20:03:27', '2024-05-23 20:03:27'),
(5544, 8176, 'action started via WP Cron', '2024-05-23 20:03:27', '2024-05-23 20:03:27'),
(5545, 8176, 'action complete via WP Cron', '2024-05-23 20:03:27', '2024-05-23 20:03:27'),
(5546, 8175, 'action started via WP Cron', '2024-05-24 17:52:36', '2024-05-24 17:52:36'),
(5547, 8175, 'action complete via WP Cron', '2024-05-24 17:52:36', '2024-05-24 17:52:36'),
(5548, 8178, 'action created', '2024-05-24 17:52:36', '2024-05-24 17:52:36'),
(5549, 8177, 'action started via WP Cron', '2024-05-24 20:35:20', '2024-05-24 20:35:20'),
(5550, 8179, 'action created', '2024-05-24 20:35:20', '2024-05-24 20:35:20'),
(5551, 8177, 'action complete via WP Cron', '2024-05-24 20:35:20', '2024-05-24 20:35:20'),
(5552, 8180, 'action created', '2024-05-24 20:35:20', '2024-05-24 20:35:20'),
(5553, 8179, 'action started via WP Cron', '2024-05-24 20:35:20', '2024-05-24 20:35:20'),
(5554, 8179, 'action complete via WP Cron', '2024-05-24 20:35:20', '2024-05-24 20:35:20'),
(5555, 8178, 'action started via WP Cron', '2024-05-25 18:12:52', '2024-05-25 18:12:52'),
(5556, 8178, 'action complete via WP Cron', '2024-05-25 18:12:52', '2024-05-25 18:12:52'),
(5557, 8181, 'action created', '2024-05-25 18:12:52', '2024-05-25 18:12:52'),
(5558, 8180, 'action started via Async Request', '2024-05-25 21:08:05', '2024-05-25 21:08:05'),
(5559, 8182, 'action created', '2024-05-25 21:08:05', '2024-05-25 21:08:05'),
(5560, 8180, 'action complete via Async Request', '2024-05-25 21:08:05', '2024-05-25 21:08:05'),
(5561, 8183, 'action created', '2024-05-25 21:08:05', '2024-05-25 21:08:05'),
(5562, 8182, 'action started via Async Request', '2024-05-25 21:08:05', '2024-05-25 21:08:05'),
(5563, 8182, 'action complete via Async Request', '2024-05-25 21:08:05', '2024-05-25 21:08:05'),
(5564, 8181, 'action started via WP Cron', '2024-05-26 18:13:33', '2024-05-26 18:13:33'),
(5565, 8181, 'action complete via WP Cron', '2024-05-26 18:13:33', '2024-05-26 18:13:33'),
(5566, 8184, 'action created', '2024-05-26 18:13:33', '2024-05-26 18:13:33'),
(5567, 8183, 'action started via WP Cron', '2024-05-26 21:25:22', '2024-05-26 21:25:22'),
(5568, 8185, 'action created', '2024-05-26 21:25:22', '2024-05-26 21:25:22'),
(5569, 8183, 'action complete via WP Cron', '2024-05-26 21:25:22', '2024-05-26 21:25:22'),
(5570, 8186, 'action created', '2024-05-26 21:25:22', '2024-05-26 21:25:22'),
(5571, 8185, 'action started via WP Cron', '2024-05-26 21:25:22', '2024-05-26 21:25:22'),
(5572, 8185, 'action complete via WP Cron', '2024-05-26 21:25:22', '2024-05-26 21:25:22'),
(5573, 8184, 'action started via WP Cron', '2024-05-27 18:28:03', '2024-05-27 18:28:03'),
(5574, 8184, 'action complete via WP Cron', '2024-05-27 18:28:03', '2024-05-27 18:28:03'),
(5575, 8187, 'action created', '2024-05-27 18:28:03', '2024-05-27 18:28:03'),
(5576, 8186, 'action started via WP Cron', '2024-05-27 21:28:39', '2024-05-27 21:28:39'),
(5577, 8188, 'action created', '2024-05-27 21:28:39', '2024-05-27 21:28:39'),
(5578, 8186, 'action complete via WP Cron', '2024-05-27 21:28:39', '2024-05-27 21:28:39'),
(5579, 8189, 'action created', '2024-05-27 21:28:39', '2024-05-27 21:28:39'),
(5580, 8188, 'action started via WP Cron', '2024-05-27 21:28:39', '2024-05-27 21:28:39'),
(5581, 8188, 'action complete via WP Cron', '2024-05-27 21:28:39', '2024-05-27 21:28:39'),
(5582, 8187, 'action started via WP Cron', '2024-05-28 18:40:42', '2024-05-28 18:40:42'),
(5583, 8187, 'action complete via WP Cron', '2024-05-28 18:40:42', '2024-05-28 18:40:42'),
(5584, 8190, 'action created', '2024-05-28 18:40:42', '2024-05-28 18:40:42'),
(5585, 8189, 'action started via WP Cron', '2024-05-28 21:54:12', '2024-05-28 21:54:12'),
(5586, 8191, 'action created', '2024-05-28 21:54:12', '2024-05-28 21:54:12'),
(5587, 8189, 'action complete via WP Cron', '2024-05-28 21:54:12', '2024-05-28 21:54:12'),
(5588, 8192, 'action created', '2024-05-28 21:54:12', '2024-05-28 21:54:12'),
(5589, 8191, 'action started via WP Cron', '2024-05-28 21:54:12', '2024-05-28 21:54:12'),
(5590, 8191, 'action complete via WP Cron', '2024-05-28 21:54:12', '2024-05-28 21:54:12'),
(5591, 8171, 'action started via WP Cron', '2024-05-28 22:21:10', '2024-05-28 22:21:10'),
(5592, 8171, 'action complete via WP Cron', '2024-05-28 22:21:10', '2024-05-28 22:21:10'),
(5593, 8193, 'action created', '2024-05-28 22:21:10', '2024-05-28 22:21:10'),
(5594, 8190, 'action started via Async Request', '2024-05-29 18:57:08', '2024-05-29 18:57:08'),
(5595, 8190, 'action complete via Async Request', '2024-05-29 18:57:08', '2024-05-29 18:57:08'),
(5596, 8194, 'action created', '2024-05-29 18:57:08', '2024-05-29 18:57:08'),
(5597, 8192, 'action started via WP Cron', '2024-05-29 22:27:24', '2024-05-29 22:27:24'),
(5598, 8195, 'action created', '2024-05-29 22:27:24', '2024-05-29 22:27:24'),
(5599, 8192, 'action complete via WP Cron', '2024-05-29 22:27:24', '2024-05-29 22:27:24'),
(5600, 8196, 'action created', '2024-05-29 22:27:24', '2024-05-29 22:27:24'),
(5601, 8195, 'action started via WP Cron', '2024-05-29 22:27:24', '2024-05-29 22:27:24'),
(5602, 8195, 'action complete via WP Cron', '2024-05-29 22:27:24', '2024-05-29 22:27:24'),
(5603, 8194, 'action started via Async Request', '2024-05-30 18:59:57', '2024-05-30 18:59:57'),
(5604, 8194, 'action complete via Async Request', '2024-05-30 18:59:57', '2024-05-30 18:59:57'),
(5605, 8197, 'action created', '2024-05-30 18:59:57', '2024-05-30 18:59:57'),
(5606, 8196, 'action started via Async Request', '2024-05-30 22:52:28', '2024-05-30 22:52:28'),
(5607, 8198, 'action created', '2024-05-30 22:52:28', '2024-05-30 22:52:28'),
(5608, 8196, 'action complete via Async Request', '2024-05-30 22:52:28', '2024-05-30 22:52:28'),
(5609, 8199, 'action created', '2024-05-30 22:52:28', '2024-05-30 22:52:28'),
(5610, 8198, 'action started via Async Request', '2024-05-30 22:52:28', '2024-05-30 22:52:28'),
(5611, 8198, 'action complete via Async Request', '2024-05-30 22:52:28', '2024-05-30 22:52:28'),
(5612, 8197, 'action started via WP Cron', '2024-05-31 19:05:59', '2024-05-31 19:05:59'),
(5613, 8197, 'action complete via WP Cron', '2024-05-31 19:05:59', '2024-05-31 19:05:59'),
(5614, 8200, 'action created', '2024-05-31 19:05:59', '2024-05-31 19:05:59'),
(5615, 8199, 'action started via WP Cron', '2024-05-31 23:03:30', '2024-05-31 23:03:30'),
(5616, 8201, 'action created', '2024-05-31 23:03:30', '2024-05-31 23:03:30'),
(5617, 8199, 'action complete via WP Cron', '2024-05-31 23:03:30', '2024-05-31 23:03:30'),
(5618, 8202, 'action created', '2024-05-31 23:03:30', '2024-05-31 23:03:30'),
(5619, 8201, 'action started via WP Cron', '2024-05-31 23:03:30', '2024-05-31 23:03:30'),
(5620, 8201, 'action complete via WP Cron', '2024-05-31 23:03:30', '2024-05-31 23:03:30'),
(5621, 8200, 'action started via WP Cron', '2024-06-01 19:13:29', '2024-06-01 19:13:29'),
(5622, 8200, 'action complete via WP Cron', '2024-06-01 19:13:29', '2024-06-01 19:13:29'),
(5623, 8203, 'action created', '2024-06-01 19:13:29', '2024-06-01 19:13:29'),
(5624, 8202, 'action started via WP Cron', '2024-06-01 23:52:24', '2024-06-01 23:52:24'),
(5625, 8204, 'action created', '2024-06-01 23:52:24', '2024-06-01 23:52:24'),
(5626, 8202, 'action complete via WP Cron', '2024-06-01 23:52:24', '2024-06-01 23:52:24'),
(5627, 8205, 'action created', '2024-06-01 23:52:24', '2024-06-01 23:52:24'),
(5628, 8204, 'action started via WP Cron', '2024-06-01 23:52:24', '2024-06-01 23:52:24'),
(5629, 8204, 'action complete via WP Cron', '2024-06-01 23:52:24', '2024-06-01 23:52:24'),
(5630, 8203, 'action started via WP Cron', '2024-06-02 19:19:01', '2024-06-02 19:19:01'),
(5631, 8203, 'action complete via WP Cron', '2024-06-02 19:19:02', '2024-06-02 19:19:02'),
(5632, 8206, 'action created', '2024-06-02 19:19:02', '2024-06-02 19:19:02'),
(5633, 8205, 'action started via WP Cron', '2024-06-02 23:59:27', '2024-06-02 23:59:27'),
(5634, 8207, 'action created', '2024-06-02 23:59:28', '2024-06-02 23:59:28'),
(5635, 8205, 'action complete via WP Cron', '2024-06-02 23:59:28', '2024-06-02 23:59:28'),
(5636, 8208, 'action created', '2024-06-02 23:59:28', '2024-06-02 23:59:28'),
(5637, 8207, 'action started via WP Cron', '2024-06-02 23:59:28', '2024-06-02 23:59:28'),
(5638, 8207, 'action complete via WP Cron', '2024-06-02 23:59:28', '2024-06-02 23:59:28'),
(5639, 8206, 'action started via WP Cron', '2024-06-03 20:00:29', '2024-06-03 20:00:29'),
(5640, 8206, 'action complete via WP Cron', '2024-06-03 20:00:29', '2024-06-03 20:00:29'),
(5641, 8209, 'action created', '2024-06-03 20:00:29', '2024-06-03 20:00:29'),
(5642, 8208, 'action started via WP Cron', '2024-06-04 00:59:40', '2024-06-04 00:59:40'),
(5643, 8210, 'action created', '2024-06-04 00:59:41', '2024-06-04 00:59:41'),
(5644, 8208, 'action complete via WP Cron', '2024-06-04 00:59:41', '2024-06-04 00:59:41'),
(5645, 8211, 'action created', '2024-06-04 00:59:41', '2024-06-04 00:59:41'),
(5646, 8210, 'action started via WP Cron', '2024-06-04 00:59:41', '2024-06-04 00:59:41'),
(5647, 8210, 'action complete via WP Cron', '2024-06-04 00:59:41', '2024-06-04 00:59:41'),
(5648, 8209, 'action started via WP Cron', '2024-06-04 20:22:11', '2024-06-04 20:22:11'),
(5649, 8209, 'action complete via WP Cron', '2024-06-04 20:22:11', '2024-06-04 20:22:11'),
(5650, 8212, 'action created', '2024-06-04 20:22:11', '2024-06-04 20:22:11'),
(5651, 8193, 'action started via WP Cron', '2024-06-04 22:21:52', '2024-06-04 22:21:52'),
(5652, 8193, 'action complete via WP Cron', '2024-06-04 22:21:52', '2024-06-04 22:21:52'),
(5653, 8213, 'action created', '2024-06-04 22:21:52', '2024-06-04 22:21:52'),
(5654, 8211, 'action started via WP Cron', '2024-06-05 01:04:02', '2024-06-05 01:04:02'),
(5655, 8214, 'action created', '2024-06-05 01:04:02', '2024-06-05 01:04:02'),
(5656, 8211, 'action complete via WP Cron', '2024-06-05 01:04:02', '2024-06-05 01:04:02'),
(5657, 8215, 'action created', '2024-06-05 01:04:02', '2024-06-05 01:04:02'),
(5658, 8214, 'action started via WP Cron', '2024-06-05 01:04:02', '2024-06-05 01:04:02'),
(5659, 8214, 'action complete via WP Cron', '2024-06-05 01:04:02', '2024-06-05 01:04:02'),
(5660, 8212, 'action started via WP Cron', '2024-06-05 20:55:13', '2024-06-05 20:55:13'),
(5661, 8212, 'action complete via WP Cron', '2024-06-05 20:55:13', '2024-06-05 20:55:13'),
(5662, 8216, 'action created', '2024-06-05 20:55:13', '2024-06-05 20:55:13'),
(5663, 8215, 'action started via WP Cron', '2024-06-06 01:19:30', '2024-06-06 01:19:30'),
(5664, 8217, 'action created', '2024-06-06 01:19:30', '2024-06-06 01:19:30'),
(5665, 8215, 'action complete via WP Cron', '2024-06-06 01:19:30', '2024-06-06 01:19:30'),
(5666, 8218, 'action created', '2024-06-06 01:19:30', '2024-06-06 01:19:30'),
(5667, 8217, 'action started via WP Cron', '2024-06-06 01:19:30', '2024-06-06 01:19:30'),
(5668, 8217, 'action complete via WP Cron', '2024-06-06 01:19:30', '2024-06-06 01:19:30'),
(5669, 8216, 'action started via WP Cron', '2024-06-06 20:57:02', '2024-06-06 20:57:02'),
(5670, 8216, 'action complete via WP Cron', '2024-06-06 20:57:02', '2024-06-06 20:57:02'),
(5671, 8219, 'action created', '2024-06-06 20:57:02', '2024-06-06 20:57:02'),
(5672, 8218, 'action started via WP Cron', '2024-06-07 02:50:07', '2024-06-07 02:50:07'),
(5673, 8220, 'action created', '2024-06-07 02:50:07', '2024-06-07 02:50:07'),
(5674, 8218, 'action complete via WP Cron', '2024-06-07 02:50:07', '2024-06-07 02:50:07'),
(5675, 8221, 'action created', '2024-06-07 02:50:07', '2024-06-07 02:50:07'),
(5676, 8220, 'action started via WP Cron', '2024-06-07 02:50:07', '2024-06-07 02:50:07'),
(5677, 8220, 'action complete via WP Cron', '2024-06-07 02:50:07', '2024-06-07 02:50:07'),
(5678, 8222, 'action created', '2024-06-07 13:13:38', '2024-06-07 13:13:38'),
(5679, 8222, 'action started via Async Request', '2024-06-07 13:13:57', '2024-06-07 13:13:57'),
(5680, 8222, 'action complete via Async Request', '2024-06-07 13:13:58', '2024-06-07 13:13:58'),
(5681, 8223, 'action created', '2024-06-07 13:14:50', '2024-06-07 13:14:50'),
(5682, 8219, 'action started via WP Cron', '2024-06-07 20:57:34', '2024-06-07 20:57:34'),
(5683, 8219, 'action complete via WP Cron', '2024-06-07 20:57:34', '2024-06-07 20:57:34'),
(5684, 8224, 'action created', '2024-06-07 20:57:34', '2024-06-07 20:57:34'),
(5685, 8221, 'action started via WP Cron', '2024-06-08 03:04:15', '2024-06-08 03:04:15'),
(5686, 8225, 'action created', '2024-06-08 03:04:15', '2024-06-08 03:04:15'),
(5687, 8221, 'action complete via WP Cron', '2024-06-08 03:04:15', '2024-06-08 03:04:15'),
(5688, 8226, 'action created', '2024-06-08 03:04:15', '2024-06-08 03:04:15'),
(5689, 8225, 'action started via WP Cron', '2024-06-08 03:04:15', '2024-06-08 03:04:15'),
(5690, 8225, 'action complete via WP Cron', '2024-06-08 03:04:15', '2024-06-08 03:04:15'),
(5691, 8224, 'action started via WP Cron', '2024-06-08 21:37:55', '2024-06-08 21:37:55'),
(5692, 8224, 'action complete via WP Cron', '2024-06-08 21:37:55', '2024-06-08 21:37:55'),
(5693, 8227, 'action created', '2024-06-08 21:37:55', '2024-06-08 21:37:55'),
(5694, 8226, 'action started via WP Cron', '2024-06-09 04:05:47', '2024-06-09 04:05:47'),
(5695, 8228, 'action created', '2024-06-09 04:05:47', '2024-06-09 04:05:47'),
(5696, 8226, 'action complete via WP Cron', '2024-06-09 04:05:47', '2024-06-09 04:05:47'),
(5697, 8229, 'action created', '2024-06-09 04:05:47', '2024-06-09 04:05:47'),
(5698, 8228, 'action started via WP Cron', '2024-06-09 04:05:47', '2024-06-09 04:05:47'),
(5699, 8228, 'action complete via WP Cron', '2024-06-09 04:05:47', '2024-06-09 04:05:47'),
(5700, 8227, 'action started via WP Cron', '2024-06-09 22:03:37', '2024-06-09 22:03:37'),
(5701, 8227, 'action complete via WP Cron', '2024-06-09 22:03:37', '2024-06-09 22:03:37'),
(5702, 8230, 'action created', '2024-06-09 22:03:37', '2024-06-09 22:03:37'),
(5703, 8229, 'action started via WP Cron', '2024-06-10 04:09:58', '2024-06-10 04:09:58'),
(5704, 8231, 'action created', '2024-06-10 04:09:59', '2024-06-10 04:09:59'),
(5705, 8229, 'action complete via WP Cron', '2024-06-10 04:09:59', '2024-06-10 04:09:59'),
(5706, 8232, 'action created', '2024-06-10 04:09:59', '2024-06-10 04:09:59'),
(5707, 8231, 'action started via WP Cron', '2024-06-10 04:09:59', '2024-06-10 04:09:59'),
(5708, 8231, 'action complete via WP Cron', '2024-06-10 04:09:59', '2024-06-10 04:09:59'),
(5709, 8230, 'action started via WP Cron', '2024-06-10 22:06:25', '2024-06-10 22:06:25'),
(5710, 8230, 'action complete via WP Cron', '2024-06-10 22:06:25', '2024-06-10 22:06:25'),
(5711, 8233, 'action created', '2024-06-10 22:06:25', '2024-06-10 22:06:25'),
(5712, 8232, 'action started via WP Cron', '2024-06-11 04:35:13', '2024-06-11 04:35:13'),
(5713, 8234, 'action created', '2024-06-11 04:35:13', '2024-06-11 04:35:13'),
(5714, 8232, 'action complete via WP Cron', '2024-06-11 04:35:13', '2024-06-11 04:35:13'),
(5715, 8235, 'action created', '2024-06-11 04:35:13', '2024-06-11 04:35:13'),
(5716, 8234, 'action started via WP Cron', '2024-06-11 04:35:13', '2024-06-11 04:35:13'),
(5717, 8234, 'action complete via WP Cron', '2024-06-11 04:35:13', '2024-06-11 04:35:13');

-- --------------------------------------------------------

--
-- Estructura de tabla para la tabla `wp_commentmeta`
--

CREATE TABLE `wp_commentmeta` (
  `meta_id` bigint(20) UNSIGNED NOT NULL,
  `comment_id` bigint(20) UNSIGNED NOT NULL DEFAULT '0',
  `meta_key` varchar(255) COLLATE utf8mb4_unicode_520_ci DEFAULT NULL,
  `meta_value` longtext COLLATE utf8mb4_unicode_520_ci
) ENGINE=InnoDB DEFAULT CHARSET=utf8mb4 COLLATE=utf8mb4_unicode_520_ci;

--
-- Volcado de datos para la tabla `wp_commentmeta`
--

INSERT INTO `wp_commentmeta` (`meta_id`, `comment_id`, `meta_key`, `meta_value`) VALUES
(7, 1, 'ct_checked', '2021-04-09 12:04:17'),
(8, 1, 'ct_checked_now', '2021-04-09 12:04:17'),
(9, 5, 'antispam_bee_reason', 'css'),
(10, 6, 'antispam_bee_reason', 'css'),
(11, 7, 'antispam_bee_reason', 'css'),
(12, 8, 'antispam_bee_reason', 'css'),
(13, 9, 'antispam_bee_reason', 'css'),
(14, 10, 'antispam_bee_reason', 'css'),
(15, 11, 'antispam_bee_reason', 'css'),
(16, 12, 'antispam_bee_reason', 'css'),
(17, 13, 'antispam_bee_reason', 'css'),
(18, 14, 'antispam_bee_reason', 'css'),
(19, 15, 'antispam_bee_reason', 'css'),
(20, 16, 'antispam_bee_reason', 'css'),
(21, 17, 'antispam_bee_reason', 'css'),
(22, 18, 'antispam_bee_reason', 'css'),
(23, 19, 'antispam_bee_reason', 'css'),
(24, 20, 'antispam_bee_reason', 'css'),
(25, 21, 'antispam_bee_reason', 'css'),
(26, 22, 'antispam_bee_reason', 'css'),
(27, 23, 'antispam_bee_reason', 'css'),
(28, 24, 'antispam_bee_reason', 'css'),
(29, 25, 'antispam_bee_reason', 'css'),
(30, 26, 'antispam_bee_reason', 'css'),
(31, 27, 'antispam_bee_reason', 'css'),
(32, 28, 'antispam_bee_reason', 'css'),
(33, 29, 'antispam_bee_reason', 'css'),
(34, 30, 'antispam_bee_reason', 'css'),
(35, 31, 'antispam_bee_reason', 'css'),
(36, 32, 'antispam_bee_reason', 'css'),
(37, 33, 'antispam_bee_reason', 'css'),
(38, 34, 'antispam_bee_reason', 'css'),
(39, 35, 'antispam_bee_reason', 'css'),
(40, 36, 'antispam_bee_reason', 'css'),
(41, 37, 'antispam_bee_reason', 'css'),
(42, 38, 'antispam_bee_reason', 'css'),
(43, 39, 'antispam_bee_reason', 'css'),
(44, 40, 'antispam_bee_reason', 'css'),
(45, 41, 'antispam_bee_reason', 'css'),
(46, 42, 'antispam_bee_reason', 'css'),
(47, 43, 'antispam_bee_reason', 'css'),
(48, 44, 'antispam_bee_reason', 'css'),
(49, 45, 'antispam_bee_reason', 'css'),
(50, 46, 'antispam_bee_reason', 'css'),
(51, 47, 'antispam_bee_reason', 'css'),
(52, 48, 'antispam_bee_reason', 'css'),
(53, 49, 'antispam_bee_reason', 'css'),
(54, 50, 'antispam_bee_reason', 'css'),
(55, 51, 'antispam_bee_reason', 'css'),
(56, 52, 'antispam_bee_reason', 'css'),
(57, 53, 'antispam_bee_reason', 'css'),
(58, 54, 'antispam_bee_reason', 'css'),
(59, 55, 'antispam_bee_reason', 'css'),
(60, 56, 'antispam_bee_reason', 'css'),
(61, 57, 'antispam_bee_reason', 'css'),
(62, 58, 'antispam_bee_reason', 'css'),
(63, 59, 'antispam_bee_reason', 'css'),
(64, 60, 'antispam_bee_reason', 'css'),
(65, 61, 'antispam_bee_reason', 'css'),
(66, 62, 'antispam_bee_reason', 'css'),
(67, 63, 'antispam_bee_reason', 'css'),
(68, 64, 'antispam_bee_reason', 'css'),
(69, 66, 'antispam_bee_reason', 'css'),
(70, 67, 'antispam_bee_reason', 'css');

-- --------------------------------------------------------

--
-- Estructura de tabla para la tabla `wp_comments`
--

CREATE TABLE `wp_comments` (
  `comment_ID` bigint(20) UNSIGNED NOT NULL,
  `comment_post_ID` bigint(20) UNSIGNED NOT NULL DEFAULT '0',
  `comment_author` tinytext COLLATE utf8mb4_unicode_520_ci NOT NULL,
  `comment_author_email` varchar(100) COLLATE utf8mb4_unicode_520_ci NOT NULL DEFAULT '',
  `comment_author_url` varchar(200) COLLATE utf8mb4_unicode_520_ci NOT NULL DEFAULT '',
  `comment_author_IP` varchar(100) COLLATE utf8mb4_unicode_520_ci NOT NULL DEFAULT '',
  `comment_date` datetime NOT NULL DEFAULT '0000-00-00 00:00:00',
  `comment_date_gmt` datetime NOT NULL DEFAULT '0000-00-00 00:00:00',
  `comment_content` text COLLATE utf8mb4_unicode_520_ci NOT NULL,
  `comment_karma` int(11) NOT NULL DEFAULT '0',
  `comment_approved` varchar(20) COLLATE utf8mb4_unicode_520_ci NOT NULL DEFAULT '1',
  `comment_agent` varchar(255) COLLATE utf8mb4_unicode_520_ci NOT NULL DEFAULT '',
  `comment_type` varchar(20) COLLATE utf8mb4_unicode_520_ci NOT NULL DEFAULT 'comment',
  `comment_parent` bigint(20) UNSIGNED NOT NULL DEFAULT '0',
  `user_id` bigint(20) UNSIGNED NOT NULL DEFAULT '0'
) ENGINE=InnoDB DEFAULT CHARSET=utf8mb4 COLLATE=utf8mb4_unicode_520_ci;

--
-- Volcado de datos para la tabla `wp_comments`
--

INSERT INTO `wp_comments` (`comment_ID`, `comment_post_ID`, `comment_author`, `comment_author_email`, `comment_author_url`, `comment_author_IP`, `comment_date`, `comment_date_gmt`, `comment_content`, `comment_karma`, `comment_approved`, `comment_agent`, `comment_type`, `comment_parent`, `user_id`) VALUES
(1, 1, 'Un comentarista de WordPress', 'wapuu@wordpress.example', 'https://wordpress.org/', '', '2021-03-28 22:15:28', '2021-03-29 03:15:28', 'Hola, esto es un comentario.\nPara empezar a moderar, editar y borrar comentarios, por favor, visita la pantalla de comentarios en el escritorio.\nLos avatares de los comentaristas provienen de <a href=\"https://gravatar.com\">Gravatar</a>.', 0, 'post-trashed', '', 'comment', 0, 0),
(2, 1, 'ErvinKnito', 'akimova.olva@mail.ru', 'https://assets.falco3d.com/', '5.183.92.235', '2021-04-09 01:12:56', '2021-04-09 06:12:56', 'Get the facts <a href=\"https://assets.falco3d.com/\" / rel=\"nofollow ugc\">asset store</a>', 0, 'post-trashed', 'Mozilla/5.0 (Windows NT 10.0; Win64; x64) AppleWebKit/537.36 (KHTML, like Gecko) Chrome/83.0.4103.44 Safari/537.36 OPR/69.0.3686.7 (Edition beta)', 'comment', 0, 0),
(3, 1, 'DavidmeP', 'zhogovskaya.persisa@mail.ru', 'https://shinomontazh.spb.ru/', '5.183.92.235', '2021-04-09 04:18:58', '2021-04-09 09:18:58', '<a href=\"https://shinomontazh.spb.ru/dopolnitelnye-uslugi/\" / rel=\"nofollow ugc\">Услуги шиномонтажа</a> - Выездной шиномонтаж, Мобильный ремонт шин', 0, 'post-trashed', 'Mozilla/5.0 (Windows NT 10.0; Win64; x64) AppleWebKit/537.36 (KHTML, like Gecko) Chrome/83.0.4103.0 Safari/537.36', 'comment', 0, 0),
(4, 1, 'AnthonyDrato', 'bduninbarkovskaya@mail.ru', 'https://www.youtube.com/channel/UCcJO-52NlDQhglJjjApf7aQ', '5.183.92.235', '2021-04-09 05:56:30', '2021-04-09 10:56:30', 'check out this site  \r\n<a href=\"https://www.youtube.com/channel/UCcJO-52NlDQhglJjjApf7aQ\" rel=\"nofollow ugc\">big ass twerk</a>', 0, 'post-trashed', 'Mozilla/5.0 (Windows NT 6.1; Win64; x64) AppleWebKit/537.36 (KHTML, like Gecko) Chrome/83.0.4093.3 Safari/537.36', 'comment', 0, 0),
(5, 5777, 'נערות ליווי', 'yrexfj@gmail.com', 'https://romantik69.co.il/', '185.193.52.180', '2022-03-20 03:09:11', '2022-03-20 08:09:11', 'Good day! I just wish to give you a huge thumbs up for your excellent information you have got here on this post. I am coming back to your blog for more soon. Good day! I just wish to give you a huge thumbs up for your excellent information you have got here on this post. I am coming back to your blog for more soon. <a href=\"https://romantik69.co.il/%d7%a0%d7%a2%d7%a8%d7%95%d7%aa-%d7%9c%d7%99%d7%95%d7%95%d7%99-%d7%91%d7%91%d7%aa-%d7%99%d7%9d/\" rel=\"nofollow ugc\">נערות ליווי בבת ים</a>', 0, 'spam', 'Mozilla/5.0 (Windows NT 6.1) AppleWebKit/537.36 (KHTML, like Gecko) Chrome/48.0.2564.82 Safari/537.36', 'comment', 0, 0),
(6, 5949, 'נערות ליווי', 'mbh9b47u@gmail.com', 'https://romantik69.co.il/', '193.218.118.156', '2022-03-20 03:10:55', '2022-03-20 08:10:55', 'Good day! I just wish to give you a huge thumbs up for your excellent information you have got here on this post. I am coming back to your blog for more soon. Good day! I just wish to give you a huge thumbs up for your excellent information you have got here on this post. I am coming back to your blog for more soon. <a href=\"https://romantik69.co.il/%d7%a0%d7%a2%d7%a8%d7%95%d7%aa-%d7%9c%d7%99%d7%95%d7%95%d7%99-%d7%91%d7%91%d7%aa-%d7%99%d7%9d/\" rel=\"nofollow ugc\">נערות ליווי בבת ים</a>', 0, 'spam', 'Mozilla/5.0 (Windows NT 6.1; Win64; x64; rv:38.0) Gecko/20100101 Firefox/38.0', 'comment', 0, 0),
(7, 5766, 'נערת ליווי', 'zhrtt7rr@gmail.com', 'https://israelnightclub.com/%D7%A0%D7%A2%D7%A8%D7%95%D7%AA-%D7%9C%D7%99%D7%95%D7%95%D7%99-%D7%91%D7%AA%D7%9C-%D7%90%D7%91%D7%99%D7%91/', '45.72.119.219', '2022-07-30 01:49:03', '2022-07-30 06:49:03', 'Greetings! Very useful advice in this particular article! Its the little changes that will make the largest changes. Many thanks for sharing!', 0, 'spam', 'Mozilla/5.0 (Windows NT 6.3; WOW64) AppleWebKit/537.36 (KHTML, like Gecko) Chrome/37.0.2062.124 Safari/537.36', 'comment', 0, 0),
(8, 5769, 'נערת ליווי', '3gm16jfa4@gmail.com', 'https://israelnightclub.com/%D7%A0%D7%A2%D7%A8%D7%95%D7%AA-%D7%9C%D7%99%D7%95%D7%95%D7%99-%D7%91%D7%AA%D7%9C-%D7%90%D7%91%D7%99%D7%91/', '45.72.55.40', '2022-07-30 01:49:09', '2022-07-30 06:49:09', 'Greetings! Very useful advice in this particular article! Its the little changes that will make the largest changes. Many thanks for sharing!', 0, 'spam', 'Mozilla/5.0 (compatible; MSIE 10.0; Windows NT 6.2; Trident/6.0; Touch; MASEJS)', 'comment', 0, 0),
(9, 5773, 'נערת ליווי', 'hmz6teusc@gmail.com', 'https://israelnightclub.com/%D7%A0%D7%A2%D7%A8%D7%95%D7%AA-%D7%9C%D7%99%D7%95%D7%95%D7%99-%D7%91%D7%AA%D7%9C-%D7%90%D7%91%D7%99%D7%91/', '45.137.84.13', '2022-07-30 01:49:17', '2022-07-30 06:49:17', 'Greetings! Very useful advice in this particular article! Its the little changes that will make the largest changes. Many thanks for sharing!', 0, 'spam', 'Mozilla/5.0 (compatible; MSIE 10.0; Windows NT 6.1; WOW64; Trident/6.0; Touch; ASU2JS)', 'comment', 0, 0),
(10, 5777, 'נערת ליווי', '6a8vfok5ro@gmail.com', 'https://israelnightclub.com/%D7%A0%D7%A2%D7%A8%D7%95%D7%AA-%D7%9C%D7%99%D7%95%D7%95%D7%99-%D7%91%D7%AA%D7%9C-%D7%90%D7%91%D7%99%D7%91/', '45.137.80.91', '2022-07-30 01:49:24', '2022-07-30 06:49:24', 'Greetings! Very useful advice in this particular article! Its the little changes that will make the largest changes. Many thanks for sharing!', 0, 'spam', 'Mozilla/5.0 (Macintosh; Intel Mac OS X 10_10_5) AppleWebKit/601.3.9 (KHTML, like Gecko) Version/9.0.2 Safari/601.3.9', 'comment', 0, 0),
(11, 5781, 'נערת ליווי', '7wlwd9@gmail.com', 'https://israelnightclub.com/%D7%A0%D7%A2%D7%A8%D7%95%D7%AA-%D7%9C%D7%99%D7%95%D7%95%D7%99-%D7%91%D7%AA%D7%9C-%D7%90%D7%91%D7%99%D7%91/', '45.140.13.151', '2022-07-30 01:49:30', '2022-07-30 06:49:30', 'Greetings! Very useful advice in this particular article! Its the little changes that will make the largest changes. Many thanks for sharing!', 0, 'spam', 'Mozilla/5.0 (Windows NT 6.1; WOW64) AppleWebKit/537.36 (KHTML, like Gecko) Chrome/39.0.2171.95 Safari/537.36 OPR/26.0.1656.60', 'comment', 0, 0),
(12, 5785, 'נערת ליווי', '5574ge1yp@gmail.com', 'https://israelnightclub.com/%D7%A0%D7%A2%D7%A8%D7%95%D7%AA-%D7%9C%D7%99%D7%95%D7%95%D7%99-%D7%91%D7%AA%D7%9C-%D7%90%D7%91%D7%99%D7%91/', '64.43.89.202', '2022-07-30 01:49:37', '2022-07-30 06:49:37', 'Greetings! Very useful advice in this particular article! Its the little changes that will make the largest changes. Many thanks for sharing!', 0, 'spam', 'Mozilla/5.0 (Windows NT 10.0) AppleWebKit/537.36 (KHTML, like Gecko) Chrome/48.0.2564.82 Safari/537.36 OPR/35.0.2066.37', 'comment', 0, 0),
(13, 5789, 'נערת ליווי', 'u7o52a@gmail.com', 'https://israelnightclub.com/%D7%A0%D7%A2%D7%A8%D7%95%D7%AA-%D7%9C%D7%99%D7%95%D7%95%D7%99-%D7%91%D7%AA%D7%9C-%D7%90%D7%91%D7%99%D7%91/', '45.137.84.175', '2022-07-30 01:49:46', '2022-07-30 06:49:46', 'Greetings! Very useful advice in this particular article! Its the little changes that will make the largest changes. Many thanks for sharing!', 0, 'spam', 'Mozilla/5.0 (Windows NT 6.1; rv:39.0) Gecko/20120403211507 Firefox/39.0', 'comment', 0, 0),
(14, 5794, 'נערת ליווי', 'ilakvloly@gmail.com', 'https://israelnightclub.com/%D7%A0%D7%A2%D7%A8%D7%95%D7%AA-%D7%9C%D7%99%D7%95%D7%95%D7%99-%D7%91%D7%AA%D7%9C-%D7%90%D7%91%D7%99%D7%91/', '45.145.56.152', '2022-07-30 01:49:53', '2022-07-30 06:49:53', 'Greetings! Very useful advice in this particular article! Its the little changes that will make the largest changes. Many thanks for sharing!', 0, 'spam', 'Mozilla/5.0 (Windows NT 5.1; rv:44.0) Gecko/20100101 Firefox/44.0', 'comment', 0, 0),
(15, 5949, 'נערת ליווי', 'uy1d1q4g@gmail.com', 'https://israelnightclub.com/%D7%A0%D7%A2%D7%A8%D7%95%D7%AA-%D7%9C%D7%99%D7%95%D7%95%D7%99-%D7%91%D7%AA%D7%9C-%D7%90%D7%91%D7%99%D7%91/', '113.30.152.91', '2022-07-30 01:50:00', '2022-07-30 06:50:00', 'Greetings! Very useful advice in this particular article! Its the little changes that will make the largest changes. Many thanks for sharing!', 0, 'spam', 'Mozilla/5.0 (Macintosh; Intel Mac OS X 10_11_1) AppleWebKit/601.2.7 (KHTML, like Gecko) Version/9.0.1 Safari/601.2.7', 'comment', 0, 0),
(16, 5953, 'נערת ליווי', '62v9fy08af@gmail.com', 'https://israelnightclub.com/%D7%A0%D7%A2%D7%A8%D7%95%D7%AA-%D7%9C%D7%99%D7%95%D7%95%D7%99-%D7%91%D7%AA%D7%9C-%D7%90%D7%91%D7%99%D7%91/', '45.72.55.43', '2022-07-30 01:50:07', '2022-07-30 06:50:07', 'Greetings! Very useful advice in this particular article! Its the little changes that will make the largest changes. Many thanks for sharing!', 0, 'spam', 'Mozilla/5.0 (Windows NT 6.1) AppleWebKit/537.36 (KHTML, like Gecko) Chrome/40.0.2214.115 YaBrowser/15.2.2214.3645 Safari/537.36', 'comment', 0, 0),
(17, 5766, 'מחפשים דירות דיסקרטיות בראשון לציון ?', 'pzh41y@gmail.com', 'https://www.israelxclub.co.il/girls-cat/%D7%93%D7%99%D7%A8%D7%95%D7%AA-%D7%93%D7%99%D7%A1%D7%A7%D7%A8%D7%98%D7%99%D7%95%D7%AA-%D7%91%D7%A8%D7%90%D7%A9%D7%95%D7%9F-%D7%9C%D7%A6%D7%99%D7%95%D7%9F/', '154.85.124.189', '2022-08-02 14:54:39', '2022-08-02 19:54:39', 'You should be a part of a contest for one of the greatest blogs online. I am going to recommend this site!', 0, 'spam', 'Mozilla/5.0 (Windows NT 5.1; rv:8.0.1) Gecko/20100101 Firefox/8.0.1', 'comment', 0, 0),
(18, 5769, 'מחפשים דירות דיסקרטיות בראשון לציון ?', 'dmtznfvhx@gmail.com', 'https://www.israelxclub.co.il/girls-cat/%D7%93%D7%99%D7%A8%D7%95%D7%AA-%D7%93%D7%99%D7%A1%D7%A7%D7%A8%D7%98%D7%99%D7%95%D7%AA-%D7%91%D7%A8%D7%90%D7%A9%D7%95%D7%9F-%D7%9C%D7%A6%D7%99%D7%95%D7%9F/', '154.85.124.11', '2022-08-02 14:54:47', '2022-08-02 19:54:47', 'You should be a part of a contest for one of the greatest blogs online. I am going to recommend this site!', 0, 'spam', 'Mozilla/5.0 (Windows NT 6.1; WOW64) AppleWebKit/537.36 (KHTML, like Gecko) Chrome/47.0.2526.106 Safari/537.36', 'comment', 0, 0),
(19, 5773, 'מחפשים דירות דיסקרטיות בראשון לציון ?', 'ln915f8d7d@gmail.com', 'https://www.israelxclub.co.il/girls-cat/%D7%93%D7%99%D7%A8%D7%95%D7%AA-%D7%93%D7%99%D7%A1%D7%A7%D7%A8%D7%98%D7%99%D7%95%D7%AA-%D7%91%D7%A8%D7%90%D7%A9%D7%95%D7%9F-%D7%9C%D7%A6%D7%99%D7%95%D7%9F/', '138.128.59.175', '2022-08-02 14:55:05', '2022-08-02 19:55:05', 'You should be a part of a contest for one of the greatest blogs online. I am going to recommend this site!', 0, 'spam', 'Mozilla/5.0 (compatible; MSIE 10.0; Windows NT 6.2; Trident/6.0; Touch; MALNJS)', 'comment', 0, 0),
(20, 5777, 'מחפשים דירות דיסקרטיות בראשון לציון ?', '6ngmq795@gmail.com', 'https://www.israelxclub.co.il/girls-cat/%D7%93%D7%99%D7%A8%D7%95%D7%AA-%D7%93%D7%99%D7%A1%D7%A7%D7%A8%D7%98%D7%99%D7%95%D7%AA-%D7%91%D7%A8%D7%90%D7%A9%D7%95%D7%9F-%D7%9C%D7%A6%D7%99%D7%95%D7%9F/', '45.72.55.221', '2022-08-02 14:55:14', '2022-08-02 19:55:14', 'You should be a part of a contest for one of the greatest blogs online. I am going to recommend this site!', 0, 'spam', 'Mozilla/5.0 (Windows NT 6.2; Win64; x64) AppleWebKit/537.36 (KHTML, like Gecko) Chrome/32.0.1667.0 Safari/537.36', 'comment', 0, 0),
(21, 5785, 'מחפשים דירות דיסקרטיות בראשון לציון ?', 'dy5fzdk@gmail.com', 'https://www.israelxclub.co.il/girls-cat/%D7%93%D7%99%D7%A8%D7%95%D7%AA-%D7%93%D7%99%D7%A1%D7%A7%D7%A8%D7%98%D7%99%D7%95%D7%AA-%D7%91%D7%A8%D7%90%D7%A9%D7%95%D7%9F-%D7%9C%D7%A6%D7%99%D7%95%D7%9F/', '45.72.55.207', '2022-08-02 14:55:31', '2022-08-02 19:55:31', 'You should be a part of a contest for one of the greatest blogs online. I am going to recommend this site!', 0, 'spam', 'Mozilla/5.0 (Windows; U; Windows NT 5.1; de-AT; rv:1.5) Gecko/20031007', 'comment', 0, 0),
(22, 5789, 'מחפשים דירות דיסקרטיות בראשון לציון ?', 'j8ih6l0tx0@gmail.com', 'https://www.israelxclub.co.il/girls-cat/%D7%93%D7%99%D7%A8%D7%95%D7%AA-%D7%93%D7%99%D7%A1%D7%A7%D7%A8%D7%98%D7%99%D7%95%D7%AA-%D7%91%D7%A8%D7%90%D7%A9%D7%95%D7%9F-%D7%9C%D7%A6%D7%99%D7%95%D7%9F/', '138.128.59.175', '2022-08-02 14:55:40', '2022-08-02 19:55:40', 'You should be a part of a contest for one of the greatest blogs online. I am going to recommend this site!', 0, 'spam', 'Mozilla/5.0 (Windows NT 6.1; Win64; x64) AppleWebKit/537.36 (KHTML, like Gecko) Chrome/46.0.2490.80 Safari/537.36', 'comment', 0, 0),
(23, 5794, 'מחפשים דירות דיסקרטיות בראשון לציון ?', '2ztv9hg@gmail.com', 'https://www.israelxclub.co.il/girls-cat/%D7%93%D7%99%D7%A8%D7%95%D7%AA-%D7%93%D7%99%D7%A1%D7%A7%D7%A8%D7%98%D7%99%D7%95%D7%AA-%D7%91%D7%A8%D7%90%D7%A9%D7%95%D7%9F-%D7%9C%D7%A6%D7%99%D7%95%D7%9F/', '154.95.1.103', '2022-08-02 14:55:49', '2022-08-02 19:55:49', 'You should be a part of a contest for one of the greatest blogs online. I am going to recommend this site!', 0, 'spam', 'Mozilla/5.0 (Windows NT 6.1; WOW64) AppleWebKit/537.36 (KHTML, like Gecko) Chrome/43.0.2357.134 Safari/537.36', 'comment', 0, 0),
(24, 5949, 'מחפשים דירות דיסקרטיות בראשון לציון ?', '0cgpujz15@gmail.com', 'https://www.israelxclub.co.il/girls-cat/%D7%93%D7%99%D7%A8%D7%95%D7%AA-%D7%93%D7%99%D7%A1%D7%A7%D7%A8%D7%98%D7%99%D7%95%D7%AA-%D7%91%D7%A8%D7%90%D7%A9%D7%95%D7%9F-%D7%9C%D7%A6%D7%99%D7%95%D7%9F/', '45.153.22.244', '2022-08-02 14:55:58', '2022-08-02 19:55:58', 'You should be a part of a contest for one of the greatest blogs online. I am going to recommend this site!', 0, 'spam', 'Mozilla/5.0 (Windows NT 6.1; WOW64) AppleWebKit/537.36 (KHTML, like Gecko) Chrome/46.0.2490.86 YaBrowser/15.12.1.6478 Safari/537.36', 'comment', 0, 0),
(25, 5953, 'מחפשים דירות דיסקרטיות בראשון לציון ?', '1jit4qec@gmail.com', 'https://www.israelxclub.co.il/girls-cat/%D7%93%D7%99%D7%A8%D7%95%D7%AA-%D7%93%D7%99%D7%A1%D7%A7%D7%A8%D7%98%D7%99%D7%95%D7%AA-%D7%91%D7%A8%D7%90%D7%A9%D7%95%D7%9F-%D7%9C%D7%A6%D7%99%D7%95%D7%9F/', '45.136.228.122', '2022-08-02 14:56:04', '2022-08-02 19:56:04', 'You should be a part of a contest for one of the greatest blogs online. I am going to recommend this site!', 0, 'spam', 'Mozilla/5.0 (Windows NT 6.1; WOW64) AppleWebKit/537.36 (KHTML, like Gecko) Chrome/43.0.2357.65 Safari/537.36', 'comment', 0, 0),
(26, 5766, 'israelnightclub', 'o0h5g2@gmail.com', 'https://israelnightclub.com/apartments/%D7%93%D7%99%D7%A8%D7%95%D7%AA-%D7%93%D7%99%D7%A1%D7%A7%D7%A8%D7%98%D7%99%D7%95%D7%AA/', '45.8.134.98', '2022-08-24 10:13:11', '2022-08-24 15:13:11', 'Itís difficult to find experienced people in this particular topic, but you seem like you know what youíre talking about! Thanks', 0, 'spam', 'Mozilla/5.0 (Windows NT 5.1; rv:19.0) Gecko/20100101 Firefox/19.0', 'comment', 0, 0),
(27, 5769, 'israelnightclub', '04uge1deue@gmail.com', 'https://israelnightclub.com/apartments/%D7%93%D7%99%D7%A8%D7%95%D7%AA-%D7%93%D7%99%D7%A1%D7%A7%D7%A8%D7%98%D7%99%D7%95%D7%AA/', '154.92.116.70', '2022-08-24 10:13:19', '2022-08-24 15:13:19', 'Itís difficult to find experienced people in this particular topic, but you seem like you know what youíre talking about! Thanks', 0, 'spam', 'Mozilla/5.0 (Macintosh; Intel Mac OS X 10_10_5) AppleWebKit/601.3.9 (KHTML, like Gecko) Version/9.0.2 Safari/601.3.9', 'comment', 0, 0),
(28, 5773, 'israelnightclub', 'ham137@gmail.com', 'https://israelnightclub.com/apartments/%D7%93%D7%99%D7%A8%D7%95%D7%AA-%D7%93%D7%99%D7%A1%D7%A7%D7%A8%D7%98%D7%99%D7%95%D7%AA/', '45.128.24.117', '2022-08-24 10:13:27', '2022-08-24 15:13:27', 'Itís difficult to find experienced people in this particular topic, but you seem like you know what youíre talking about! Thanks', 0, 'spam', 'Opera/9.80 (Windows NT 6.2; Win64; x64) Presto/2.12.388 Version/12.16', 'comment', 0, 0),
(29, 5777, 'israelnightclub', 'ffkauankg@gmail.com', 'https://israelnightclub.com/apartments/%D7%93%D7%99%D7%A8%D7%95%D7%AA-%D7%93%D7%99%D7%A1%D7%A7%D7%A8%D7%98%D7%99%D7%95%D7%AA/', '45.145.56.182', '2022-08-24 10:13:35', '2022-08-24 15:13:35', 'Itís difficult to find experienced people in this particular topic, but you seem like you know what youíre talking about! Thanks', 0, 'spam', 'Mozilla/5.0 (Windows NT 6.1) AppleWebKit/537.36 (KHTML, like Gecko) Chrome/48.0.2564.82 Safari/537.36 OPR/35.0.2066.37 (Edition Campaign 38)', 'comment', 0, 0),
(30, 5781, 'israelnightclub', '7n6ymmt@gmail.com', 'https://israelnightclub.com/apartments/%D7%93%D7%99%D7%A8%D7%95%D7%AA-%D7%93%D7%99%D7%A1%D7%A7%D7%A8%D7%98%D7%99%D7%95%D7%AA/', '45.72.55.53', '2022-08-24 10:13:44', '2022-08-24 15:13:44', 'Itís difficult to find experienced people in this particular topic, but you seem like you know what youíre talking about! Thanks', 0, 'spam', 'Mozilla/5.0 (Windows NT 6.1; WOW64) AppleWebKit/537.36 (KHTML, like Gecko) Chrome/44.0.2403.157 YaBrowser/15.9.2403.3043 Safari/537.36', 'comment', 0, 0),
(31, 5785, 'israelnightclub', 'rjmgi4p@gmail.com', 'https://israelnightclub.com/apartments/%D7%93%D7%99%D7%A8%D7%95%D7%AA-%D7%93%D7%99%D7%A1%D7%A7%D7%A8%D7%98%D7%99%D7%95%D7%AA/', '45.72.55.53', '2022-08-24 10:14:15', '2022-08-24 15:14:15', 'Itís difficult to find experienced people in this particular topic, but you seem like you know what youíre talking about! Thanks', 0, 'spam', 'Mozilla/5.0 (Windows NT 6.1; WOW64) AppleWebKit/537.36 (KHTML, like Gecko) Chrome/44.0.2403.157 YaBrowser/15.9.2403.3043 Safari/537.36', 'comment', 0, 0),
(32, 5789, 'israelnightclub', 'iqi0u1wt2@gmail.com', 'https://israelnightclub.com/apartments/%D7%93%D7%99%D7%A8%D7%95%D7%AA-%D7%93%D7%99%D7%A1%D7%A7%D7%A8%D7%98%D7%99%D7%95%D7%AA/', '45.72.55.53', '2022-08-24 10:14:46', '2022-08-24 15:14:46', 'Itís difficult to find experienced people in this particular topic, but you seem like you know what youíre talking about! Thanks', 0, 'spam', 'Mozilla/5.0 (Windows NT 6.1; WOW64) AppleWebKit/537.36 (KHTML, like Gecko) Chrome/44.0.2403.157 YaBrowser/15.9.2403.3043 Safari/537.36', 'comment', 0, 0),
(33, 5794, 'israelnightclub', '6wy3y0ju@gmail.com', 'https://israelnightclub.com/apartments/%D7%93%D7%99%D7%A8%D7%95%D7%AA-%D7%93%D7%99%D7%A1%D7%A7%D7%A8%D7%98%D7%99%D7%95%D7%AA/', '45.72.55.53', '2022-08-24 10:15:13', '2022-08-24 15:15:13', 'Itís difficult to find experienced people in this particular topic, but you seem like you know what youíre talking about! Thanks', 0, 'spam', 'Mozilla/5.0 (Windows NT 6.1; WOW64) AppleWebKit/537.36 (KHTML, like Gecko) Chrome/44.0.2403.157 YaBrowser/15.9.2403.3043 Safari/537.36', 'comment', 0, 0),
(34, 5949, 'israelnightclub', 'axrhwvoi@gmail.com', 'https://israelnightclub.com/apartments/%D7%93%D7%99%D7%A8%D7%95%D7%AA-%D7%93%D7%99%D7%A1%D7%A7%D7%A8%D7%98%D7%99%D7%95%D7%AA/', '45.72.55.53', '2022-08-24 10:15:39', '2022-08-24 15:15:39', 'Itís difficult to find experienced people in this particular topic, but you seem like you know what youíre talking about! Thanks', 0, 'spam', 'Mozilla/5.0 (Windows NT 6.1; WOW64) AppleWebKit/537.36 (KHTML, like Gecko) Chrome/44.0.2403.157 YaBrowser/15.9.2403.3043 Safari/537.36', 'comment', 0, 0),
(35, 5953, 'israelnightclub', '7n2yo0h@gmail.com', 'https://israelnightclub.com/apartments/%D7%93%D7%99%D7%A8%D7%95%D7%AA-%D7%93%D7%99%D7%A1%D7%A7%D7%A8%D7%98%D7%99%D7%95%D7%AA/', '45.72.55.53', '2022-08-24 10:16:05', '2022-08-24 15:16:05', 'Itís difficult to find experienced people in this particular topic, but you seem like you know what youíre talking about! Thanks', 0, 'spam', 'Mozilla/5.0 (Windows NT 6.1; WOW64) AppleWebKit/537.36 (KHTML, like Gecko) Chrome/44.0.2403.157 YaBrowser/15.9.2403.3043 Safari/537.36', 'comment', 0, 0),
(36, 5794, 'Mark', 'credinmora1975@gmail.com', 'https://tnr69-00.top/', '188.134.68.55', '2022-09-06 17:04:09', '2022-09-06 22:04:09', 'Thanks for your blog, nice to read. Do not stop.', 0, 'spam', 'Mozilla/5.0 (Windows NT 10.0; Win64; x64) AppleWebKit/537.36 (KHTML, like Gecko) Chrome/104.0.0.0 Safari/537.36', 'comment', 0, 0),
(37, 5766, 'דירות דיסקרטיות בירושלים-israelnightclub', 'xoe9dngj6o@gmail.com', 'https://israelnightclub.com/apartments/%d7%93%d7%99%d7%a8%d7%95%d7%aa-%d7%93%d7%99%d7%a1%d7%a7%d7%a8%d7%98%d7%99%d7%95%d7%aa-%d7%91%d7%99%d7%a8%d7%95%d7%a9%d7%9c%d7%99%d7%9d/', '45.192.140.31', '2022-09-10 03:01:24', '2022-09-10 08:01:24', 'Everything is very open with a precise clarification of the challenges. It was definitely informative. Your site is useful. Thanks for sharing!', 0, 'spam', 'Opera/9.80 (Windows NT 5.1; WOW64) Presto/2.12.388 Version/12.17', 'comment', 0, 0),
(38, 5766, 'israelnightclub', '0ym7gdh@gmail.com', 'https://israelnightclub.com/apartments/%d7%93%d7%99%d7%a8%d7%95%d7%aa-%d7%93%d7%99%d7%a1%d7%a7%d7%a8%d7%98%d7%99%d7%95%d7%aa-%d7%91%d7%97%d7%99%d7%a4%d7%94/', '45.154.84.149', '2022-09-19 20:32:52', '2022-09-20 01:32:52', 'Itís difficult to find educated people for this topic, however, you seem like you know what youíre talking about! Thanks', 0, 'spam', 'Mozilla/5.0 (Windows NT 10.0; rv:44.0) Gecko/20100101 Firefox/44.0', 'comment', 0, 0),
(39, 5766, 'Content Generator', 'dkr1sxu1ap@gmail.com', 'https://stanford.io/3FXszd0', '37.35.40.123', '2022-11-07 13:01:54', '2022-11-07 18:01:54', '👉 And make sure to thank me later when this tool has changed the way you create content :). Click Here:👉 https://stanford.io/3FXszd0', 0, 'spam', 'Mozilla/5.0 (Windows NT 6.3; WOW64) AppleWebKit/537.36 (KHTML, like Gecko) Chrome/34.0.1847.131 Safari/537.36', 'comment', 0, 0),
(40, 5766, 'Content Generator', '6f990f23yw51@gmail.com', 'https://stanford.io/3FXszd0', '198.20.191.117', '2022-11-17 15:19:49', '2022-11-17 20:19:49', '﻿Artificial intelligence creates content for the site, no worse than a copywriter, you can also use it to write articles. 100% uniqueness :). Click Here:👉 https://stanford.io/3FXszd0', 0, 'spam', 'Mozilla/5.0 (Windows NT 6.1) AppleWebKit/537.36 (KHTML, like Gecko) Chrome/38.0.2125.111 Safari/537.36', 'comment', 0, 0),
(41, 5769, 'Content Generator', 'b6llpnxpm@gmail.com', 'https://stanford.io/3FXszd0', '198.20.191.117', '2022-11-17 15:21:02', '2022-11-17 20:21:02', '﻿Artificial intelligence creates content for the site, no worse than a copywriter, you can also use it to write articles. 100% uniqueness :). Click Here:👉 https://stanford.io/3FXszd0', 0, 'spam', 'Mozilla/5.0 (Windows NT 6.1) AppleWebKit/537.36 (KHTML, like Gecko) Chrome/38.0.2125.111 Safari/537.36', 'comment', 0, 0),
(42, 5773, 'Content Generator', '52vc7hh97@gmail.com', 'https://stanford.io/3FXszd0', '198.20.191.117', '2022-11-17 15:22:11', '2022-11-17 20:22:11', '﻿Artificial intelligence creates content for the site, no worse than a copywriter, you can also use it to write articles. 100% uniqueness :). Click Here:👉 https://stanford.io/3FXszd0', 0, 'spam', 'Mozilla/5.0 (Windows NT 6.1) AppleWebKit/537.36 (KHTML, like Gecko) Chrome/38.0.2125.111 Safari/537.36', 'comment', 0, 0),
(43, 5777, 'Content Generator', 'nia3n1y1rlkr@gmail.com', 'https://stanford.io/3FXszd0', '198.20.191.117', '2022-11-17 15:23:23', '2022-11-17 20:23:23', '﻿Artificial intelligence creates content for the site, no worse than a copywriter, you can also use it to write articles. 100% uniqueness :). Click Here:👉 https://stanford.io/3FXszd0', 0, 'spam', 'Mozilla/5.0 (Windows NT 6.1) AppleWebKit/537.36 (KHTML, like Gecko) Chrome/38.0.2125.111 Safari/537.36', 'comment', 0, 0),
(44, 5781, 'Content Generator', 'wmqjrygp5qu@gmail.com', 'https://stanford.io/3FXszd0', '198.20.191.117', '2022-11-17 15:24:44', '2022-11-17 20:24:44', '﻿Artificial intelligence creates content for the site, no worse than a copywriter, you can also use it to write articles. 100% uniqueness :). Click Here:👉 https://stanford.io/3FXszd0', 0, 'spam', 'Mozilla/5.0 (Windows NT 6.1) AppleWebKit/537.36 (KHTML, like Gecko) Chrome/38.0.2125.111 Safari/537.36', 'comment', 0, 0),
(45, 5785, 'Content Generator', 'faip7ftr@gmail.com', 'https://stanford.io/3FXszd0', '198.20.191.117', '2022-11-17 15:26:01', '2022-11-17 20:26:01', '﻿Artificial intelligence creates content for the site, no worse than a copywriter, you can also use it to write articles. 100% uniqueness :). Click Here:👉 https://stanford.io/3FXszd0', 0, 'spam', 'Mozilla/5.0 (Windows NT 6.1) AppleWebKit/537.36 (KHTML, like Gecko) Chrome/38.0.2125.111 Safari/537.36', 'comment', 0, 0),
(46, 5789, 'Content Generator', '12oxplwu1ye@gmail.com', 'https://stanford.io/3FXszd0', '198.20.191.117', '2022-11-17 15:27:22', '2022-11-17 20:27:22', '﻿Artificial intelligence creates content for the site, no worse than a copywriter, you can also use it to write articles. 100% uniqueness :). Click Here:👉 https://stanford.io/3FXszd0', 0, 'spam', 'Mozilla/5.0 (Windows NT 6.1) AppleWebKit/537.36 (KHTML, like Gecko) Chrome/38.0.2125.111 Safari/537.36', 'comment', 0, 0),
(47, 5794, 'Content Generator', 'qkjm2unvy6w@gmail.com', 'https://stanford.io/3FXszd0', '198.20.191.117', '2022-11-17 15:28:36', '2022-11-17 20:28:36', '﻿Artificial intelligence creates content for the site, no worse than a copywriter, you can also use it to write articles. 100% uniqueness :). Click Here:👉 https://stanford.io/3FXszd0', 0, 'spam', 'Mozilla/5.0 (Windows NT 6.1) AppleWebKit/537.36 (KHTML, like Gecko) Chrome/38.0.2125.111 Safari/537.36', 'comment', 0, 0),
(48, 5949, 'Content Generator', 'ixvydsev05@gmail.com', 'https://stanford.io/3FXszd0', '198.20.191.117', '2022-11-17 15:29:52', '2022-11-17 20:29:52', '﻿Artificial intelligence creates content for the site, no worse than a copywriter, you can also use it to write articles. 100% uniqueness :). Click Here:👉 https://stanford.io/3FXszd0', 0, 'spam', 'Mozilla/5.0 (Windows NT 6.1) AppleWebKit/537.36 (KHTML, like Gecko) Chrome/38.0.2125.111 Safari/537.36', 'comment', 0, 0),
(49, 5953, 'Content Generator', 'ru2kq7l@gmail.com', 'https://stanford.io/3FXszd0', '198.20.191.117', '2022-11-17 15:30:52', '2022-11-17 20:30:52', '﻿Artificial intelligence creates content for the site, no worse than a copywriter, you can also use it to write articles. 100% uniqueness :). Click Here:👉 https://stanford.io/3FXszd0', 0, 'spam', 'Mozilla/5.0 (Windows NT 6.1) AppleWebKit/537.36 (KHTML, like Gecko) Chrome/38.0.2125.111 Safari/537.36', 'comment', 0, 0),
(50, 5794, '1xbet зеркало рабочее прямо сейчас', 'blenthumatne1975@gmail.com', 'https://bet-promokod.ru/', '188.134.68.55', '2023-02-21 21:17:58', '2023-02-22 02:17:58', '1xBet является очень популярных на рынке. <a href=\"https://bet-promokod.ru/\" rel=\"nofollow ugc\">1xbet зеркало рабочее прямо сейчас</a> Огромный выбор спортивных и киберспортивных событий, множество открытых линий, высочайшие коэффициенты. Кроме того, БК имеет широкий функционал и одна из немногих дает возможность совершать ставки по специальным промокодам. Используя их, вы можете получить реальный денежный выигрыш, не внося абсолютно никаких средств. Фантастика? – Нет, Реальность Узнать актуальный промокод вы можете сейчас же, однако использовать его необходимо в соответствии с условиями и инструкциями, которые приведены ниже.', 0, 'spam', 'Mozilla/5.0 (Windows NT 10.0; Win64; x64) AppleWebKit/537.36 (KHTML, like Gecko) Chrome/108.0.0.0 Safari/537.36', 'comment', 0, 0),
(51, 5766, 'נערות ליווי בקריות', '9e9dazbx@gmail.com', 'https://boacars-lover-israely.sa.com/categors/Escort-girls-in-Kiryat.php', '45.192.134.167', '2023-04-20 01:23:45', '2023-04-20 06:23:45', 'An interesting discussion is definitely worth comment. I do believe that you should publish more about this subject, it may not be a taboo matter but typically people dont discuss these subjects. To the next! Many thanks!!', 0, 'spam', 'Mozilla/5.0 (Windows NT 5.1) AppleWebKit/537.36 (KHTML, like Gecko) Chrome/46.0.2490.86 YaBrowser/15.12.1.6476 Yowser/2.5 Safari/537.36', 'comment', 0, 0),
(52, 5769, 'נערות ליווי בקריות', 'lznss854@gmail.com', 'https://boacars-lover-israely.sa.com/categors/Escort-girls-in-Kiryat.php', '5.154.254.132', '2023-04-20 01:23:55', '2023-04-20 06:23:55', 'An interesting discussion is definitely worth comment. I do believe that you should publish more about this subject, it may not be a taboo matter but typically people dont discuss these subjects. To the next! Many thanks!!', 0, 'spam', 'Mozilla/5.0 (Macintosh; Intel Mac OS X 10_9_2) AppleWebKit/537.75.14 (KHTML, like Gecko) Version/7.0.3 Safari/537.75.14', 'comment', 0, 0),
(53, 5773, 'נערות ליווי בקריות', 'xkyio5@gmail.com', 'https://boacars-lover-israely.sa.com/categors/Escort-girls-in-Kiryat.php', '107.173.137.42', '2023-04-20 01:24:04', '2023-04-20 06:24:04', 'An interesting discussion is definitely worth comment. I do believe that you should publish more about this subject, it may not be a taboo matter but typically people dont discuss these subjects. To the next! Many thanks!!', 0, 'spam', 'Mozilla/5.0 (Macintosh; I; Intel Mac OS X 11_7_9; de-LI; rv:1.9b4) Gecko/2012010317 Firefox/10.0a4', 'comment', 0, 0),
(54, 5777, 'נערות ליווי בקריות', 'hfudn45cx@gmail.com', 'https://boacars-lover-israely.sa.com/categors/Escort-girls-in-Kiryat.php', '45.61.121.189', '2023-04-20 01:24:12', '2023-04-20 06:24:12', 'An interesting discussion is definitely worth comment. I do believe that you should publish more about this subject, it may not be a taboo matter but typically people dont discuss these subjects. To the next! Many thanks!!', 0, 'spam', 'Mozilla/5.0 (compatible; MSIE 10.0; Windows NT 6.2; Trident/6.0; MASPJS)', 'comment', 0, 0),
(55, 5781, 'נערות ליווי בקריות', 'uc7xrjybz4@gmail.com', 'https://boacars-lover-israely.sa.com/categors/Escort-girls-in-Kiryat.php', '64.137.101.231', '2023-04-20 01:24:19', '2023-04-20 06:24:19', 'An interesting discussion is definitely worth comment. I do believe that you should publish more about this subject, it may not be a taboo matter but typically people dont discuss these subjects. To the next! Many thanks!!', 0, 'spam', 'Mozilla/5.0 (Windows NT 6.1; WOW64) AppleWebKit/537.36 (KHTML, like Gecko) Chrome/45.0.2454.99 Safari/537.36', 'comment', 0, 0),
(56, 5785, 'נערות ליווי בקריות', 'i4ivoi5i@gmail.com', 'https://boacars-lover-israely.sa.com/categors/Escort-girls-in-Kiryat.php', '104.227.145.65', '2023-04-20 01:24:27', '2023-04-20 06:24:27', 'An interesting discussion is definitely worth comment. I do believe that you should publish more about this subject, it may not be a taboo matter but typically people dont discuss these subjects. To the next! Many thanks!!', 0, 'spam', 'Mozilla/5.0 (Windows NT 6.2; WOW64) AppleWebKit/537.36 (KHTML, like Gecko) Chrome/46.0.2490.80 Safari/537.36', 'comment', 0, 0),
(57, 5789, 'נערות ליווי בקריות', 'ucmqzm@gmail.com', 'https://boacars-lover-israely.sa.com/categors/Escort-girls-in-Kiryat.php', '104.239.88.64', '2023-04-20 01:24:34', '2023-04-20 06:24:34', 'An interesting discussion is definitely worth comment. I do believe that you should publish more about this subject, it may not be a taboo matter but typically people dont discuss these subjects. To the next! Many thanks!!', 0, 'spam', 'Opera/9.80 (Windows NT 6.1; WOW64; Edition Yx 01) Presto/2.12.388 Version/12.11', 'comment', 0, 0),
(58, 5794, 'נערות ליווי בקריות', 'oza323@gmail.com', 'https://boacars-lover-israely.sa.com/categors/Escort-girls-in-Kiryat.php', '107.173.137.42', '2023-04-20 01:24:46', '2023-04-20 06:24:46', 'An interesting discussion is definitely worth comment. I do believe that you should publish more about this subject, it may not be a taboo matter but typically people dont discuss these subjects. To the next! Many thanks!!', 0, 'spam', 'Mozilla/5.0 (Windows NT 6.3) AppleWebKit/537.36 (KHTML, like Gecko) Chrome/37.0.2062.124 YaBrowser/14.10.2062.12521 Safari/537.36', 'comment', 0, 0),
(59, 5949, 'נערות ליווי בקריות', 'hr3irs6@gmail.com', 'https://boacars-lover-israely.sa.com/categors/Escort-girls-in-Kiryat.php', '23.229.101.205', '2023-04-20 01:24:53', '2023-04-20 06:24:53', 'An interesting discussion is definitely worth comment. I do believe that you should publish more about this subject, it may not be a taboo matter but typically people dont discuss these subjects. To the next! Many thanks!!', 0, 'spam', 'Mozilla/5.0 (Windows NT 6.1; Win64; x64) AppleWebKit/537.36 (KHTML, like Gecko) Chrome/49.0.2623.47 Safari/537.36', 'comment', 0, 0),
(60, 5953, 'נערות ליווי בקריות', 'pv2uz1@gmail.com', 'https://boacars-lover-israely.sa.com/categors/Escort-girls-in-Kiryat.php', '198.23.147.158', '2023-04-20 01:25:00', '2023-04-20 06:25:00', 'An interesting discussion is definitely worth comment. I do believe that you should publish more about this subject, it may not be a taboo matter but typically people dont discuss these subjects. To the next! Many thanks!!', 0, 'spam', 'Opera/9.80 (Windows NT 6.1) Presto/2.12.388 Version/12.12', 'comment', 0, 0),
(61, 5766, 'דירות דיסקרטיות בכפר סבא', 'hsx5f9@gmail.com', 'https://companionbrokers.com/girl/Discreet-apartments-in-Netanya-bottlolicong-13.php', '104.232.211.74', '2023-04-24 01:03:59', '2023-04-24 06:03:59', 'When I initially left a comment I seem to have clicked on the -Notify me when new comments are added- checkbox and from now on every time a comment is added I recieve four emails with the exact same comment. Perhaps there is a means you can remove me from that service? Kudos!', 0, 'spam', 'Mozilla/5.0 (Windows NT 6.2; WOW64) AppleWebKit/537.36 (KHTML, like Gecko) Chrome/48.0.2564.82 Safari/537.36 OPR/35.0.2066.37 (Edition Campaign 67)', 'comment', 0, 0),
(62, 5766, 'שירותי ליווי בחדרה', '80vsdz1i@gmail.com', 'https://boacars-lover-israely.sa.com/categors/Escort-girls-in-her-room.php', '168.181.228.5', '2023-05-16 14:14:25', '2023-05-16 19:14:25', 'Everything is very open with a very clear description of the challenges. It was definitely informative. Your site is very useful. Thanks for sharing!', 0, 'spam', 'Opera/7.54 (Windows NT 5.1; U)  [pl]', 'comment', 0, 0),
(63, 5794, '🌍 Hello World!*hs=d603f05fab0e4e8e3eb2f5ea13b68d06*', 'yaahab@any.pink', 'http://gb3y19gv.com', '23.128.248.21', '2023-06-15 15:17:05', '2023-06-15 20:17:05', 'cr2o8a', 0, 'spam', 'Mozilla/5.0 (Windows NT 10.0; Win64; x64; rv:109.0) Gecko/20100101 Firefox/113.0', 'comment', 0, 0),
(64, 5789, '🌍 Hello World! https://national-team.top/go/hezwgobsmq5dinbw?hs=f3303c8050978a560acffff93a01889b 🌍', 'guuema@mailto.plus', 'https://national-team.top/go/hezwgobsmq5dinbw', '199.249.230.112', '2023-07-24 09:16:20', '2023-07-24 14:16:20', 'b73h8p', 0, 'spam', 'Mozilla/5.0 (Windows NT 6.1) AppleWebKit/537.36 (KHTML, like Gecko) Chrome/109.0.0.0 Safari/537.36 Edg/109.0.1518.10', 'comment', 0, 0),
(66, 5766, 'נערות ליווי', 'slvfvk3@gmail.com', 'https://www.israelxclub.co.il/', '154.201.63.233', '2023-10-26 06:00:16', '2023-10-26 11:00:16', 'Hello! I simply would like to offer you a huge thumbs up for the great information you have right here on this post. I will be coming back to your blog for more soon.', 0, 'spam', 'Mozilla/5.0 (Windows NT 6.1) AppleWebKit/537.36 (KHTML, like Gecko) Chrome/31.0.1650.57 Safari/537.36 OPR/18.0.1284.49', 'comment', 0, 0),
(67, 5766, 'נערות ליווי בתל אביב', '6380flu7bq@gmail.com', 'https://www.israelxclub.co.il', '154.202.119.43', '2023-10-31 20:25:07', '2023-11-01 01:25:07', 'Hey there! I just wish to offer you a huge thumbs up for the great info youve got right here on this post. I am coming back to your site for more soon.', 0, 'spam', 'Mozilla/5.0 (Windows NT 6.2) AppleWebKit/537.36 (KHTML, like Gecko) Chrome/48.0.2564.109 Safari/537.36', 'comment', 0, 0);

-- --------------------------------------------------------

--
-- Estructura de tabla para la tabla `wp_fb3d_pages`
--

CREATE TABLE `wp_fb3d_pages` (
  `page_ID` bigint(20) UNSIGNED NOT NULL,
  `page_post_ID` bigint(20) UNSIGNED NOT NULL,
  `page_title` text COLLATE utf8mb4_unicode_520_ci NOT NULL,
  `page_source_type` varchar(20) COLLATE utf8mb4_unicode_520_ci NOT NULL,
  `page_source_data` longtext COLLATE utf8mb4_unicode_520_ci NOT NULL,
  `page_thumbnail_type` varchar(20) COLLATE utf8mb4_unicode_520_ci NOT NULL,
  `page_thumbnail_data` longtext COLLATE utf8mb4_unicode_520_ci NOT NULL,
  `page_meta_data` longtext COLLATE utf8mb4_unicode_520_ci NOT NULL,
  `page_number` int(11) NOT NULL
) ENGINE=InnoDB DEFAULT CHARSET=utf8mb4 COLLATE=utf8mb4_unicode_520_ci;

-- --------------------------------------------------------

--
-- Estructura de tabla para la tabla `wp_fbv`
--

CREATE TABLE `wp_fbv` (
  `id` int(11) UNSIGNED NOT NULL,
  `name` varchar(250) COLLATE utf8mb4_unicode_520_ci NOT NULL,
  `parent` int(11) NOT NULL DEFAULT '0',
  `type` int(2) NOT NULL DEFAULT '0',
  `ord` int(11) DEFAULT '0',
  `created_by` int(11) DEFAULT '0'
) ENGINE=InnoDB DEFAULT CHARSET=utf8mb4 COLLATE=utf8mb4_unicode_520_ci;

--
-- Volcado de datos para la tabla `wp_fbv`
--

INSERT INTO `wp_fbv` (`id`, `name`, `parent`, `type`, `ord`, `created_by`) VALUES
(1, 'Dian', 0, 0, 0, 0),
(2, 'banners', 0, 0, 0, 0),
(3, 'img_pagina', 0, 0, 0, 0),
(4, 'Blog', 0, 0, 0, 0),
(5, 'videos', 0, 0, 0, 0);

-- --------------------------------------------------------

--
-- Estructura de tabla para la tabla `wp_fbv_attachment_folder`
--

CREATE TABLE `wp_fbv_attachment_folder` (
  `folder_id` int(11) UNSIGNED NOT NULL,
  `attachment_id` bigint(20) UNSIGNED NOT NULL
) ENGINE=InnoDB DEFAULT CHARSET=utf8mb4 COLLATE=utf8mb4_unicode_520_ci;

--
-- Volcado de datos para la tabla `wp_fbv_attachment_folder`
--

INSERT INTO `wp_fbv_attachment_folder` (`folder_id`, `attachment_id`) VALUES
(1, 5565),
(1, 5686),
(1, 5687),
(1, 5688),
(1, 5689),
(1, 5690),
(1, 5691),
(1, 5692),
(1, 5693),
(1, 5695),
(1, 5824),
(2, 4713),
(2, 4715),
(2, 5085),
(2, 5113),
(2, 5597),
(2, 5696),
(2, 5810),
(2, 5919),
(2, 5921),
(2, 5938),
(2, 5939),
(2, 5940),
(2, 5941),
(2, 5942),
(2, 5943),
(2, 5946),
(2, 5947),
(2, 6244),
(2, 6265),
(2, 6353),
(2, 6421),
(2, 6429),
(3, 4717),
(3, 4731),
(3, 4733),
(3, 4740),
(3, 4741),
(3, 4744),
(3, 4759),
(3, 4765),
(3, 4767),
(3, 4768),
(3, 4783),
(3, 4804),
(3, 4805),
(3, 4806),
(3, 4826),
(3, 4849),
(3, 4861),
(3, 4862),
(3, 4867),
(3, 5130),
(3, 5131),
(3, 5132),
(3, 5133),
(3, 5134),
(3, 5150),
(3, 5206),
(3, 5207),
(3, 5208),
(3, 5209),
(3, 5451),
(3, 5452),
(3, 5453),
(3, 5454),
(3, 5491),
(3, 5514),
(3, 5517),
(3, 5519),
(3, 5532),
(3, 5602),
(3, 5609),
(3, 5645),
(3, 5661),
(3, 5698),
(3, 5712),
(3, 5739),
(3, 5856),
(3, 5906),
(3, 5907),
(3, 5967),
(3, 5968),
(3, 5969),
(3, 5970),
(3, 5972),
(3, 5973),
(3, 5974),
(3, 5992),
(3, 5998),
(3, 6033),
(3, 6054),
(3, 6058),
(3, 6059),
(3, 6068),
(3, 6069),
(3, 6070),
(3, 6071),
(3, 6075),
(3, 6083),
(3, 6084),
(3, 6086),
(3, 6087),
(3, 6088),
(3, 6089),
(3, 6091),
(3, 6096),
(3, 6098),
(3, 6107),
(3, 6108),
(3, 6110),
(3, 6111),
(3, 6113),
(3, 6115),
(3, 6117),
(3, 6118),
(3, 6123),
(3, 6145),
(3, 6150),
(3, 6154),
(3, 6156),
(3, 6163),
(3, 6164),
(3, 6165),
(3, 6166),
(3, 6169),
(3, 6170),
(3, 6183),
(3, 6195),
(3, 6201),
(3, 6217),
(3, 6219),
(3, 6221),
(3, 6227),
(3, 6250),
(3, 6262),
(3, 6263),
(3, 6268),
(3, 6270),
(3, 6272),
(3, 6273),
(3, 6274),
(3, 6276),
(3, 6278),
(3, 6281),
(3, 6282),
(3, 6288),
(3, 6289),
(3, 6290),
(3, 6291),
(3, 6293),
(3, 6294),
(3, 6296),
(3, 6297),
(3, 6299),
(3, 6301),
(3, 6307),
(3, 6309),
(3, 6311),
(3, 6332),
(3, 6359),
(3, 6360),
(3, 6362),
(3, 6363),
(3, 6365),
(3, 6373),
(3, 6374),
(3, 6376),
(3, 6377),
(3, 6378),
(3, 6382),
(3, 6384),
(3, 6385),
(3, 6386),
(3, 6391),
(3, 6394),
(3, 6396),
(3, 6398),
(3, 6399),
(3, 6401),
(3, 6402),
(3, 6403),
(3, 6405),
(3, 6406),
(3, 6431),
(3, 6434),
(3, 6437),
(3, 6439),
(3, 6443),
(3, 6444),
(3, 6447),
(3, 6448),
(3, 6450),
(3, 6451),
(3, 6453),
(3, 6454),
(3, 6457),
(3, 6458),
(3, 6460),
(3, 6461),
(3, 6467),
(3, 6468),
(3, 6471),
(3, 6474),
(3, 6476),
(3, 6477),
(3, 6481),
(3, 6483),
(3, 6486),
(3, 6488),
(3, 6489),
(3, 6490),
(3, 6494),
(3, 6496),
(3, 6497),
(4, 5767),
(4, 5771),
(4, 5775),
(4, 5779),
(4, 5783),
(4, 5787),
(4, 5791),
(4, 5792),
(4, 5796),
(4, 5951),
(4, 5955),
(4, 5958),
(5, 4887),
(5, 6152),
(5, 6153),
(5, 6155),
(5, 6173),
(5, 6218);

-- --------------------------------------------------------

--
-- Estructura de tabla para la tabla `wp_hustle_entries`
--

CREATE TABLE `wp_hustle_entries` (
  `entry_id` bigint(20) UNSIGNED NOT NULL,
  `entry_type` varchar(191) COLLATE utf8mb4_unicode_520_ci NOT NULL,
  `module_id` bigint(20) UNSIGNED NOT NULL,
  `date_created` datetime NOT NULL DEFAULT '0000-00-00 00:00:00'
) ENGINE=InnoDB DEFAULT CHARSET=utf8mb4 COLLATE=utf8mb4_unicode_520_ci;

-- --------------------------------------------------------

--
-- Estructura de tabla para la tabla `wp_hustle_entries_meta`
--

CREATE TABLE `wp_hustle_entries_meta` (
  `meta_id` bigint(20) UNSIGNED NOT NULL,
  `entry_id` bigint(20) UNSIGNED NOT NULL,
  `meta_key` varchar(191) COLLATE utf8mb4_unicode_520_ci DEFAULT NULL,
  `meta_value` longtext COLLATE utf8mb4_unicode_520_ci,
  `date_created` datetime NOT NULL DEFAULT '0000-00-00 00:00:00',
  `date_updated` datetime NOT NULL DEFAULT '0000-00-00 00:00:00'
) ENGINE=InnoDB DEFAULT CHARSET=utf8mb4 COLLATE=utf8mb4_unicode_520_ci;

-- --------------------------------------------------------

--
-- Estructura de tabla para la tabla `wp_hustle_modules`
--

CREATE TABLE `wp_hustle_modules` (
  `module_id` bigint(20) UNSIGNED NOT NULL,
  `blog_id` bigint(20) UNSIGNED NOT NULL DEFAULT '0',
  `module_name` varchar(255) COLLATE utf8mb4_unicode_520_ci NOT NULL,
  `module_type` varchar(100) COLLATE utf8mb4_unicode_520_ci NOT NULL,
  `active` tinyint(4) DEFAULT '1',
  `module_mode` varchar(100) COLLATE utf8mb4_unicode_520_ci NOT NULL
) ENGINE=InnoDB DEFAULT CHARSET=utf8mb4 COLLATE=utf8mb4_unicode_520_ci;

-- --------------------------------------------------------

--
-- Estructura de tabla para la tabla `wp_hustle_modules_meta`
--

CREATE TABLE `wp_hustle_modules_meta` (
  `meta_id` bigint(20) UNSIGNED NOT NULL,
  `module_id` bigint(20) UNSIGNED NOT NULL DEFAULT '0',
  `meta_key` varchar(191) COLLATE utf8mb4_unicode_520_ci DEFAULT NULL,
  `meta_value` longtext COLLATE utf8mb4_unicode_520_ci
) ENGINE=InnoDB DEFAULT CHARSET=utf8mb4 COLLATE=utf8mb4_unicode_520_ci;

-- --------------------------------------------------------

--
-- Estructura de tabla para la tabla `wp_hustle_tracking`
--

CREATE TABLE `wp_hustle_tracking` (
  `tracking_id` bigint(20) UNSIGNED NOT NULL,
  `module_id` bigint(20) UNSIGNED NOT NULL,
  `page_id` bigint(20) UNSIGNED NOT NULL,
  `module_type` varchar(100) COLLATE utf8mb4_unicode_520_ci NOT NULL,
  `action` varchar(100) COLLATE utf8mb4_unicode_520_ci NOT NULL,
  `ip` varchar(191) COLLATE utf8mb4_unicode_520_ci DEFAULT NULL,
  `counter` mediumint(8) UNSIGNED NOT NULL DEFAULT '1',
  `date_created` datetime NOT NULL DEFAULT '0000-00-00 00:00:00',
  `date_updated` datetime NOT NULL DEFAULT '0000-00-00 00:00:00'
) ENGINE=InnoDB DEFAULT CHARSET=utf8mb4 COLLATE=utf8mb4_unicode_520_ci;

-- --------------------------------------------------------

--
-- Estructura de tabla para la tabla `wp_links`
--

CREATE TABLE `wp_links` (
  `link_id` bigint(20) UNSIGNED NOT NULL,
  `link_url` varchar(255) COLLATE utf8mb4_unicode_520_ci NOT NULL DEFAULT '',
  `link_name` varchar(255) COLLATE utf8mb4_unicode_520_ci NOT NULL DEFAULT '',
  `link_image` varchar(255) COLLATE utf8mb4_unicode_520_ci NOT NULL DEFAULT '',
  `link_target` varchar(25) COLLATE utf8mb4_unicode_520_ci NOT NULL DEFAULT '',
  `link_description` varchar(255) COLLATE utf8mb4_unicode_520_ci NOT NULL DEFAULT '',
  `link_visible` varchar(20) COLLATE utf8mb4_unicode_520_ci NOT NULL DEFAULT 'Y',
  `link_owner` bigint(20) UNSIGNED NOT NULL DEFAULT '1',
  `link_rating` int(11) NOT NULL DEFAULT '0',
  `link_updated` datetime NOT NULL DEFAULT '0000-00-00 00:00:00',
  `link_rel` varchar(255) COLLATE utf8mb4_unicode_520_ci NOT NULL DEFAULT '',
  `link_notes` mediumtext COLLATE utf8mb4_unicode_520_ci NOT NULL,
  `link_rss` varchar(255) COLLATE utf8mb4_unicode_520_ci NOT NULL DEFAULT ''
) ENGINE=InnoDB DEFAULT CHARSET=utf8mb4 COLLATE=utf8mb4_unicode_520_ci;

-- --------------------------------------------------------

--
-- Estructura de tabla para la tabla `wp_litespeed_img_optm`
--

CREATE TABLE `wp_litespeed_img_optm` (
  `id` bigint(20) UNSIGNED NOT NULL,
  `post_id` bigint(20) UNSIGNED NOT NULL DEFAULT '0',
  `optm_status` tinyint(4) NOT NULL DEFAULT '0',
  `src` text COLLATE utf8mb4_unicode_520_ci NOT NULL,
  `src_filesize` int(11) NOT NULL DEFAULT '0',
  `target_filesize` int(11) NOT NULL DEFAULT '0',
  `webp_filesize` int(11) NOT NULL DEFAULT '0'
) ENGINE=InnoDB DEFAULT CHARSET=utf8mb4 COLLATE=utf8mb4_unicode_520_ci;

--
-- Volcado de datos para la tabla `wp_litespeed_img_optm`
--

INSERT INTO `wp_litespeed_img_optm` (`id`, `post_id`, `optm_status`, `src`, `src_filesize`, `target_filesize`, `webp_filesize`) VALUES
(1, 6406, 0, '2021/05/bultosmercado.png', 77638, 0, 0),
(2, 6406, 0, '2021/05/bultosmercado-300x180.png', 41976, 0, 0),
(3, 6406, 0, '2021/05/bultosmercado-150x150.png', 29813, 0, 0),
(4, 6406, 0, '2021/05/bultosmercado-100x100.png', 14378, 0, 0),
(5, 6406, 0, '2021/05/bultosmercado-140x140.png', 26124, 0, 0),
(6, 6406, 0, '2021/05/bultosmercado-350x238.png', 72193, 0, 0),
(7, 6405, 0, '2021/05/recienacido.png', 142288, 0, 0),
(8, 6405, 0, '2021/05/recienacido-300x207.png', 70176, 0, 0),
(9, 6405, 0, '2021/05/recienacido-150x150.png', 38628, 0, 0),
(10, 6405, 0, '2021/05/recienacido-400x269.png', 116113, 0, 0),
(11, 6405, 0, '2021/05/recienacido-100x100.png', 19230, 0, 0),
(12, 6405, 0, '2021/05/recienacido-140x140.png', 34292, 0, 0),
(13, 6405, 0, '2021/05/recienacido-350x282.png', 126770, 0, 0),
(14, 6403, 0, '2021/05/incapacidadg.png', 11400, 0, 0),
(15, 6403, 0, '2021/05/incapacidadg-300x172.png', 6347, 0, 0),
(16, 6403, 0, '2021/05/incapacidadg-150x150.png', 3580, 0, 0),
(17, 6403, 0, '2021/05/incapacidadg-100x100.png', 2323, 0, 0),
(18, 6403, 0, '2021/05/incapacidadg-140x140.png', 3255, 0, 0),
(19, 6403, 0, '2021/05/incapacidadg-350x215.png', 7664, 0, 0),
(20, 6402, 0, '2021/05/seguro.png', 28020, 0, 0),
(21, 6402, 0, '2021/05/seguro-300x139.png', 15265, 0, 0),
(22, 6402, 0, '2021/05/seguro-150x150.png', 16337, 0, 0),
(23, 6402, 0, '2021/05/seguro-400x200.png', 24982, 0, 0),
(24, 6402, 0, '2021/05/seguro-100x100.png', 9318, 0, 0),
(25, 6402, 0, '2021/05/seguro-140x140.png', 14899, 0, 0),
(26, 6402, 0, '2021/05/seguro-350x200.png', 24722, 0, 0),
(27, 6401, 0, '2021/05/desastre.png', 14918, 0, 0),
(28, 6401, 0, '2021/05/desastre-150x82.png', 4509, 0, 0),
(29, 6401, 0, '2021/05/desastre-100x82.png', 3219, 0, 0),
(30, 6401, 0, '2021/05/desastre-140x82.png', 4244, 0, 0),
(31, 6399, 0, '2021/05/fortuito.jpg', 13690, 0, 0),
(32, 6399, 0, '2021/05/fortuito-150x82.jpg', 8915, 0, 0),
(33, 6399, 0, '2021/05/fortuito-100x82.jpg', 8837, 0, 0),
(34, 6399, 0, '2021/05/fortuito-140x82.jpg', 8889, 0, 0),
(35, 6398, 0, '2021/05/fallecimiento.jpg', 15596, 0, 0),
(36, 6398, 0, '2021/05/fallecimiento-150x109.jpg', 9368, 0, 0),
(37, 6398, 0, '2021/05/fallecimiento-100x100.jpg', 8233, 0, 0),
(38, 6398, 0, '2021/05/fallecimiento-140x109.jpg', 9126, 0, 0),
(39, 6396, 0, '2021/05/gafas.jpg', 24644, 0, 0),
(40, 6396, 0, '2021/05/gafas-150x150.jpg', 14797, 0, 0),
(41, 6396, 0, '2021/05/gafas-100x100.jpg', 11676, 0, 0),
(42, 6396, 0, '2021/05/gafas-140x140.jpg', 14065, 0, 0),
(43, 6394, 0, '2021/05/AHORRO-tips.jpg', 131905, 0, 0),
(44, 6394, 0, '2021/05/AHORRO-tips-246x300.jpg', 30278, 0, 0),
(45, 6394, 0, '2021/05/AHORRO-tips-150x150.jpg', 19596, 0, 0),
(46, 6394, 0, '2021/05/AHORRO-tips-735x604.jpg', 76460, 0, 0),
(47, 6394, 0, '2021/05/AHORRO-tips-600x403.jpg', 46923, 0, 0),
(48, 6394, 0, '2021/05/AHORRO-tips-400x269.jpg', 31873, 0, 0),
(49, 6394, 0, '2021/05/AHORRO-tips-100x100.jpg', 16484, 0, 0),
(50, 6394, 0, '2021/05/AHORRO-tips-140x140.jpg', 18799, 0, 0),
(51, 6394, 0, '2021/05/AHORRO-tips-735x500.jpg', 64536, 0, 0),
(52, 6394, 0, '2021/05/AHORRO-tips-670x335.jpg', 42558, 0, 0),
(53, 6394, 0, '2021/05/AHORRO-tips-500x500.jpg', 55882, 0, 0),
(54, 6394, 0, '2021/05/AHORRO-tips-350x350.jpg', 39047, 0, 0),
(55, 6394, 0, '2021/05/AHORRO-tips-500x897.jpg', 90474, 0, 0),
(56, 6394, 0, '2021/05/AHORRO-tips-735x600.jpg', 77808, 0, 0),
(57, 6394, 0, '2021/05/AHORRO-tips-735x770.jpg', 103567, 0, 0),
(58, 6394, 0, '2021/05/AHORRO-tips-735x800.jpg', 106388, 0, 0),
(59, 6391, 0, '2021/05/BONONAVIDENO.jpg', 54911, 0, 0),
(60, 6391, 0, '2021/05/BONONAVIDENO-163x300.jpg', 27676, 0, 0),
(61, 6391, 0, '2021/05/BONONAVIDENO-150x150.jpg', 20213, 0, 0),
(62, 6391, 0, '2021/05/BONONAVIDENO-270x403.jpg', 41356, 0, 0),
(63, 6391, 0, '2021/05/BONONAVIDENO-270x269.jpg', 33282, 0, 0),
(64, 6391, 0, '2021/05/BONONAVIDENO-100x100.jpg', 16284, 0, 0),
(65, 6391, 0, '2021/05/BONONAVIDENO-140x140.jpg', 19516, 0, 0),
(66, 6391, 0, '2021/05/BONONAVIDENO-270x335.jpg', 37361, 0, 0),
(67, 6391, 0, '2021/05/BONONAVIDENO-270x350.jpg', 38336, 0, 0),
(68, 6386, 0, '2021/05/BONOCINE.jpg', 46754, 0, 0),
(69, 6386, 0, '2021/05/BONOCINE-163x300.jpg', 23538, 0, 0),
(70, 6386, 0, '2021/05/BONOCINE-150x150.jpg', 16354, 0, 0),
(71, 6386, 0, '2021/05/BONOCINE-270x403.jpg', 34413, 0, 0),
(72, 6386, 0, '2021/05/BONOCINE-270x269.jpg', 24709, 0, 0),
(73, 6386, 0, '2021/05/BONOCINE-100x100.jpg', 13713, 0, 0),
(74, 6386, 0, '2021/05/BONOCINE-140x140.jpg', 15898, 0, 0),
(75, 6386, 0, '2021/05/BONOCINE-270x335.jpg', 29616, 0, 0),
(76, 6386, 0, '2021/05/BONOCINE-270x350.jpg', 30760, 0, 0),
(77, 6385, 0, '2021/05/BONOTRIMESTRE.jpg', 54390, 0, 0),
(78, 6385, 0, '2021/05/BONOTRIMESTRE-163x300.jpg', 24957, 0, 0),
(79, 6385, 0, '2021/05/BONOTRIMESTRE-150x150.jpg', 19340, 0, 0),
(80, 6385, 0, '2021/05/BONOTRIMESTRE-270x403.jpg', 41867, 0, 0),
(81, 6385, 0, '2021/05/BONOTRIMESTRE-270x269.jpg', 34413, 0, 0),
(82, 6385, 0, '2021/05/BONOTRIMESTRE-100x100.jpg', 15174, 0, 0),
(83, 6385, 0, '2021/05/BONOTRIMESTRE-140x140.jpg', 18484, 0, 0),
(84, 6385, 0, '2021/05/BONOTRIMESTRE-270x335.jpg', 38528, 0, 0),
(85, 6385, 0, '2021/05/BONOTRIMESTRE-270x350.jpg', 39214, 0, 0),
(86, 6384, 0, '2021/05/BONOCUMPLEANOS.jpg', 55373, 0, 0),
(87, 6384, 0, '2021/05/BONOCUMPLEANOS-163x300.jpg', 25847, 0, 0),
(88, 6384, 0, '2021/05/BONOCUMPLEANOS-150x150.jpg', 19662, 0, 0),
(89, 6384, 0, '2021/05/BONOCUMPLEANOS-270x403.jpg', 41851, 0, 0),
(90, 6384, 0, '2021/05/BONOCUMPLEANOS-270x269.jpg', 33528, 0, 0),
(91, 6384, 0, '2021/05/BONOCUMPLEANOS-100x100.jpg', 15737, 0, 0),
(92, 6384, 0, '2021/05/BONOCUMPLEANOS-140x140.jpg', 18964, 0, 0),
(93, 6384, 0, '2021/05/BONOCUMPLEANOS-270x335.jpg', 38198, 0, 0),
(94, 6384, 0, '2021/05/BONOCUMPLEANOS-270x350.jpg', 39203, 0, 0),
(95, 6382, 0, '2021/05/BONOESCOLAR.jpg', 73753, 0, 0),
(96, 6382, 0, '2021/05/BONOESCOLAR-163x300.jpg', 32720, 0, 0),
(97, 6382, 0, '2021/05/BONOESCOLAR-150x150.jpg', 22229, 0, 0),
(98, 6382, 0, '2021/05/BONOESCOLAR-270x403.jpg', 50228, 0, 0),
(99, 6382, 0, '2021/05/BONOESCOLAR-270x269.jpg', 39576, 0, 0),
(100, 6382, 0, '2021/05/BONOESCOLAR-100x100.jpg', 17575, 0, 0),
(101, 6382, 0, '2021/05/BONOESCOLAR-140x140.jpg', 21393, 0, 0),
(102, 6382, 0, '2021/05/BONOESCOLAR-270x335.jpg', 44949, 0, 0),
(103, 6382, 0, '2021/05/BONOESCOLAR-270x350.jpg', 45970, 0, 0),
(104, 6378, 0, '2021/05/BRIGADASALUD.jpg', 109993, 0, 0),
(105, 6378, 0, '2021/05/BRIGADASALUD-300x199.jpg', 32827, 0, 0),
(106, 6378, 0, '2021/05/BRIGADASALUD-150x150.jpg', 21623, 0, 0),
(107, 6378, 0, '2021/05/BRIGADASALUD-768x510.jpg', 91455, 0, 0),
(108, 6378, 0, '2021/05/BRIGADASALUD-600x403.jpg', 68408, 0, 0),
(109, 6378, 0, '2021/05/BRIGADASALUD-400x269.jpg', 43461, 0, 0),
(110, 6378, 0, '2021/05/BRIGADASALUD-100x100.jpg', 17829, 0, 0),
(111, 6378, 0, '2021/05/BRIGADASALUD-140x140.jpg', 20800, 0, 0),
(112, 6378, 0, '2021/05/BRIGADASALUD-790x500.jpg', 96512, 0, 0),
(113, 6378, 0, '2021/05/BRIGADASALUD-670x335.jpg', 61697, 0, 0),
(114, 6378, 0, '2021/05/BRIGADASALUD-500x500.jpg', 63654, 0, 0),
(115, 6378, 0, '2021/05/BRIGADASALUD-350x350.jpg', 42817, 0, 0),
(116, 6378, 0, '2021/05/BRIGADASALUD-500x525.jpg', 66770, 0, 0),
(117, 6377, 0, '2021/05/RUMBA.jpg', 112023, 0, 0),
(118, 6377, 0, '2021/05/RUMBA-300x223.jpg', 36087, 0, 0),
(119, 6377, 0, '2021/05/RUMBA-150x150.jpg', 23524, 0, 0),
(120, 6377, 0, '2021/05/RUMBA-768x571.jpg', 106340, 0, 0),
(121, 6377, 0, '2021/05/RUMBA-600x403.jpg', 76138, 0, 0),
(122, 6377, 0, '2021/05/RUMBA-400x269.jpg', 47258, 0, 0),
(123, 6377, 0, '2021/05/RUMBA-100x100.jpg', 19024, 0, 0),
(124, 6377, 0, '2021/05/RUMBA-140x140.jpg', 22652, 0, 0),
(125, 6377, 0, '2021/05/RUMBA-790x500.jpg', 108757, 0, 0),
(126, 6377, 0, '2021/05/RUMBA-670x335.jpg', 67532, 0, 0),
(127, 6377, 0, '2021/05/RUMBA-500x500.jpg', 73361, 0, 0),
(128, 6377, 0, '2021/05/RUMBA-350x350.jpg', 49012, 0, 0),
(129, 6377, 0, '2021/05/RUMBA-500x587.jpg', 79965, 0, 0),
(130, 6376, 0, '2021/05/academia.jpg', 90479, 0, 0),
(131, 6376, 0, '2021/05/academia-300x199.jpg', 28386, 0, 0),
(132, 6376, 0, '2021/05/academia-150x150.jpg', 19331, 0, 0),
(133, 6376, 0, '2021/05/academia-768x510.jpg', 75476, 0, 0),
(134, 6376, 0, '2021/05/academia-600x403.jpg', 57003, 0, 0),
(135, 6376, 0, '2021/05/academia-400x269.jpg', 37000, 0, 0),
(136, 6376, 0, '2021/05/academia-100x100.jpg', 16151, 0, 0),
(137, 6376, 0, '2021/05/academia-140x140.jpg', 18659, 0, 0),
(138, 6376, 0, '2021/05/academia-790x500.jpg', 80395, 0, 0),
(139, 6376, 0, '2021/05/academia-670x335.jpg', 52484, 0, 0),
(140, 6376, 0, '2021/05/academia-500x500.jpg', 52424, 0, 0),
(141, 6376, 0, '2021/05/academia-350x350.jpg', 36421, 0, 0),
(142, 6376, 0, '2021/05/academia-500x525.jpg', 53642, 0, 0),
(143, 6374, 0, '2021/05/eventos_recreacion.png', 828568, 0, 0),
(144, 6374, 0, '2021/05/eventos_recreacion-300x199.png', 132922, 0, 0),
(145, 6374, 0, '2021/05/eventos_recreacion-150x150.png', 56096, 0, 0),
(146, 6374, 0, '2021/05/eventos_recreacion-768x510.png', 740502, 0, 0),
(147, 6374, 0, '2021/05/eventos_recreacion-600x403.png', 482653, 0, 0),
(148, 6374, 0, '2021/05/eventos_recreacion-400x269.png', 230175, 0, 0),
(149, 6374, 0, '2021/05/eventos_recreacion-100x100.png', 26121, 0, 0),
(150, 6374, 0, '2021/05/eventos_recreacion-140x140.png', 49198, 0, 0),
(151, 6374, 0, '2021/05/eventos_recreacion-790x500.png', 793772, 0, 0),
(152, 6374, 0, '2021/05/eventos_recreacion-670x335.png', 448383, 0, 0),
(153, 6374, 0, '2021/05/eventos_recreacion-500x500.png', 513750, 0, 0),
(154, 6374, 0, '2021/05/eventos_recreacion-350x350.png', 268657, 0, 0),
(155, 6374, 0, '2021/05/eventos_recreacion-500x525.png', 567843, 0, 0),
(156, 6373, 0, '2021/05/AHORRO-moneda.png', 330633, 0, 0),
(157, 6373, 0, '2021/05/AHORRO-moneda-300x176.png', 98641, 0, 0),
(158, 6373, 0, '2021/05/AHORRO-moneda-150x150.png', 44383, 0, 0),
(159, 6373, 0, '2021/05/AHORRO-moneda-400x269.png', 193170, 0, 0),
(160, 6373, 0, '2021/05/AHORRO-moneda-100x100.png', 21306, 0, 0),
(161, 6373, 0, '2021/05/AHORRO-moneda-140x140.png', 39128, 0, 0),
(162, 6373, 0, '2021/05/AHORRO-moneda-600x335.png', 366698, 0, 0),
(163, 6373, 0, '2021/05/AHORRO-moneda-500x352.png', 320885, 0, 0),
(164, 6373, 0, '2021/05/AHORRO-moneda-350x350.png', 209023, 0, 0),
(165, 6373, 0, '2021/05/AHORRO-moneda-500x352.png', 320885, 0, 0),
(166, 6365, 0, '2021/05/dia-del-nino.jpg', 74094, 0, 0),
(167, 6365, 0, '2021/05/dia-del-nino-280x300.jpg', 50458, 0, 0),
(168, 6365, 0, '2021/05/dia-del-nino-150x150.jpg', 28698, 0, 0),
(169, 6365, 0, '2021/05/dia-del-nino-300x269.jpg', 51703, 0, 0),
(170, 6365, 0, '2021/05/dia-del-nino-100x100.jpg', 23219, 0, 0),
(171, 6365, 0, '2021/05/dia-del-nino-140x140.jpg', 27885, 0, 0),
(172, 6363, 0, '2021/05/paseo_2.jpg', 39177, 0, 0),
(173, 6363, 0, '2021/05/paseo_2-300x174.jpg', 16963, 0, 0),
(174, 6363, 0, '2021/05/paseo_2-150x150.jpg', 8103, 0, 0),
(175, 6363, 0, '2021/05/paseo_2-100x100.jpg', 4189, 0, 0),
(176, 6363, 0, '2021/05/paseo_2-140x140.jpg', 7285, 0, 0),
(177, 6363, 0, '2021/05/paseo_2-350x221.jpg', 28320, 0, 0),
(178, 6362, 0, '2021/05/paseo_1.jpg', 86669, 0, 0),
(179, 6362, 0, '2021/05/paseo_1-300x242.jpg', 33363, 0, 0),
(180, 6362, 0, '2021/05/paseo_1-150x150.jpg', 19906, 0, 0),
(181, 6362, 0, '2021/05/paseo_1-550x403.jpg', 69043, 0, 0),
(182, 6362, 0, '2021/05/paseo_1-400x269.jpg', 40808, 0, 0),
(183, 6362, 0, '2021/05/paseo_1-100x100.jpg', 16097, 0, 0),
(184, 6362, 0, '2021/05/paseo_1-140x140.jpg', 19227, 0, 0),
(185, 6362, 0, '2021/05/paseo_1-550x335.jpg', 59568, 0, 0),
(186, 6362, 0, '2021/05/paseo_1-500x443.jpg', 67852, 0, 0),
(187, 6362, 0, '2021/05/paseo_1-350x350.jpg', 43407, 0, 0),
(188, 6362, 0, '2021/05/paseo_1-500x443.jpg', 67852, 0, 0),
(189, 6360, 0, '2021/05/beneficio-convenios.jpg', 77493, 0, 0),
(190, 6360, 0, '2021/05/beneficio-convenios-258x300.jpg', 27934, 0, 0),
(191, 6360, 0, '2021/05/beneficio-convenios-150x150.jpg', 17913, 0, 0),
(192, 6360, 0, '2021/05/beneficio-convenios-600x604.jpg', 64455, 0, 0),
(193, 6360, 0, '2021/05/beneficio-convenios-600x403.jpg', 49950, 0, 0),
(194, 6360, 0, '2021/05/beneficio-convenios-400x269.jpg', 31476, 0, 0),
(195, 6360, 0, '2021/05/beneficio-convenios-100x100.jpg', 14762, 0, 0),
(196, 6360, 0, '2021/05/beneficio-convenios-140x140.jpg', 17313, 0, 0),
(197, 6360, 0, '2021/05/beneficio-convenios-600x500.jpg', 57304, 0, 0),
(198, 6360, 0, '2021/05/beneficio-convenios-600x335.jpg', 43297, 0, 0),
(199, 6360, 0, '2021/05/beneficio-convenios-500x500.jpg', 50490, 0, 0),
(200, 6360, 0, '2021/05/beneficio-convenios-350x350.jpg', 34670, 0, 0),
(201, 6360, 0, '2021/05/beneficio-convenios-500x697.jpg', 61256, 0, 0),
(202, 6360, 0, '2021/05/beneficio-convenios-600x600.jpg', 62185, 0, 0),
(203, 6359, 0, '2021/05/beneficio-credito.png', 351563, 0, 0),
(204, 6359, 0, '2021/05/beneficio-credito-237x300.png', 59102, 0, 0),
(205, 6359, 0, '2021/05/beneficio-credito-150x150.png', 24381, 0, 0),
(206, 6359, 0, '2021/05/beneficio-credito-600x604.png', 300288, 0, 0),
(207, 6359, 0, '2021/05/beneficio-credito-600x403.png', 223467, 0, 0),
(208, 6359, 0, '2021/05/beneficio-credito-400x269.png', 100484, 0, 0),
(209, 6359, 0, '2021/05/beneficio-credito-100x100.png', 12141, 0, 0),
(210, 6359, 0, '2021/05/beneficio-credito-140x140.png', 21502, 0, 0),
(211, 6359, 0, '2021/05/beneficio-credito-600x500.png', 266885, 0, 0),
(212, 6359, 0, '2021/05/beneficio-credito-600x335.png', 193423, 0, 0),
(213, 6359, 0, '2021/05/beneficio-credito-500x500.png', 199508, 0, 0),
(214, 6359, 0, '2021/05/beneficio-credito-350x350.png', 105624, 0, 0),
(215, 6359, 0, '2021/05/beneficio-credito-500x760.png', 320956, 0, 0),
(216, 6359, 0, '2021/05/beneficio-credito-600x600.png', 299144, 0, 0),
(217, 6353, 0, '2021/05/SLIDERS_MADRE.jpg', 183109, 0, 0),
(218, 6353, 0, '2021/05/SLIDERS_MADRE-300x153.jpg', 20664, 0, 0),
(219, 6353, 0, '2021/05/SLIDERS_MADRE-1024x523.jpg', 87214, 0, 0),
(220, 6353, 0, '2021/05/SLIDERS_MADRE-150x150.jpg', 15315, 0, 0),
(221, 6353, 0, '2021/05/SLIDERS_MADRE-768x392.jpg', 58502, 0, 0),
(222, 6353, 0, '2021/05/SLIDERS_MADRE-1536x784.jpg', 151299, 0, 0),
(223, 6353, 0, '2021/05/SLIDERS_MADRE-900x604.jpg', 89261, 0, 0),
(224, 6353, 0, '2021/05/SLIDERS_MADRE-600x403.jpg', 52028, 0, 0),
(225, 6353, 0, '2021/05/SLIDERS_MADRE-400x269.jpg', 32001, 0, 0),
(226, 6353, 0, '2021/05/SLIDERS_MADRE-100x100.jpg', 13203, 0, 0),
(227, 6353, 0, '2021/05/SLIDERS_MADRE-140x140.jpg', 14826, 0, 0),
(228, 6353, 0, '2021/05/SLIDERS_MADRE-1000x500.jpg', 83455, 0, 0),
(229, 6353, 0, '2021/05/SLIDERS_MADRE-670x335.jpg', 48520, 0, 0),
(230, 6353, 0, '2021/05/SLIDERS_MADRE-500x500.jpg', 44178, 0, 0),
(231, 6353, 0, '2021/05/SLIDERS_MADRE-350x350.jpg', 29327, 0, 0),
(232, 6353, 0, '2021/05/SLIDERS_MADRE-500x980.jpg', 62220, 0, 0),
(233, 6353, 0, '2021/05/SLIDERS_MADRE-1000x980.jpg', 111086, 0, 0),
(234, 6353, 0, '2021/05/SLIDERS_MADRE-900x600.jpg', 89131, 0, 0),
(235, 6353, 0, '2021/05/SLIDERS_MADRE-1870x770.jpg', 176719, 0, 0),
(236, 6353, 0, '2021/05/SLIDERS_MADRE-800x800.jpg', 79922, 0, 0),
(237, 6332, 0, '2021/05/logo2000.png', 31275, 0, 0),
(238, 6332, 0, '2021/05/logo2000-150x118.png', 24025, 0, 0),
(239, 6332, 0, '2021/05/logo2000-100x100.png', 15091, 0, 0),
(240, 6332, 0, '2021/05/logo2000-140x118.png', 22363, 0, 0),
(241, 6311, 0, '2021/05/TITULOCREDITO.png', 6226, 0, 0),
(242, 6311, 0, '2021/05/TITULOCREDITO-150x150.png', 5431, 0, 0),
(243, 6311, 0, '2021/05/TITULOCREDITO-100x100.png', 3563, 0, 0),
(244, 6311, 0, '2021/05/TITULOCREDITO-140x140.png', 5065, 0, 0),
(245, 6309, 0, '2021/05/datoscreditos.png', 29209, 0, 0),
(246, 6309, 0, '2021/05/datoscreditos-300x99.png', 37659, 0, 0),
(247, 6309, 0, '2021/05/datoscreditos-150x150.png', 21968, 0, 0),
(248, 6309, 0, '2021/05/datoscreditos-768x254.png', 138552, 0, 0),
(249, 6309, 0, '2021/05/datoscreditos-900x305.png', 43558, 0, 0),
(250, 6309, 0, '2021/05/datoscreditos-600x305.png', 28686, 0, 0),
(251, 6309, 0, '2021/05/datoscreditos-400x269.png', 74129, 0, 0),
(252, 6309, 0, '2021/05/datoscreditos-100x100.png', 12297, 0, 0),
(253, 6309, 0, '2021/05/datoscreditos-140x140.png', 19935, 0, 0),
(254, 6309, 0, '2021/05/datoscreditos-670x305.png', 31666, 0, 0),
(255, 6309, 0, '2021/05/datoscreditos-500x305.png', 25184, 0, 0),
(256, 6309, 0, '2021/05/datoscreditos-350x305.png', 17492, 0, 0),
(257, 6309, 0, '2021/05/datoscreditos-500x305.png', 25184, 0, 0),
(258, 6309, 0, '2021/05/datoscreditos-900x305.png', 43558, 0, 0),
(259, 6309, 0, '2021/05/datoscreditos-800x305.png', 39216, 0, 0),
(260, 6307, 0, '2021/05/comitesimulacion.png', 237473, 0, 0),
(261, 6307, 0, '2021/05/comitesimulacion-300x240.png', 67351, 0, 0),
(262, 6307, 0, '2021/05/comitesimulacion-150x150.png', 28042, 0, 0),
(263, 6307, 0, '2021/05/comitesimulacion-600x403.png', 196258, 0, 0),
(264, 6307, 0, '2021/05/comitesimulacion-400x269.png', 94171, 0, 0),
(265, 6307, 0, '2021/05/comitesimulacion-100x100.png', 14672, 0, 0),
(266, 6307, 0, '2021/05/comitesimulacion-140x140.png', 25106, 0, 0),
(267, 6307, 0, '2021/05/comitesimulacion-600x335.png', 175634, 0, 0),
(268, 6307, 0, '2021/05/comitesimulacion-500x480.png', 210104, 0, 0),
(269, 6307, 0, '2021/05/comitesimulacion-350x350.png', 112578, 0, 0),
(270, 6307, 0, '2021/05/comitesimulacion-500x480.png', 210104, 0, 0),
(271, 6301, 0, '2021/05/creditoprima.png', 661815, 0, 0),
(272, 6301, 0, '2021/05/creditoprima-300x300.png', 133132, 0, 0),
(273, 6301, 0, '2021/05/creditoprima-150x150.png', 41512, 0, 0),
(274, 6301, 0, '2021/05/creditoprima-768x769.png', 619274, 0, 0),
(275, 6301, 0, '2021/05/creditoprima-800x604.png', 519770, 0, 0),
(276, 6301, 0, '2021/05/creditoprima-600x403.png', 297665, 0, 0),
(277, 6301, 0, '2021/05/creditoprima-400x269.png', 151994, 0, 0),
(278, 6301, 0, '2021/05/creditoprima-100x100.png', 20986, 0, 0),
(279, 6301, 0, '2021/05/creditoprima-140x140.png', 37192, 0, 0),
(280, 6301, 0, '2021/05/creditoprima-800x500.png', 437768, 0, 0),
(281, 6301, 0, '2021/05/creditoprima-670x335.png', 256765, 0, 0),
(282, 6301, 0, '2021/05/creditoprima-500x500.png', 314195, 0, 0),
(283, 6301, 0, '2021/05/creditoprima-350x350.png', 173013, 0, 0),
(284, 6301, 0, '2021/05/creditoprima-500x801.png', 420212, 0, 0),
(285, 6301, 0, '2021/05/creditoprima-800x600.png', 517181, 0, 0),
(286, 6301, 0, '2021/05/creditoprima-800x770.png', 641603, 0, 0),
(287, 6299, 0, '2021/05/creditoconvenio.jpg', 132283, 0, 0),
(288, 6299, 0, '2021/05/creditoconvenio-300x300.jpg', 41734, 0, 0),
(289, 6299, 0, '2021/05/creditoconvenio-150x150.jpg', 26043, 0, 0),
(290, 6299, 0, '2021/05/creditoconvenio-768x769.jpg', 111743, 0, 0),
(291, 6299, 0, '2021/05/creditoconvenio-800x604.jpg', 101310, 0, 0),
(292, 6299, 0, '2021/05/creditoconvenio-600x403.jpg', 63701, 0, 0),
(293, 6299, 0, '2021/05/creditoconvenio-400x269.jpg', 42668, 0, 0),
(294, 6299, 0, '2021/05/creditoconvenio-100x100.jpg', 22090, 0, 0),
(295, 6299, 0, '2021/05/creditoconvenio-140x140.jpg', 25207, 0, 0),
(296, 6299, 0, '2021/05/creditoconvenio-800x500.jpg', 84812, 0, 0),
(297, 6299, 0, '2021/05/creditoconvenio-670x335.jpg', 56589, 0, 0),
(298, 6299, 0, '2021/05/creditoconvenio-500x500.jpg', 68245, 0, 0),
(299, 6299, 0, '2021/05/creditoconvenio-350x350.jpg', 47892, 0, 0),
(300, 6299, 0, '2021/05/creditoconvenio-500x801.jpg', 95969, 0, 0),
(301, 6299, 0, '2021/05/creditoconvenio-800x600.jpg', 100716, 0, 0),
(302, 6299, 0, '2021/05/creditoconvenio-800x770.jpg', 119008, 0, 0),
(303, 6297, 0, '2021/05/compracartera.jpg', 140367, 0, 0),
(304, 6297, 0, '2021/05/compracartera-300x300.jpg', 36751, 0, 0),
(305, 6297, 0, '2021/05/compracartera-150x150.jpg', 22712, 0, 0),
(306, 6297, 0, '2021/05/compracartera-768x769.jpg', 113051, 0, 0),
(307, 6297, 0, '2021/05/compracartera-800x604.jpg', 89854, 0, 0),
(308, 6297, 0, '2021/05/compracartera-600x403.jpg', 54143, 0, 0),
(309, 6297, 0, '2021/05/compracartera-400x269.jpg', 35109, 0, 0),
(310, 6297, 0, '2021/05/compracartera-100x100.jpg', 19638, 0, 0),
(311, 6297, 0, '2021/05/compracartera-140x140.jpg', 22134, 0, 0),
(312, 6297, 0, '2021/05/compracartera-800x500.jpg', 76485, 0, 0),
(313, 6297, 0, '2021/05/compracartera-670x335.jpg', 49625, 0, 0),
(314, 6297, 0, '2021/05/compracartera-500x500.jpg', 63931, 0, 0),
(315, 6297, 0, '2021/05/compracartera-350x350.jpg', 42569, 0, 0),
(316, 6297, 0, '2021/05/compracartera-500x801.jpg', 94809, 0, 0),
(317, 6297, 0, '2021/05/compracartera-800x600.jpg', 90031, 0, 0),
(318, 6297, 0, '2021/05/compracartera-800x770.jpg', 121084, 0, 0),
(319, 6296, 0, '2021/05/creditosolidaridad.jpg', 123983, 0, 0),
(320, 6296, 0, '2021/05/creditosolidaridad-300x300.jpg', 34307, 0, 0),
(321, 6296, 0, '2021/05/creditosolidaridad-150x150.jpg', 21849, 0, 0),
(322, 6296, 0, '2021/05/creditosolidaridad-768x769.jpg', 98715, 0, 0),
(323, 6296, 0, '2021/05/creditosolidaridad-800x604.jpg', 94300, 0, 0),
(324, 6296, 0, '2021/05/creditosolidaridad-600x403.jpg', 58167, 0, 0),
(325, 6296, 0, '2021/05/creditosolidaridad-400x269.jpg', 37442, 0, 0),
(326, 6296, 0, '2021/05/creditosolidaridad-100x100.jpg', 18965, 0, 0),
(327, 6296, 0, '2021/05/creditosolidaridad-140x140.jpg', 21258, 0, 0),
(328, 6296, 0, '2021/05/creditosolidaridad-800x500.jpg', 83011, 0, 0),
(329, 6296, 0, '2021/05/creditosolidaridad-670x335.jpg', 53663, 0, 0),
(330, 6296, 0, '2021/05/creditosolidaridad-500x500.jpg', 57124, 0, 0),
(331, 6296, 0, '2021/05/creditosolidaridad-350x350.jpg', 39300, 0, 0),
(332, 6296, 0, '2021/05/creditosolidaridad-500x801.jpg', 88849, 0, 0),
(333, 6296, 0, '2021/05/creditosolidaridad-800x600.jpg', 94733, 0, 0),
(334, 6296, 0, '2021/05/creditosolidaridad-800x770.jpg', 107611, 0, 0),
(335, 6294, 0, '2021/05/creditoextraordinario.jpg', 93519, 0, 0),
(336, 6294, 0, '2021/05/creditoextraordinario-300x300.jpg', 31015, 0, 0),
(337, 6294, 0, '2021/05/creditoextraordinario-150x150.jpg', 20299, 0, 0),
(338, 6294, 0, '2021/05/creditoextraordinario-768x769.jpg', 79161, 0, 0),
(339, 6294, 0, '2021/05/creditoextraordinario-800x604.jpg', 68299, 0, 0),
(340, 6294, 0, '2021/05/creditoextraordinario-600x403.jpg', 45916, 0, 0),
(341, 6294, 0, '2021/05/creditoextraordinario-400x269.jpg', 31800, 0, 0),
(342, 6294, 0, '2021/05/creditoextraordinario-100x100.jpg', 17666, 0, 0),
(343, 6294, 0, '2021/05/creditoextraordinario-140x140.jpg', 19796, 0, 0),
(344, 6294, 0, '2021/05/creditoextraordinario-800x500.jpg', 61049, 0, 0),
(345, 6294, 0, '2021/05/creditoextraordinario-670x335.jpg', 43815, 0, 0),
(346, 6294, 0, '2021/05/creditoextraordinario-500x500.jpg', 49412, 0, 0),
(347, 6294, 0, '2021/05/creditoextraordinario-350x350.jpg', 34983, 0, 0),
(348, 6294, 0, '2021/05/creditoextraordinario-500x801.jpg', 67233, 0, 0),
(349, 6294, 0, '2021/05/creditoextraordinario-800x600.jpg', 69153, 0, 0),
(350, 6294, 0, '2021/05/creditoextraordinario-800x770.jpg', 81631, 0, 0),
(351, 6293, 0, '2021/05/creditordinario.jpg', 142726, 0, 0),
(352, 6293, 0, '2021/05/creditordinario-300x300.jpg', 37268, 0, 0),
(353, 6293, 0, '2021/05/creditordinario-150x150.jpg', 22813, 0, 0),
(354, 6293, 0, '2021/05/creditordinario-768x769.jpg', 115221, 0, 0),
(355, 6293, 0, '2021/05/creditordinario-800x604.jpg', 112740, 0, 0),
(356, 6293, 0, '2021/05/creditordinario-600x403.jpg', 64793, 0, 0),
(357, 6293, 0, '2021/05/creditordinario-400x269.jpg', 40739, 0, 0),
(358, 6293, 0, '2021/05/creditordinario-100x100.jpg', 19421, 0, 0),
(359, 6293, 0, '2021/05/creditordinario-140x140.jpg', 22178, 0, 0),
(360, 6293, 0, '2021/05/creditordinario-800x500.jpg', 93060, 0, 0),
(361, 6293, 0, '2021/05/creditordinario-670x335.jpg', 57987, 0, 0),
(362, 6293, 0, '2021/05/creditordinario-500x500.jpg', 65736, 0, 0),
(363, 6293, 0, '2021/05/creditordinario-350x350.jpg', 43887, 0, 0),
(364, 6293, 0, '2021/05/creditordinario-500x801.jpg', 94693, 0, 0),
(365, 6293, 0, '2021/05/creditordinario-800x600.jpg', 112378, 0, 0),
(366, 6293, 0, '2021/05/creditordinario-800x770.jpg', 127742, 0, 0),
(367, 6291, 0, '2021/05/creditoconv.png', 125710, 0, 0),
(368, 6291, 0, '2021/05/creditoconv-300x300.png', 79024, 0, 0),
(369, 6291, 0, '2021/05/creditoconv-150x150.png', 27395, 0, 0),
(370, 6291, 0, '2021/05/creditoconv-500x403.png', 149071, 0, 0),
(371, 6291, 0, '2021/05/creditoconv-400x269.png', 114056, 0, 0),
(372, 6291, 0, '2021/05/creditoconv-100x100.png', 14710, 0, 0),
(373, 6291, 0, '2021/05/creditoconv-140x140.png', 24637, 0, 0),
(374, 6291, 0, '2021/05/creditoconv-500x335.png', 139802, 0, 0),
(375, 6291, 0, '2021/05/creditoconv-500x500.png', 141882, 0, 0),
(376, 6291, 0, '2021/05/creditoconv-350x350.png', 100042, 0, 0),
(377, 6290, 0, '2021/05/cerditosold.png', 139050, 0, 0),
(378, 6290, 0, '2021/05/cerditosold-300x300.png', 69139, 0, 0),
(379, 6290, 0, '2021/05/cerditosold-150x150.png', 24760, 0, 0),
(380, 6290, 0, '2021/05/cerditosold-500x403.png', 122059, 0, 0),
(381, 6290, 0, '2021/05/cerditosold-400x269.png', 69272, 0, 0),
(382, 6290, 0, '2021/05/cerditosold-100x100.png', 13853, 0, 0),
(383, 6290, 0, '2021/05/cerditosold-140x140.png', 22412, 0, 0),
(384, 6290, 0, '2021/05/cerditosold-500x335.png', 92133, 0, 0),
(385, 6290, 0, '2021/05/cerditosold-500x500.png', 139702, 0, 0),
(386, 6290, 0, '2021/05/cerditosold-350x350.png', 88707, 0, 0),
(387, 6289, 0, '2021/05/creditocartera.png', 73296, 0, 0),
(388, 6289, 0, '2021/05/creditocartera-300x300.png', 40929, 0, 0),
(389, 6289, 0, '2021/05/creditocartera-150x150.png', 16853, 0, 0),
(390, 6289, 0, '2021/05/creditocartera-500x403.png', 78723, 0, 0),
(391, 6289, 0, '2021/05/creditocartera-400x269.png', 57696, 0, 0),
(392, 6289, 0, '2021/05/creditocartera-100x100.png', 9989, 0, 0),
(393, 6289, 0, '2021/05/creditocartera-140x140.png', 15385, 0, 0),
(394, 6289, 0, '2021/05/creditocartera-500x335.png', 76958, 0, 0),
(395, 6289, 0, '2021/05/creditocartera-500x500.png', 77961, 0, 0),
(396, 6289, 0, '2021/05/creditocartera-350x350.png', 51363, 0, 0),
(397, 6288, 0, '2021/05/creditoprim.png', 119558, 0, 0),
(398, 6288, 0, '2021/05/creditoprim-300x300.png', 54637, 0, 0),
(399, 6288, 0, '2021/05/creditoprim-150x150.png', 18830, 0, 0),
(400, 6288, 0, '2021/05/creditoprim-500x403.png', 116078, 0, 0),
(401, 6288, 0, '2021/05/creditoprim-400x269.png', 65315, 0, 0),
(402, 6288, 0, '2021/05/creditoprim-100x100.png', 10609, 0, 0),
(403, 6288, 0, '2021/05/creditoprim-140x140.png', 16954, 0, 0),
(404, 6288, 0, '2021/05/creditoprim-500x335.png', 97836, 0, 0),
(405, 6288, 0, '2021/05/creditoprim-500x500.png', 120570, 0, 0),
(406, 6288, 0, '2021/05/creditoprim-350x350.png', 70589, 0, 0),
(407, 6282, 0, '2021/05/creditoext.png', 44951, 0, 0),
(408, 6282, 0, '2021/05/creditoext-300x300.png', 27945, 0, 0),
(409, 6282, 0, '2021/05/creditoext-150x150.png', 11765, 0, 0),
(410, 6282, 0, '2021/05/creditoext-500x403.png', 50987, 0, 0),
(411, 6282, 0, '2021/05/creditoext-400x269.png', 39162, 0, 0),
(412, 6282, 0, '2021/05/creditoext-100x100.png', 7192, 0, 0),
(413, 6282, 0, '2021/05/creditoext-140x140.png', 10847, 0, 0),
(414, 6282, 0, '2021/05/creditoext-500x335.png', 48907, 0, 0),
(415, 6282, 0, '2021/05/creditoext-500x500.png', 49038, 0, 0),
(416, 6282, 0, '2021/05/creditoext-350x350.png', 34568, 0, 0),
(417, 6281, 0, '2021/05/creditord.jpg', 38675, 0, 0),
(418, 6281, 0, '2021/05/creditord-300x300.jpg', 18500, 0, 0),
(419, 6281, 0, '2021/05/creditord-150x150.jpg', 12283, 0, 0),
(420, 6281, 0, '2021/05/creditord-500x403.jpg', 27953, 0, 0),
(421, 6281, 0, '2021/05/creditord-400x269.jpg', 20422, 0, 0),
(422, 6281, 0, '2021/05/creditord-100x100.jpg', 10688, 0, 0),
(423, 6281, 0, '2021/05/creditord-140x140.jpg', 12111, 0, 0),
(424, 6281, 0, '2021/05/creditord-500x335.jpg', 25681, 0, 0),
(425, 6281, 0, '2021/05/creditord-500x500.jpg', 35035, 0, 0),
(426, 6281, 0, '2021/05/creditord-350x350.jpg', 20686, 0, 0),
(427, 6278, 0, '2021/05/creditoagil.jpg', 145234, 0, 0),
(428, 6278, 0, '2021/05/creditoagil-300x300.jpg', 30353, 0, 0),
(429, 6278, 0, '2021/05/creditoagil-150x150.jpg', 18209, 0, 0),
(430, 6278, 0, '2021/05/creditoagil-768x768.jpg', 85955, 0, 0),
(431, 6278, 0, '2021/05/creditoagil-900x604.jpg', 73801, 0, 0),
(432, 6278, 0, '2021/05/creditoagil-600x403.jpg', 44658, 0, 0),
(433, 6278, 0, '2021/05/creditoagil-400x269.jpg', 29751, 0, 0),
(434, 6278, 0, '2021/05/creditoagil-100x100.jpg', 15289, 0, 0),
(435, 6278, 0, '2021/05/creditoagil-140x140.jpg', 17685, 0, 0),
(436, 6278, 0, '2021/05/creditoagil-995x500.jpg', 70987, 0, 0),
(437, 6278, 0, '2021/05/creditoagil-670x335.jpg', 41636, 0, 0),
(438, 6278, 0, '2021/05/creditoagil-500x500.jpg', 50854, 0, 0),
(439, 6278, 0, '2021/05/creditoagil-350x350.jpg', 34790, 0, 0),
(440, 6278, 0, '2021/05/creditoagil-500x995.jpg', 94942, 0, 0),
(441, 6278, 0, '2021/05/creditoagil-900x600.jpg', 73222, 0, 0),
(442, 6278, 0, '2021/05/creditoagil-995x770.jpg', 102624, 0, 0),
(443, 6278, 0, '2021/05/creditoagil-800x800.jpg', 90844, 0, 0),
(444, 6276, 0, '2021/05/crediagil.jpg', 31606, 0, 0),
(445, 6276, 0, '2021/05/crediagil-300x300.jpg', 14472, 0, 0),
(446, 6276, 0, '2021/05/crediagil-150x150.jpg', 10813, 0, 0),
(447, 6276, 0, '2021/05/crediagil-500x403.jpg', 19969, 0, 0),
(448, 6276, 0, '2021/05/crediagil-400x269.jpg', 15655, 0, 0),
(449, 6276, 0, '2021/05/crediagil-100x100.jpg', 9669, 0, 0),
(450, 6276, 0, '2021/05/crediagil-140x140.jpg', 10552, 0, 0),
(451, 6276, 0, '2021/05/crediagil-500x335.jpg', 18878, 0, 0),
(452, 6276, 0, '2021/05/crediagil-500x500.jpg', 26956, 0, 0),
(453, 6276, 0, '2021/05/crediagil-350x350.jpg', 15784, 0, 0),
(454, 6274, 0, '2021/05/cajamenorfun.jpg', 137018, 0, 0),
(455, 6274, 0, '2021/05/cajamenorfun-300x300.jpg', 32347, 0, 0),
(456, 6274, 0, '2021/05/cajamenorfun-150x150.jpg', 20141, 0, 0),
(457, 6274, 0, '2021/05/cajamenorfun-768x768.jpg', 92364, 0, 0),
(458, 6274, 0, '2021/05/cajamenorfun-900x604.jpg', 103066, 0, 0),
(459, 6274, 0, '2021/05/cajamenorfun-600x403.jpg', 56420, 0, 0),
(460, 6274, 0, '2021/05/cajamenorfun-400x269.jpg', 36046, 0, 0),
(461, 6274, 0, '2021/05/cajamenorfun-100x100.jpg', 17127, 0, 0),
(462, 6274, 0, '2021/05/cajamenorfun-140x140.jpg', 19549, 0, 0),
(463, 6274, 0, '2021/05/cajamenorfun-900x500.jpg', 87605, 0, 0),
(464, 6274, 0, '2021/05/cajamenorfun-670x335.jpg', 51943, 0, 0),
(465, 6274, 0, '2021/05/cajamenorfun-500x500.jpg', 54140, 0, 0),
(466, 6274, 0, '2021/05/cajamenorfun-350x350.jpg', 36994, 0, 0),
(467, 6274, 0, '2021/05/cajamenorfun-500x900.jpg', 78306, 0, 0),
(468, 6274, 0, '2021/05/cajamenorfun-900x600.jpg', 100997, 0, 0),
(469, 6274, 0, '2021/05/cajamenorfun-900x770.jpg', 114314, 0, 0),
(470, 6274, 0, '2021/05/cajamenorfun-800x800.jpg', 97229, 0, 0),
(471, 6273, 0, '2021/05/cajamenor-1.png', 5850, 0, 0),
(472, 6273, 0, '2021/05/cajamenor-1-300x300.png', 17357, 0, 0),
(473, 6273, 0, '2021/05/cajamenor-1-150x150.png', 8968, 0, 0),
(474, 6273, 0, '2021/05/cajamenor-1-500x403.png', 4301, 0, 0),
(475, 6273, 0, '2021/05/cajamenor-1-400x269.png', 18218, 0, 0),
(476, 6273, 0, '2021/05/cajamenor-1-100x100.png', 5782, 0, 0),
(477, 6273, 0, '2021/05/cajamenor-1-140x140.png', 8210, 0, 0),
(478, 6273, 0, '2021/05/cajamenor-1-500x335.png', 3500, 0, 0),
(479, 6273, 0, '2021/05/cajamenor-1-500x500.png', 5420, 0, 0),
(480, 6273, 0, '2021/05/cajamenor-1-350x350.png', 21409, 0, 0),
(481, 6272, 0, '2021/05/cajamenor.png', 5850, 0, 0),
(482, 6272, 0, '2021/05/cajamenor-300x300.png', 17357, 0, 0),
(483, 6272, 0, '2021/05/cajamenor-150x150.png', 8968, 0, 0),
(484, 6272, 0, '2021/05/cajamenor-500x403.png', 4301, 0, 0),
(485, 6272, 0, '2021/05/cajamenor-400x269.png', 18218, 0, 0),
(486, 6272, 0, '2021/05/cajamenor-100x100.png', 5782, 0, 0),
(487, 6272, 0, '2021/05/cajamenor-140x140.png', 8210, 0, 0),
(488, 6272, 0, '2021/05/cajamenor-500x335.png', 3500, 0, 0),
(489, 6272, 0, '2021/05/cajamenor-500x500.png', 5420, 0, 0),
(490, 6272, 0, '2021/05/cajamenor-350x350.png', 21409, 0, 0),
(491, 6270, 0, '2021/05/funcionariacredito.png', 263288, 0, 0),
(492, 6270, 0, '2021/05/funcionariacredito-80x300.png', 31170, 0, 0),
(493, 6270, 0, '2021/05/funcionariacredito-150x150.png', 21232, 0, 0),
(494, 6270, 0, '2021/05/funcionariacredito-250x604.png', 165457, 0, 0),
(495, 6270, 0, '2021/05/funcionariacredito-250x403.png', 106026, 0, 0),
(496, 6270, 0, '2021/05/funcionariacredito-250x269.png', 63923, 0, 0),
(497, 6270, 0, '2021/05/funcionariacredito-100x100.png', 10538, 0, 0),
(498, 6270, 0, '2021/05/funcionariacredito-140x140.png', 18801, 0, 0),
(499, 6270, 0, '2021/05/funcionariacredito-250x500.png', 133112, 0, 0),
(500, 6270, 0, '2021/05/funcionariacredito-250x335.png', 83947, 0, 0),
(501, 6270, 0, '2021/05/funcionariacredito-250x500.png', 133112, 0, 0),
(502, 6270, 0, '2021/05/funcionariacredito-250x350.png', 88647, 0, 0),
(503, 6270, 0, '2021/05/funcionariacredito-250x600.png', 164181, 0, 0),
(504, 6270, 0, '2021/05/funcionariacredito-250x770.png', 208474, 0, 0),
(505, 6270, 0, '2021/05/funcionariacredito-250x800.png', 215238, 0, 0),
(506, 6268, 0, '2021/05/concideraciones.png', 11136, 0, 0),
(507, 6268, 0, '2021/05/concideraciones-300x66.png', 9948, 0, 0),
(508, 6268, 0, '2021/05/concideraciones-150x150.png', 4254, 0, 0),
(509, 6268, 0, '2021/05/concideraciones-768x169.png', 26025, 0, 0),
(510, 6268, 0, '2021/05/concideraciones-600x185.png', 7809, 0, 0),
(511, 6268, 0, '2021/05/concideraciones-400x185.png', 5228, 0, 0),
(512, 6268, 0, '2021/05/concideraciones-100x100.png', 3058, 0, 0),
(513, 6268, 0, '2021/05/concideraciones-140x140.png', 4018, 0, 0),
(514, 6268, 0, '2021/05/concideraciones-670x185.png', 8780, 0, 0),
(515, 6268, 0, '2021/05/concideraciones-500x185.png', 6625, 0, 0),
(516, 6268, 0, '2021/05/concideraciones-350x185.png', 4716, 0, 0),
(517, 6268, 0, '2021/05/concideraciones-500x185.png', 6625, 0, 0),
(518, 6268, 0, '2021/05/concideraciones-800x185.png', 12295, 0, 0),
(519, 6265, 0, '2021/05/SERVICIOCREDITO.jpg', 225269, 0, 0),
(520, 6265, 0, '2021/05/SERVICIOCREDITO-300x153.jpg', 20096, 0, 0),
(521, 6265, 0, '2021/05/SERVICIOCREDITO-1024x523.jpg', 95059, 0, 0),
(522, 6265, 0, '2021/05/SERVICIOCREDITO-150x150.jpg', 15990, 0, 0),
(523, 6265, 0, '2021/05/SERVICIOCREDITO-768x392.jpg', 62367, 0, 0),
(524, 6265, 0, '2021/05/SERVICIOCREDITO-1536x784.jpg', 170380, 0, 0),
(525, 6265, 0, '2021/05/SERVICIOCREDITO-900x604.jpg', 103687, 0, 0),
(526, 6265, 0, '2021/05/SERVICIOCREDITO-600x403.jpg', 58171, 0, 0),
(527, 6265, 0, '2021/05/SERVICIOCREDITO-400x269.jpg', 33876, 0, 0),
(528, 6265, 0, '2021/05/SERVICIOCREDITO-100x100.jpg', 13092, 0, 0),
(529, 6265, 0, '2021/05/SERVICIOCREDITO-140x140.jpg', 15543, 0, 0),
(530, 6265, 0, '2021/05/SERVICIOCREDITO-1000x500.jpg', 91307, 0, 0),
(531, 6265, 0, '2021/05/SERVICIOCREDITO-670x335.jpg', 51040, 0, 0),
(532, 6265, 0, '2021/05/SERVICIOCREDITO-500x500.jpg', 58720, 0, 0),
(533, 6265, 0, '2021/05/SERVICIOCREDITO-350x350.jpg', 36567, 0, 0),
(534, 6265, 0, '2021/05/SERVICIOCREDITO-500x980.jpg', 77448, 0, 0),
(535, 6265, 0, '2021/05/SERVICIOCREDITO-1000x980.jpg', 156205, 0, 0),
(536, 6265, 0, '2021/05/SERVICIOCREDITO-900x600.jpg', 102808, 0, 0),
(537, 6265, 0, '2021/05/SERVICIOCREDITO-1870x770.jpg', 203694, 0, 0),
(538, 6265, 0, '2021/05/SERVICIOCREDITO-800x800.jpg', 109654, 0, 0),
(539, 6263, 0, '2021/05/credito2.jpg', 64692, 0, 0),
(540, 6263, 0, '2021/05/credito2-300x191.jpg', 25437, 0, 0),
(541, 6263, 0, '2021/05/credito2-150x150.jpg', 19397, 0, 0),
(542, 6263, 0, '2021/05/credito2-400x269.jpg', 35430, 0, 0),
(543, 6263, 0, '2021/05/credito2-100x100.jpg', 15327, 0, 0),
(544, 6263, 0, '2021/05/credito2-140x140.jpg', 18600, 0, 0),
(545, 6263, 0, '2021/05/credito2-600x335.jpg', 51375, 0, 0),
(546, 6263, 0, '2021/05/credito2-500x381.jpg', 53362, 0, 0),
(547, 6263, 0, '2021/05/credito2-350x350.jpg', 41654, 0, 0),
(548, 6263, 0, '2021/05/credito2-500x381.jpg', 53362, 0, 0),
(549, 6262, 0, '2021/05/credito1.png', 234061, 0, 0),
(550, 6262, 0, '2021/05/credito1-300x184.png', 70201, 0, 0),
(551, 6262, 0, '2021/05/credito1-150x150.png', 32609, 0, 0),
(552, 6262, 0, '2021/05/credito1-400x269.png', 126877, 0, 0),
(553, 6262, 0, '2021/05/credito1-100x100.png', 16285, 0, 0),
(554, 6262, 0, '2021/05/credito1-140x140.png', 28984, 0, 0),
(555, 6262, 0, '2021/05/credito1-600x335.png', 215932, 0, 0),
(556, 6262, 0, '2021/05/credito1-500x368.png', 208771, 0, 0),
(557, 6262, 0, '2021/05/credito1-350x350.png', 132342, 0, 0),
(558, 6262, 0, '2021/05/credito1-500x368.png', 208771, 0, 0),
(559, 6250, 0, '2021/05/habeas.png', 247293, 0, 0),
(560, 6250, 0, '2021/05/habeas-300x209.png', 68823, 0, 0),
(561, 6250, 0, '2021/05/habeas-150x150.png', 31834, 0, 0),
(562, 6250, 0, '2021/05/habeas-400x269.png', 114780, 0, 0),
(563, 6250, 0, '2021/05/habeas-100x100.png', 15594, 0, 0),
(564, 6250, 0, '2021/05/habeas-140x140.png', 28215, 0, 0),
(565, 6250, 0, '2021/05/habeas-554x335.png', 210650, 0, 0),
(566, 6250, 0, '2021/05/habeas-500x386.png', 232000, 0, 0),
(567, 6250, 0, '2021/05/habeas-350x350.png', 153785, 0, 0),
(568, 6250, 0, '2021/05/habeas-500x386.png', 232000, 0, 0),
(569, 6244, 0, '2021/05/HABEAS-DATA.jpg', 157258, 0, 0),
(570, 6244, 0, '2021/05/HABEAS-DATA-300x153.jpg', 20244, 0, 0),
(571, 6244, 0, '2021/05/HABEAS-DATA-1024x523.jpg', 94021, 0, 0),
(572, 6244, 0, '2021/05/HABEAS-DATA-150x150.jpg', 16449, 0, 0),
(573, 6244, 0, '2021/05/HABEAS-DATA-768x392.jpg', 62296, 0, 0),
(574, 6244, 0, '2021/05/HABEAS-DATA-1536x784.jpg', 165672, 0, 0),
(575, 6244, 0, '2021/05/HABEAS-DATA-900x604.jpg', 101379, 0, 0),
(576, 6244, 0, '2021/05/HABEAS-DATA-600x403.jpg', 57261, 0, 0),
(577, 6244, 0, '2021/05/HABEAS-DATA-400x269.jpg', 34440, 0, 0),
(578, 6244, 0, '2021/05/HABEAS-DATA-100x100.jpg', 13366, 0, 0),
(579, 6244, 0, '2021/05/HABEAS-DATA-140x140.jpg', 15794, 0, 0),
(580, 6244, 0, '2021/05/HABEAS-DATA-1000x500.jpg', 90258, 0, 0),
(581, 6244, 0, '2021/05/HABEAS-DATA-670x335.jpg', 51118, 0, 0),
(582, 6244, 0, '2021/05/HABEAS-DATA-500x500.jpg', 57690, 0, 0),
(583, 6244, 0, '2021/05/HABEAS-DATA-350x350.jpg', 36594, 0, 0),
(584, 6244, 0, '2021/05/HABEAS-DATA-500x980.jpg', 84925, 0, 0),
(585, 6244, 0, '2021/05/HABEAS-DATA-1000x980.jpg', 144067, 0, 0),
(586, 6244, 0, '2021/05/HABEAS-DATA-900x600.jpg', 100765, 0, 0),
(587, 6244, 0, '2021/05/HABEAS-DATA-1870x770.jpg', 197975, 0, 0),
(588, 6244, 0, '2021/05/HABEAS-DATA-800x800.jpg', 106039, 0, 0),
(589, 6227, 0, '2021/05/debyder.jpg', 34252, 0, 0),
(590, 6227, 0, '2021/05/debyder-300x168.jpg', 12924, 0, 0),
(591, 6227, 0, '2021/05/debyder-150x150.jpg', 11324, 0, 0),
(592, 6227, 0, '2021/05/debyder-768x429.jpg', 28406, 0, 0),
(593, 6227, 0, '2021/05/debyder-600x403.jpg', 26063, 0, 0),
(594, 6227, 0, '2021/05/debyder-400x269.jpg', 17830, 0, 0),
(595, 6227, 0, '2021/05/debyder-100x100.jpg', 9786, 0, 0),
(596, 6227, 0, '2021/05/debyder-140x140.jpg', 10948, 0, 0),
(597, 6227, 0, '2021/05/debyder-670x335.jpg', 24181, 0, 0),
(598, 6227, 0, '2021/05/debyder-500x472.jpg', 30498, 0, 0),
(599, 6227, 0, '2021/05/debyder-350x350.jpg', 20550, 0, 0),
(600, 6227, 0, '2021/05/debyder-500x472.jpg', 30498, 0, 0),
(601, 6227, 0, '2021/05/debyder-800x472.jpg', 32758, 0, 0),
(602, 6221, 0, '2021/05/senaladepie.png', 258346, 0, 0),
(603, 6221, 0, '2021/05/senaladepie-138x300.png', 35459, 0, 0),
(604, 6221, 0, '2021/05/senaladepie-150x150.png', 18400, 0, 0),
(605, 6221, 0, '2021/05/senaladepie-401x604.png', 175424, 0, 0),
(606, 6221, 0, '2021/05/senaladepie-401x403.png', 108522, 0, 0),
(607, 6221, 0, '2021/05/senaladepie-400x269.png', 59632, 0, 0),
(608, 6221, 0, '2021/05/senaladepie-100x100.png', 9346, 0, 0),
(609, 6221, 0, '2021/05/senaladepie-140x140.png', 16473, 0, 0),
(610, 6221, 0, '2021/05/senaladepie-401x500.png', 139709, 0, 0),
(611, 6221, 0, '2021/05/senaladepie-401x335.png', 84737, 0, 0),
(612, 6221, 0, '2021/05/senaladepie-401x500.png', 139709, 0, 0),
(613, 6221, 0, '2021/05/senaladepie-350x350.png', 80581, 0, 0),
(614, 6221, 0, '2021/05/senaladepie-401x600.png', 174387, 0, 0),
(615, 6221, 0, '2021/05/senaladepie-401x770.png', 211616, 0, 0),
(616, 6221, 0, '2021/05/senaladepie-401x800.png', 217777, 0, 0),
(617, 6219, 0, '2021/05/miravideo.png', 98333, 0, 0),
(618, 6219, 0, '2021/05/miravideo-300x207.png', 51817, 0, 0),
(619, 6219, 0, '2021/05/miravideo-150x150.png', 24665, 0, 0),
(620, 6219, 0, '2021/05/miravideo-400x269.png', 90116, 0, 0),
(621, 6219, 0, '2021/05/miravideo-100x100.png', 12453, 0, 0),
(622, 6219, 0, '2021/05/miravideo-140x140.png', 22100, 0, 0),
(623, 6219, 0, '2021/05/miravideo-350x276.png', 85380, 0, 0),
(624, 6217, 0, '2021/05/dyd.png', 12177, 0, 0),
(625, 6201, 0, '2021/05/costos.png', 226827, 0, 0),
(626, 6201, 0, '2021/05/costos-224x300.png', 70030, 0, 0),
(627, 6201, 0, '2021/05/costos-150x150.png', 30144, 0, 0),
(628, 6201, 0, '2021/05/costos-400x403.png', 189233, 0, 0),
(629, 6201, 0, '2021/05/costos-400x269.png', 145865, 0, 0),
(630, 6201, 0, '2021/05/costos-100x100.png', 15229, 0, 0),
(631, 6201, 0, '2021/05/costos-140x140.png', 26730, 0, 0),
(632, 6201, 0, '2021/05/costos-400x500.png', 212245, 0, 0),
(633, 6201, 0, '2021/05/costos-400x335.png', 170604, 0, 0),
(634, 6201, 0, '2021/05/costos-400x500.png', 212245, 0, 0),
(635, 6201, 0, '2021/05/costos-350x350.png', 135046, 0, 0),
(636, 6195, 0, '2021/05/Requisitos_ingreso.png', 164380, 0, 0),
(637, 6195, 0, '2021/05/Requisitos_ingreso-231x300.png', 60093, 0, 0),
(638, 6195, 0, '2021/05/Requisitos_ingreso-150x150.png', 25674, 0, 0),
(639, 6195, 0, '2021/05/Requisitos_ingreso-400x403.png', 143993, 0, 0),
(640, 6195, 0, '2021/05/Requisitos_ingreso-400x269.png', 100591, 0, 0),
(641, 6195, 0, '2021/05/Requisitos_ingreso-100x100.png', 13296, 0, 0),
(642, 6195, 0, '2021/05/Requisitos_ingreso-140x140.png', 22874, 0, 0),
(643, 6195, 0, '2021/05/Requisitos_ingreso-400x500.png', 159123, 0, 0),
(644, 6195, 0, '2021/05/Requisitos_ingreso-400x335.png', 123518, 0, 0),
(645, 6195, 0, '2021/05/Requisitos_ingreso-400x500.png', 159123, 0, 0),
(646, 6195, 0, '2021/05/Requisitos_ingreso-350x350.png', 108145, 0, 0),
(647, 6183, 0, '2021/05/aceptacion.png', 229912, 0, 0),
(648, 6183, 0, '2021/05/aceptacion-300x240.png', 76038, 0, 0),
(649, 6183, 0, '2021/05/aceptacion-150x150.png', 31527, 0, 0),
(650, 6183, 0, '2021/05/aceptacion-400x269.png', 112166, 0, 0),
(651, 6183, 0, '2021/05/aceptacion-100x100.png', 15899, 0, 0),
(652, 6183, 0, '2021/05/aceptacion-140x140.png', 28150, 0, 0),
(653, 6183, 0, '2021/05/aceptacion-500x335.png', 183076, 0, 0),
(654, 6183, 0, '2021/05/aceptacion-350x350.png', 146734, 0, 0),
(655, 6170, 0, '2021/04/CARLOS-CASTRO-SAAVEDRA.png', 168087, 0, 0),
(656, 6170, 0, '2021/04/CARLOS-CASTRO-SAAVEDRA-103x300.png', 40192, 0, 0),
(657, 6170, 0, '2021/04/CARLOS-CASTRO-SAAVEDRA-150x150.png', 26368, 0, 0),
(658, 6170, 0, '2021/04/CARLOS-CASTRO-SAAVEDRA-248x604.png', 139018, 0, 0),
(659, 6170, 0, '2021/04/CARLOS-CASTRO-SAAVEDRA-248x403.png', 88638, 0, 0),
(660, 6170, 0, '2021/04/CARLOS-CASTRO-SAAVEDRA-248x269.png', 58306, 0, 0),
(661, 6170, 0, '2021/04/CARLOS-CASTRO-SAAVEDRA-100x100.png', 13745, 0, 0),
(662, 6170, 0, '2021/04/CARLOS-CASTRO-SAAVEDRA-140x140.png', 23528, 0, 0),
(663, 6170, 0, '2021/04/CARLOS-CASTRO-SAAVEDRA-248x500.png', 114512, 0, 0),
(664, 6170, 0, '2021/04/CARLOS-CASTRO-SAAVEDRA-248x335.png', 72938, 0, 0),
(665, 6170, 0, '2021/04/CARLOS-CASTRO-SAAVEDRA-248x500.png', 114512, 0, 0),
(666, 6170, 0, '2021/04/CARLOS-CASTRO-SAAVEDRA-248x350.png', 76170, 0, 0),
(667, 6170, 0, '2021/04/CARLOS-CASTRO-SAAVEDRA-248x600.png', 138057, 0, 0),
(668, 6169, 0, '2021/04/Partituras-del-Himno-al-Cooperativismo.png', 307896, 0, 0),
(669, 6169, 0, '2021/04/Partituras-del-Himno-al-Cooperativismo-300x225.png', 118173, 0, 0),
(670, 6169, 0, '2021/04/Partituras-del-Himno-al-Cooperativismo-150x150.png', 42431, 0, 0),
(671, 6169, 0, '2021/04/Partituras-del-Himno-al-Cooperativismo-600x403.png', 359207, 0, 0),
(672, 6169, 0, '2021/04/Partituras-del-Himno-al-Cooperativismo-400x269.png', 183691, 0, 0),
(673, 6169, 0, '2021/04/Partituras-del-Himno-al-Cooperativismo-100x100.png', 20347, 0, 0),
(674, 6169, 0, '2021/04/Partituras-del-Himno-al-Cooperativismo-140x140.png', 37806, 0, 0),
(675, 6169, 0, '2021/04/Partituras-del-Himno-al-Cooperativismo-640x335.png', 277356, 0, 0),
(676, 6169, 0, '2021/04/Partituras-del-Himno-al-Cooperativismo-500x480.png', 272216, 0, 0),
(677, 6169, 0, '2021/04/Partituras-del-Himno-al-Cooperativismo-350x350.png', 184791, 0, 0),
(678, 6169, 0, '2021/04/Partituras-del-Himno-al-Cooperativismo-500x480.png', 272216, 0, 0),
(679, 6166, 0, '2021/04/pinos.png', 12732, 0, 0),
(680, 6166, 0, '2021/04/pinos-100x100.png', 11234, 0, 0),
(681, 6165, 0, '2021/04/James_Peter_Warbasse.jpg', 6806, 0, 0),
(682, 6165, 0, '2021/04/James_Peter_Warbasse-150x150.jpg', 3722, 0, 0),
(683, 6165, 0, '2021/04/James_Peter_Warbasse-190x269.jpg', 7301, 0, 0),
(684, 6165, 0, '2021/04/James_Peter_Warbasse-100x100.jpg', 2143, 0, 0),
(685, 6165, 0, '2021/04/James_Peter_Warbasse-140x140.jpg', 3403, 0, 0),
(686, 6164, 0, '2021/04/CoopConfecoop.png', 3727, 0, 0),
(687, 6164, 0, '2021/04/CoopConfecoop-300x161.png', 8264, 0, 0),
(688, 6164, 0, '2021/04/CoopConfecoop-150x150.png', 6909, 0, 0),
(689, 6164, 0, '2021/04/CoopConfecoop-100x100.png', 4424, 0, 0),
(690, 6164, 0, '2021/04/CoopConfecoop-140x140.png', 6455, 0, 0),
(691, 6164, 0, '2021/04/CoopConfecoop-350x213.png', 1787, 0, 0),
(692, 6163, 0, '2021/04/pinos.jpg', 12475, 0, 0),
(693, 6163, 0, '2021/04/pinos-300x300.jpg', 15079, 0, 0),
(694, 6163, 0, '2021/04/pinos-150x150.jpg', 7347, 0, 0),
(695, 6163, 0, '2021/04/pinos-300x269.jpg', 16936, 0, 0),
(696, 6163, 0, '2021/04/pinos-100x100.jpg', 4780, 0, 0),
(697, 6163, 0, '2021/04/pinos-140x140.jpg', 7092, 0, 0),
(698, 6156, 0, '2021/04/lahistoria.jpg', 23038, 0, 0),
(699, 6156, 0, '2021/04/lahistoria-150x142.jpg', 13782, 0, 0),
(700, 6156, 0, '2021/04/lahistoria-100x100.jpg', 10745, 0, 0),
(701, 6156, 0, '2021/04/lahistoria-140x140.jpg', 12740, 0, 0),
(702, 6154, 0, '2021/04/PRINCIPIOSYVALORES.jpg', 28561, 0, 0),
(703, 6154, 0, '2021/04/PRINCIPIOSYVALORES-150x142.jpg', 18019, 0, 0),
(704, 6154, 0, '2021/04/PRINCIPIOSYVALORES-100x100.jpg', 13702, 0, 0),
(705, 6154, 0, '2021/04/PRINCIPIOSYVALORES-140x140.jpg', 16340, 0, 0),
(706, 6150, 0, '2021/04/pngegg-2021-04-05T140724.553.png', 80237, 0, 0),
(707, 6150, 0, '2021/04/pngegg-2021-04-05T140724.553-242x300.png', 22599, 0, 0),
(708, 6150, 0, '2021/04/pngegg-2021-04-05T140724.553-826x1024.png', 90744, 0, 0),
(709, 6150, 0, '2021/04/pngegg-2021-04-05T140724.553-150x150.png', 11873, 0, 0),
(710, 6150, 0, '2021/04/pngegg-2021-04-05T140724.553-768x952.png', 84107, 0, 0),
(711, 6150, 0, '2021/04/pngegg-2021-04-05T140724.553-900x604.png', 72328, 0, 0),
(712, 6150, 0, '2021/04/pngegg-2021-04-05T140724.553-600x403.png', 46697, 0, 0),
(713, 6150, 0, '2021/04/pngegg-2021-04-05T140724.553-400x269.png', 30182, 0, 0),
(714, 6150, 0, '2021/04/pngegg-2021-04-05T140724.553-100x100.png', 7369, 0, 0),
(715, 6150, 0, '2021/04/pngegg-2021-04-05T140724.553-140x140.png', 10966, 0, 0),
(716, 6150, 0, '2021/04/pngegg-2021-04-05T140724.553-954x500.png', 45128, 0, 0),
(717, 6150, 0, '2021/04/pngegg-2021-04-05T140724.553-670x335.png', 32803, 0, 0),
(718, 6150, 0, '2021/04/pngegg-2021-04-05T140724.553-500x500.png', 47760, 0, 0),
(719, 6150, 0, '2021/04/pngegg-2021-04-05T140724.553-350x350.png', 32546, 0, 0),
(720, 6150, 0, '2021/04/pngegg-2021-04-05T140724.553-500x1000.png', 58842, 0, 0),
(721, 6150, 0, '2021/04/pngegg-2021-04-05T140724.553-954x1000.png', 86828, 0, 0),
(722, 6150, 0, '2021/04/pngegg-2021-04-05T140724.553-900x600.png', 71706, 0, 0),
(723, 6150, 0, '2021/04/pngegg-2021-04-05T140724.553-954x770.png', 77088, 0, 0),
(724, 6150, 0, '2021/04/pngegg-2021-04-05T140724.553-800x800.png', 81432, 0, 0),
(725, 6145, 0, '2021/04/senala-bella.png', 165682, 0, 0),
(726, 6145, 0, '2021/04/senala-bella-181x300.png', 55928, 0, 0),
(727, 6145, 0, '2021/04/senala-bella-150x150.png', 28575, 0, 0),
(728, 6145, 0, '2021/04/senala-bella-320x403.png', 130288, 0, 0),
(729, 6145, 0, '2021/04/senala-bella-320x269.png', 96708, 0, 0),
(730, 6145, 0, '2021/04/senala-bella-100x100.png', 14652, 0, 0),
(731, 6145, 0, '2021/04/senala-bella-140x140.png', 25451, 0, 0),
(732, 6145, 0, '2021/04/senala-bella-320x500.png', 153409, 0, 0),
(733, 6145, 0, '2021/04/senala-bella-320x335.png', 115549, 0, 0),
(734, 6145, 0, '2021/04/senala-bella-320x500.png', 153409, 0, 0),
(735, 6145, 0, '2021/04/senala-bella-320x350.png', 119322, 0, 0),
(736, 6123, 0, '2021/04/organigrama.png', 38172, 0, 0),
(737, 6123, 0, '2021/04/organigrama-279x300.png', 27533, 0, 0),
(738, 6123, 0, '2021/04/organigrama-150x150.png', 11063, 0, 0),
(739, 6123, 0, '2021/04/organigrama-626x604.png', 42270, 0, 0),
(740, 6123, 0, '2021/04/organigrama-600x403.png', 43096, 0, 0),
(741, 6123, 0, '2021/04/organigrama-400x269.png', 25080, 0, 0),
(742, 6123, 0, '2021/04/organigrama-100x100.png', 6912, 0, 0),
(743, 6123, 0, '2021/04/organigrama-140x140.png', 10267, 0, 0),
(744, 6123, 0, '2021/04/organigrama-626x500.png', 32807, 0, 0),
(745, 6123, 0, '2021/04/organigrama-626x335.png', 18932, 0, 0),
(746, 6123, 0, '2021/04/organigrama-500x500.png', 55785, 0, 0),
(747, 6123, 0, '2021/04/organigrama-350x350.png', 34435, 0, 0),
(748, 6123, 0, '2021/04/organigrama-500x672.png', 40874, 0, 0),
(749, 6123, 0, '2021/04/organigrama-626x600.png', 41707, 0, 0),
(750, 6118, 0, '2021/04/supersolidariapage.jpg', 83549, 0, 0),
(751, 6118, 0, '2021/04/supersolidariapage-300x266.jpg', 32771, 0, 0),
(752, 6118, 0, '2021/04/supersolidariapage-150x150.jpg', 20311, 0, 0),
(753, 6118, 0, '2021/04/supersolidariapage-559x403.jpg', 58645, 0, 0),
(754, 6118, 0, '2021/04/supersolidariapage-400x269.jpg', 37890, 0, 0),
(755, 6118, 0, '2021/04/supersolidariapage-100x100.jpg', 16948, 0, 0),
(756, 6118, 0, '2021/04/supersolidariapage-140x140.jpg', 19589, 0, 0),
(757, 6118, 0, '2021/04/supersolidariapage-559x335.jpg', 49421, 0, 0),
(758, 6118, 0, '2021/04/supersolidariapage-500x495.jpg', 58243, 0, 0),
(759, 6118, 0, '2021/04/supersolidariapage-350x350.jpg', 40089, 0, 0),
(760, 6118, 0, '2021/04/supersolidariapage-500x495.jpg', 58243, 0, 0),
(761, 6117, 0, '2021/04/supersolidaria.png', 24875, 0, 0),
(762, 6117, 0, '2021/04/supersolidaria-300x300.png', 26437, 0, 0),
(763, 6117, 0, '2021/04/supersolidaria-150x150.png', 10771, 0, 0),
(764, 6117, 0, '2021/04/supersolidaria-400x269.png', 19283, 0, 0),
(765, 6117, 0, '2021/04/supersolidaria-100x100.png', 5986, 0, 0),
(766, 6117, 0, '2021/04/supersolidaria-140x140.png', 9706, 0, 0),
(767, 6117, 0, '2021/04/supersolidaria-400x335.png', 19925, 0, 0),
(768, 6117, 0, '2021/04/supersolidaria-350x350.png', 32604, 0, 0),
(769, 6115, 0, '2021/04/control_interno_y_revisoria_fiscal.jpg', 188562, 0, 0),
(770, 6115, 0, '2021/04/control_interno_y_revisoria_fiscal-300x237.jpg', 32092, 0, 0),
(771, 6115, 0, '2021/04/control_interno_y_revisoria_fiscal-150x150.jpg', 19809, 0, 0),
(772, 6115, 0, '2021/04/control_interno_y_revisoria_fiscal-768x607.jpg', 101390, 0, 0),
(773, 6115, 0, '2021/04/control_interno_y_revisoria_fiscal-795x604.jpg', 113754, 0, 0),
(774, 6115, 0, '2021/04/control_interno_y_revisoria_fiscal-600x403.jpg', 64464, 0, 0),
(775, 6115, 0, '2021/04/control_interno_y_revisoria_fiscal-400x269.jpg', 39538, 0, 0),
(776, 6115, 0, '2021/04/control_interno_y_revisoria_fiscal-100x100.jpg', 16161, 0, 0),
(777, 6115, 0, '2021/04/control_interno_y_revisoria_fiscal-140x140.jpg', 19148, 0, 0),
(778, 6115, 0, '2021/04/control_interno_y_revisoria_fiscal-795x500.jpg', 97493, 0, 0),
(779, 6115, 0, '2021/04/control_interno_y_revisoria_fiscal-670x335.jpg', 58799, 0, 0),
(780, 6115, 0, '2021/04/control_interno_y_revisoria_fiscal-500x500.jpg', 66226, 0, 0),
(781, 6115, 0, '2021/04/control_interno_y_revisoria_fiscal-350x350.jpg', 42558, 0, 0),
(782, 6115, 0, '2021/04/control_interno_y_revisoria_fiscal-500x628.jpg', 75266, 0, 0);
INSERT INTO `wp_litespeed_img_optm` (`id`, `post_id`, `optm_status`, `src`, `src_filesize`, `target_filesize`, `webp_filesize`) VALUES
(783, 6115, 0, '2021/04/control_interno_y_revisoria_fiscal-795x600.jpg', 112789, 0, 0),
(784, 6113, 0, '2021/04/revisoria.jpg', 74139, 0, 0),
(785, 6113, 0, '2021/04/revisoria-300x235.jpg', 35936, 0, 0),
(786, 6113, 0, '2021/04/revisoria-150x150.jpg', 27946, 0, 0),
(787, 6113, 0, '2021/04/revisoria-546x403.jpg', 57498, 0, 0),
(788, 6113, 0, '2021/04/revisoria-400x269.jpg', 41520, 0, 0),
(789, 6113, 0, '2021/04/revisoria-100x100.jpg', 25222, 0, 0),
(790, 6113, 0, '2021/04/revisoria-140x140.jpg', 27381, 0, 0),
(791, 6113, 0, '2021/04/revisoria-546x335.jpg', 53158, 0, 0),
(792, 6113, 0, '2021/04/revisoria-500x427.jpg', 57412, 0, 0),
(793, 6113, 0, '2021/04/revisoria-350x350.jpg', 43805, 0, 0),
(794, 6113, 0, '2021/04/revisoria-500x427.jpg', 57412, 0, 0),
(795, 6111, 0, '2021/04/junta-vigilancia.jpg', 60717, 0, 0),
(796, 6111, 0, '2021/04/junta-vigilancia-284x300.jpg', 25032, 0, 0),
(797, 6111, 0, '2021/04/junta-vigilancia-150x150.jpg', 15597, 0, 0),
(798, 6111, 0, '2021/04/junta-vigilancia-397x403.jpg', 35474, 0, 0),
(799, 6111, 0, '2021/04/junta-vigilancia-397x269.jpg', 28149, 0, 0),
(800, 6111, 0, '2021/04/junta-vigilancia-100x100.jpg', 13044, 0, 0),
(801, 6111, 0, '2021/04/junta-vigilancia-140x140.jpg', 15119, 0, 0),
(802, 6111, 0, '2021/04/junta-vigilancia-397x335.jpg', 31499, 0, 0),
(803, 6111, 0, '2021/04/junta-vigilancia-350x350.jpg', 29293, 0, 0),
(804, 6110, 0, '2021/04/junta-de-vigilancia.jpg', 63480, 0, 0),
(805, 6110, 0, '2021/04/junta-de-vigilancia-300x212.jpg', 32437, 0, 0),
(806, 6110, 0, '2021/04/junta-de-vigilancia-150x150.jpg', 21317, 0, 0),
(807, 6110, 0, '2021/04/junta-de-vigilancia-400x269.jpg', 41608, 0, 0),
(808, 6110, 0, '2021/04/junta-de-vigilancia-100x100.jpg', 17947, 0, 0),
(809, 6110, 0, '2021/04/junta-de-vigilancia-140x140.jpg', 20691, 0, 0),
(810, 6110, 0, '2021/04/junta-de-vigilancia-486x335.jpg', 54248, 0, 0),
(811, 6110, 0, '2021/04/junta-de-vigilancia-350x343.jpg', 41720, 0, 0),
(812, 6108, 0, '2021/04/gerente.jpg', 49465, 0, 0),
(813, 6108, 0, '2021/04/gerente-300x233.jpg', 31833, 0, 0),
(814, 6108, 0, '2021/04/gerente-150x150.jpg', 21422, 0, 0),
(815, 6108, 0, '2021/04/gerente-400x269.jpg', 41078, 0, 0),
(816, 6108, 0, '2021/04/gerente-100x100.jpg', 17978, 0, 0),
(817, 6108, 0, '2021/04/gerente-140x140.jpg', 20728, 0, 0),
(818, 6108, 0, '2021/04/gerente-350x310.jpg', 40210, 0, 0),
(819, 6107, 0, '2021/04/gerenciar.jpg', 51025, 0, 0),
(820, 6107, 0, '2021/04/gerenciar-300x267.jpg', 22602, 0, 0),
(821, 6107, 0, '2021/04/gerenciar-150x150.jpg', 14472, 0, 0),
(822, 6107, 0, '2021/04/gerenciar-600x403.jpg', 37156, 0, 0),
(823, 6107, 0, '2021/04/gerenciar-400x269.jpg', 24802, 0, 0),
(824, 6107, 0, '2021/04/gerenciar-100x100.jpg', 11993, 0, 0),
(825, 6107, 0, '2021/04/gerenciar-140x140.jpg', 13942, 0, 0),
(826, 6107, 0, '2021/04/gerenciar-600x500.jpg', 42340, 0, 0),
(827, 6107, 0, '2021/04/gerenciar-600x335.jpg', 32579, 0, 0),
(828, 6107, 0, '2021/04/gerenciar-500x500.jpg', 40216, 0, 0),
(829, 6107, 0, '2021/04/gerenciar-350x350.jpg', 27990, 0, 0),
(830, 6107, 0, '2021/04/gerenciar-500x533.jpg', 42715, 0, 0),
(831, 6098, 0, '2021/04/consejodeadministracion.jpg', 62448, 0, 0),
(832, 6098, 0, '2021/04/consejodeadministracion-300x276.jpg', 34106, 0, 0),
(833, 6098, 0, '2021/04/consejodeadministracion-150x150.jpg', 20669, 0, 0),
(834, 6098, 0, '2021/04/consejodeadministracion-456x403.jpg', 51229, 0, 0),
(835, 6098, 0, '2021/04/consejodeadministracion-400x269.jpg', 38468, 0, 0),
(836, 6098, 0, '2021/04/consejodeadministracion-100x100.jpg', 17045, 0, 0),
(837, 6098, 0, '2021/04/consejodeadministracion-140x140.jpg', 20014, 0, 0),
(838, 6098, 0, '2021/04/consejodeadministracion-456x335.jpg', 47012, 0, 0),
(839, 6098, 0, '2021/04/consejodeadministracion-350x350.jpg', 40989, 0, 0),
(840, 6096, 0, '2021/04/consejoadmin.jpg', 49689, 0, 0),
(841, 6096, 0, '2021/04/consejoadmin-300x260.jpg', 32234, 0, 0),
(842, 6096, 0, '2021/04/consejoadmin-150x150.jpg', 20087, 0, 0),
(843, 6096, 0, '2021/04/consejoadmin-400x269.jpg', 39501, 0, 0),
(844, 6096, 0, '2021/04/consejoadmin-100x100.jpg', 16816, 0, 0),
(845, 6096, 0, '2021/04/consejoadmin-140x140.jpg', 19463, 0, 0),
(846, 6096, 0, '2021/04/consejoadmin-400x335.jpg', 43889, 0, 0),
(847, 6096, 0, '2021/04/consejoadmin-350x347.jpg', 40500, 0, 0),
(848, 6091, 0, '2021/04/asambleageneral.jpg', 114641, 0, 0),
(849, 6091, 0, '2021/04/asambleageneral-300x297.jpg', 46352, 0, 0),
(850, 6091, 0, '2021/04/asambleageneral-150x150.jpg', 25904, 0, 0),
(851, 6091, 0, '2021/04/asambleageneral-564x403.jpg', 94410, 0, 0),
(852, 6091, 0, '2021/04/asambleageneral-400x269.jpg', 53349, 0, 0),
(853, 6091, 0, '2021/04/asambleageneral-100x100.jpg', 21655, 0, 0),
(854, 6091, 0, '2021/04/asambleageneral-140x140.jpg', 24914, 0, 0),
(855, 6091, 0, '2021/04/asambleageneral-564x500.jpg', 107033, 0, 0),
(856, 6091, 0, '2021/04/asambleageneral-564x335.jpg', 80201, 0, 0),
(857, 6091, 0, '2021/04/asambleageneral-500x500.jpg', 88180, 0, 0),
(858, 6091, 0, '2021/04/asambleageneral-350x350.jpg', 55355, 0, 0),
(859, 6091, 0, '2021/04/asambleageneral-500x559.jpg', 97111, 0, 0),
(860, 6089, 0, '2021/04/asamblea.jpg', 33117, 0, 0),
(861, 6089, 0, '2021/04/asamblea-300x294.jpg', 21901, 0, 0),
(862, 6089, 0, '2021/04/asamblea-150x150.jpg', 14149, 0, 0),
(863, 6089, 0, '2021/04/asamblea-436x403.jpg', 31495, 0, 0),
(864, 6089, 0, '2021/04/asamblea-400x269.jpg', 24392, 0, 0),
(865, 6089, 0, '2021/04/asamblea-100x100.jpg', 12190, 0, 0),
(866, 6089, 0, '2021/04/asamblea-140x140.jpg', 13789, 0, 0),
(867, 6089, 0, '2021/04/asamblea-436x335.jpg', 28627, 0, 0),
(868, 6089, 0, '2021/04/asamblea-350x350.jpg', 25071, 0, 0),
(869, 6088, 0, '2021/04/ASAMBLEA.png', 14145, 0, 0),
(870, 6088, 0, '2021/04/ASAMBLEA-100x100.png', 10209, 0, 0),
(871, 6088, 0, '2021/04/ASAMBLEA-140x140.png', 16046, 0, 0),
(872, 6087, 0, '2021/04/CONSEJO.png', 376683, 0, 0),
(873, 6087, 0, '2021/04/CONSEJO-300x300.png', 62961, 0, 0),
(874, 6087, 0, '2021/04/CONSEJO-150x150.png', 21605, 0, 0),
(875, 6087, 0, '2021/04/CONSEJO-768x768.png', 329860, 0, 0),
(876, 6087, 0, '2021/04/CONSEJO-800x604.png', 315082, 0, 0),
(877, 6087, 0, '2021/04/CONSEJO-600x403.png', 177607, 0, 0),
(878, 6087, 0, '2021/04/CONSEJO-400x269.png', 86013, 0, 0),
(879, 6087, 0, '2021/04/CONSEJO-100x100.png', 12550, 0, 0),
(880, 6087, 0, '2021/04/CONSEJO-140x140.png', 19727, 0, 0),
(881, 6087, 0, '2021/04/CONSEJO-800x500.png', 289614, 0, 0),
(882, 6087, 0, '2021/04/CONSEJO-670x335.png', 185400, 0, 0),
(883, 6087, 0, '2021/04/CONSEJO-500x500.png', 151005, 0, 0),
(884, 6087, 0, '2021/04/CONSEJO-350x350.png', 81133, 0, 0),
(885, 6087, 0, '2021/04/CONSEJO-500x800.png', 244479, 0, 0),
(886, 6087, 0, '2021/04/CONSEJO-800x600.png', 314189, 0, 0),
(887, 6087, 0, '2021/04/CONSEJO-800x770.png', 348393, 0, 0),
(888, 6087, 0, '2021/04/CONSEJO-800x800.png', 371091, 0, 0),
(889, 6086, 0, '2021/04/VIGILANCIA.png', 97535, 0, 0),
(890, 6086, 0, '2021/04/VIGILANCIA-300x297.png', 66326, 0, 0),
(891, 6086, 0, '2021/04/VIGILANCIA-150x150.png', 24484, 0, 0),
(892, 6086, 0, '2021/04/VIGILANCIA-400x269.png', 86163, 0, 0),
(893, 6086, 0, '2021/04/VIGILANCIA-100x100.png', 13783, 0, 0),
(894, 6086, 0, '2021/04/VIGILANCIA-140x140.png', 22233, 0, 0),
(895, 6086, 0, '2021/04/VIGILANCIA-400x335.png', 93130, 0, 0),
(896, 6086, 0, '2021/04/VIGILANCIA-350x350.png', 84889, 0, 0),
(897, 6084, 0, '2021/04/GERENTE.png', 61450, 0, 0),
(898, 6084, 0, '2021/04/GERENTE-300x297.png', 45210, 0, 0),
(899, 6084, 0, '2021/04/GERENTE-150x150.png', 17889, 0, 0),
(900, 6084, 0, '2021/04/GERENTE-400x269.png', 50551, 0, 0),
(901, 6084, 0, '2021/04/GERENTE-100x100.png', 10691, 0, 0),
(902, 6084, 0, '2021/04/GERENTE-140x140.png', 16333, 0, 0),
(903, 6084, 0, '2021/04/GERENTE-400x335.png', 60635, 0, 0),
(904, 6084, 0, '2021/04/GERENTE-350x350.png', 57453, 0, 0),
(905, 6083, 0, '2021/04/revisoriafiscal.png', 71980, 0, 0),
(906, 6083, 0, '2021/04/revisoriafiscal-300x297.png', 52301, 0, 0),
(907, 6083, 0, '2021/04/revisoriafiscal-150x150.png', 19049, 0, 0),
(908, 6083, 0, '2021/04/revisoriafiscal-400x269.png', 73632, 0, 0),
(909, 6083, 0, '2021/04/revisoriafiscal-100x100.png', 10911, 0, 0),
(910, 6083, 0, '2021/04/revisoriafiscal-140x140.png', 17264, 0, 0),
(911, 6083, 0, '2021/04/revisoriafiscal-400x335.png', 77673, 0, 0),
(912, 6083, 0, '2021/04/revisoriafiscal-350x350.png', 68591, 0, 0),
(913, 6075, 0, '2021/04/bienestarsoc.png', 112807, 0, 0),
(914, 6075, 0, '2021/04/bienestarsoc-158x300.png', 58851, 0, 0),
(915, 6075, 0, '2021/04/bienestarsoc-150x150.png', 32321, 0, 0),
(916, 6075, 0, '2021/04/bienestarsoc-210x269.png', 80894, 0, 0),
(917, 6075, 0, '2021/04/bienestarsoc-100x100.png', 15540, 0, 0),
(918, 6075, 0, '2021/04/bienestarsoc-140x140.png', 28424, 0, 0),
(919, 6075, 0, '2021/04/bienestarsoc-210x335.png', 95992, 0, 0),
(920, 6075, 0, '2021/04/bienestarsoc-210x350.png', 98700, 0, 0),
(921, 6071, 0, '2021/04/profesora.png', 738076, 0, 0),
(922, 6071, 0, '2021/04/profesora-109x300.png', 27486, 0, 0),
(923, 6071, 0, '2021/04/profesora-372x1024.png', 264211, 0, 0),
(924, 6071, 0, '2021/04/profesora-150x150.png', 19764, 0, 0),
(925, 6071, 0, '2021/04/profesora-559x1536.png', 568258, 0, 0),
(926, 6071, 0, '2021/04/profesora-600x604.png', 305375, 0, 0),
(927, 6071, 0, '2021/04/profesora-600x403.png', 205277, 0, 0),
(928, 6071, 0, '2021/04/profesora-400x269.png', 82095, 0, 0),
(929, 6071, 0, '2021/04/profesora-100x100.png', 9479, 0, 0),
(930, 6071, 0, '2021/04/profesora-140x140.png', 17284, 0, 0),
(931, 6071, 0, '2021/04/profesora-600x500.png', 251091, 0, 0),
(932, 6071, 0, '2021/04/profesora-600x335.png', 173430, 0, 0),
(933, 6071, 0, '2021/04/profesora-500x500.png', 192474, 0, 0),
(934, 6071, 0, '2021/04/profesora-350x350.png', 96236, 0, 0),
(935, 6071, 0, '2021/04/profesora-500x1000.png', 382146, 0, 0),
(936, 6071, 0, '2021/04/profesora-600x1000.png', 524015, 0, 0),
(937, 6071, 0, '2021/04/profesora-600x600.png', 303276, 0, 0),
(938, 6071, 0, '2021/04/profesora-600x770.png', 401834, 0, 0),
(939, 6071, 0, '2021/04/profesora-600x800.png', 419336, 0, 0),
(940, 6070, 0, '2021/04/educacionc.png', 175005, 0, 0),
(941, 6070, 0, '2021/04/educacionc-300x157.png', 43134, 0, 0),
(942, 6070, 0, '2021/04/educacionc-150x150.png', 38203, 0, 0),
(943, 6070, 0, '2021/04/educacionc-600x336.png', 141232, 0, 0),
(944, 6070, 0, '2021/04/educacionc-400x269.png', 101733, 0, 0),
(945, 6070, 0, '2021/04/educacionc-100x100.png', 19702, 0, 0),
(946, 6070, 0, '2021/04/educacionc-140x140.png', 34288, 0, 0),
(947, 6070, 0, '2021/04/educacionc-500x336.png', 140235, 0, 0),
(948, 6070, 0, '2021/04/educacionc-350x336.png', 136686, 0, 0),
(949, 6070, 0, '2021/04/educacionc-500x336.png', 140235, 0, 0),
(950, 6069, 0, '2021/04/recreacion.png', 44209, 0, 0),
(951, 6069, 0, '2021/04/recreacion-300x96.png', 13653, 0, 0),
(952, 6069, 0, '2021/04/recreacion-150x150.png', 23204, 0, 0),
(953, 6069, 0, '2021/04/recreacion-400x184.png', 37297, 0, 0),
(954, 6069, 0, '2021/04/recreacion-100x100.png', 12340, 0, 0),
(955, 6069, 0, '2021/04/recreacion-140x140.png', 20625, 0, 0),
(956, 6069, 0, '2021/04/recreacion-500x184.png', 37674, 0, 0),
(957, 6069, 0, '2021/04/recreacion-350x184.png', 37074, 0, 0),
(958, 6069, 0, '2021/04/recreacion-500x184.png', 37674, 0, 0),
(959, 6068, 0, '2021/04/deporte.png', 339062, 0, 0),
(960, 6068, 0, '2021/04/deporte-215x300.png', 77688, 0, 0),
(961, 6068, 0, '2021/04/deporte-150x150.png', 34551, 0, 0),
(962, 6068, 0, '2021/04/deporte-496x604.png', 321959, 0, 0),
(963, 6068, 0, '2021/04/deporte-496x403.png', 229099, 0, 0),
(964, 6068, 0, '2021/04/deporte-400x269.png', 123500, 0, 0),
(965, 6068, 0, '2021/04/deporte-100x100.png', 17545, 0, 0),
(966, 6068, 0, '2021/04/deporte-140x140.png', 30686, 0, 0),
(967, 6068, 0, '2021/04/deporte-496x500.png', 278628, 0, 0),
(968, 6068, 0, '2021/04/deporte-496x335.png', 190716, 0, 0),
(969, 6068, 0, '2021/04/deporte-496x500.png', 278628, 0, 0),
(970, 6068, 0, '2021/04/deporte-350x350.png', 143345, 0, 0),
(971, 6068, 0, '2021/04/deporte-496x600.png', 320888, 0, 0),
(972, 6059, 0, '2021/04/solidaridad.png', 34715, 0, 0),
(973, 6059, 0, '2021/04/solidaridad-300x149.png', 13509, 0, 0),
(974, 6059, 0, '2021/04/solidaridad-150x150.png', 13178, 0, 0),
(975, 6059, 0, '2021/04/solidaridad-400x248.png', 24831, 0, 0),
(976, 6059, 0, '2021/04/solidaridad-100x100.png', 7985, 0, 0),
(977, 6059, 0, '2021/04/solidaridad-140x140.png', 12092, 0, 0),
(978, 6059, 0, '2021/04/solidaridad-350x248.png', 24618, 0, 0),
(979, 6058, 0, '2021/04/saludo.png', 1025374, 0, 0),
(980, 6058, 0, '2021/04/saludo-199x300.png', 65207, 0, 0),
(981, 6058, 0, '2021/04/saludo-679x1024.png', 648286, 0, 0),
(982, 6058, 0, '2021/04/saludo-150x150.png', 28004, 0, 0),
(983, 6058, 0, '2021/04/saludo-768x1159.png', 818900, 0, 0),
(984, 6058, 0, '2021/04/saludo-800x604.png', 510786, 0, 0),
(985, 6058, 0, '2021/04/saludo-600x403.png', 235017, 0, 0),
(986, 6058, 0, '2021/04/saludo-400x269.png', 105831, 0, 0),
(987, 6058, 0, '2021/04/saludo-100x100.png', 14383, 0, 0),
(988, 6058, 0, '2021/04/saludo-140x140.png', 25062, 0, 0),
(989, 6058, 0, '2021/04/saludo-800x500.png', 426943, 0, 0),
(990, 6058, 0, '2021/04/saludo-670x335.png', 221227, 0, 0),
(991, 6058, 0, '2021/04/saludo-500x500.png', 247765, 0, 0),
(992, 6058, 0, '2021/04/saludo-350x350.png', 125847, 0, 0),
(993, 6058, 0, '2021/04/saludo-500x1000.png', 559121, 0, 0),
(994, 6058, 0, '2021/04/saludo-800x1000.png', 849805, 0, 0),
(995, 6058, 0, '2021/04/saludo-800x600.png', 507539, 0, 0),
(996, 6058, 0, '2021/04/saludo-800x770.png', 655043, 0, 0),
(997, 6058, 0, '2021/04/saludo-800x800.png', 682584, 0, 0),
(998, 6054, 0, '2021/04/fondocredito.png', 36852, 0, 0),
(999, 6054, 0, '2021/04/fondocredito-300x170.png', 21599, 0, 0),
(1000, 6054, 0, '2021/04/fondocredito-150x150.png', 17578, 0, 0),
(1001, 6054, 0, '2021/04/fondocredito-100x100.png', 10309, 0, 0),
(1002, 6054, 0, '2021/04/fondocredito-140x140.png', 15986, 0, 0),
(1003, 6054, 0, '2021/04/fondocredito-350x227.png', 29493, 0, 0),
(1004, 6033, 0, '2021/04/kisspng-businessperson-business-administration-stock-photo-5b380429448326.7900706415303977372806.png', 106427, 0, 0),
(1005, 6033, 0, '2021/04/kisspng-businessperson-business-administration-stock-photo-5b380429448326.7900706415303977372806-133x300.png', 35949, 0, 0),
(1006, 6033, 0, '2021/04/kisspng-businessperson-business-administration-stock-photo-5b380429448326.7900706415303977372806-453x1024.png', 279178, 0, 0),
(1007, 6033, 0, '2021/04/kisspng-businessperson-business-administration-stock-photo-5b380429448326.7900706415303977372806-150x150.png', 20337, 0, 0),
(1008, 6033, 0, '2021/04/kisspng-businessperson-business-administration-stock-photo-5b380429448326.7900706415303977372806-466x604.png', 170591, 0, 0),
(1009, 6033, 0, '2021/04/kisspng-businessperson-business-administration-stock-photo-5b380429448326.7900706415303977372806-466x403.png', 107357, 0, 0),
(1010, 6033, 0, '2021/04/kisspng-businessperson-business-administration-stock-photo-5b380429448326.7900706415303977372806-400x269.png', 65726, 0, 0),
(1011, 6033, 0, '2021/04/kisspng-businessperson-business-administration-stock-photo-5b380429448326.7900706415303977372806-100x100.png', 10496, 0, 0),
(1012, 6033, 0, '2021/04/kisspng-businessperson-business-administration-stock-photo-5b380429448326.7900706415303977372806-140x140.png', 18168, 0, 0),
(1013, 6033, 0, '2021/04/kisspng-businessperson-business-administration-stock-photo-5b380429448326.7900706415303977372806-466x500.png', 139237, 0, 0),
(1014, 6033, 0, '2021/04/kisspng-businessperson-business-administration-stock-photo-5b380429448326.7900706415303977372806-466x335.png', 85217, 0, 0),
(1015, 6033, 0, '2021/04/kisspng-businessperson-business-administration-stock-photo-5b380429448326.7900706415303977372806-466x500.png', 139237, 0, 0),
(1016, 6033, 0, '2021/04/kisspng-businessperson-business-administration-stock-photo-5b380429448326.7900706415303977372806-350x350.png', 85023, 0, 0),
(1017, 6033, 0, '2021/04/kisspng-businessperson-business-administration-stock-photo-5b380429448326.7900706415303977372806-466x1000.png', 253596, 0, 0),
(1018, 6033, 0, '2021/04/kisspng-businessperson-business-administration-stock-photo-5b380429448326.7900706415303977372806-466x1000.png', 253596, 0, 0),
(1019, 6033, 0, '2021/04/kisspng-businessperson-business-administration-stock-photo-5b380429448326.7900706415303977372806-466x600.png', 169486, 0, 0),
(1020, 6033, 0, '2021/04/kisspng-businessperson-business-administration-stock-photo-5b380429448326.7900706415303977372806-466x770.png', 206314, 0, 0),
(1021, 6033, 0, '2021/04/kisspng-businessperson-business-administration-stock-photo-5b380429448326.7900706415303977372806-466x800.png', 211034, 0, 0),
(1022, 5998, 0, '2021/04/grupo.jpg', 159647, 0, 0),
(1023, 5998, 0, '2021/04/grupo-300x201.jpg', 31546, 0, 0),
(1024, 5998, 0, '2021/04/grupo-1024x687.jpg', 115959, 0, 0),
(1025, 5998, 0, '2021/04/grupo-150x150.jpg', 20482, 0, 0),
(1026, 5998, 0, '2021/04/grupo-768x515.jpg', 82161, 0, 0),
(1027, 5998, 0, '2021/04/grupo-900x604.jpg', 99330, 0, 0),
(1028, 5998, 0, '2021/04/grupo-600x403.jpg', 62496, 0, 0),
(1029, 5998, 0, '2021/04/grupo-400x269.jpg', 41035, 0, 0),
(1030, 5998, 0, '2021/04/grupo-100x100.jpg', 16406, 0, 0),
(1031, 5998, 0, '2021/04/grupo-140x140.jpg', 19750, 0, 0),
(1032, 5998, 0, '2021/04/grupo-1000x500.jpg', 89204, 0, 0),
(1033, 5998, 0, '2021/04/grupo-670x335.jpg', 56627, 0, 0),
(1034, 5998, 0, '2021/04/grupo-500x500.jpg', 59687, 0, 0),
(1035, 5998, 0, '2021/04/grupo-350x350.jpg', 41289, 0, 0),
(1036, 5998, 0, '2021/04/grupo-500x966.jpg', 74478, 0, 0),
(1037, 5998, 0, '2021/04/grupo-1000x966.jpg', 133855, 0, 0),
(1038, 5998, 0, '2021/04/grupo-900x600.jpg', 98721, 0, 0),
(1039, 5998, 0, '2021/04/grupo-1440x770.jpg', 146808, 0, 0),
(1040, 5998, 0, '2021/04/grupo-800x800.jpg', 102232, 0, 0),
(1041, 5992, 0, '2021/04/MISION-VISION.png', 73329, 0, 0),
(1042, 5992, 0, '2021/04/MISION-VISION-300x285.png', 71521, 0, 0),
(1043, 5992, 0, '2021/04/MISION-VISION-150x150.png', 23869, 0, 0),
(1044, 5992, 0, '2021/04/MISION-VISION-700x604.png', 130358, 0, 0),
(1045, 5992, 0, '2021/04/MISION-VISION-600x403.png', 165570, 0, 0),
(1046, 5992, 0, '2021/04/MISION-VISION-400x269.png', 91986, 0, 0),
(1047, 5992, 0, '2021/04/MISION-VISION-100x100.png', 12282, 0, 0),
(1048, 5992, 0, '2021/04/MISION-VISION-140x140.png', 21282, 0, 0),
(1049, 5992, 0, '2021/04/MISION-VISION-700x500.png', 118172, 0, 0),
(1050, 5992, 0, '2021/04/MISION-VISION-670x335.png', 129446, 0, 0),
(1051, 5992, 0, '2021/04/MISION-VISION-500x500.png', 164608, 0, 0),
(1052, 5992, 0, '2021/04/MISION-VISION-350x350.png', 97084, 0, 0),
(1053, 5992, 0, '2021/04/MISION-VISION-500x666.png', 103541, 0, 0),
(1054, 5992, 0, '2021/04/MISION-VISION-700x600.png', 130237, 0, 0),
(1055, 5974, 0, '2021/04/todosunidos.jpg', 87390, 0, 0),
(1056, 5974, 0, '2021/04/todosunidos-300x290.jpg', 38054, 0, 0),
(1057, 5974, 0, '2021/04/todosunidos-150x150.jpg', 24092, 0, 0),
(1058, 5974, 0, '2021/04/todosunidos-600x403.jpg', 66986, 0, 0),
(1059, 5974, 0, '2021/04/todosunidos-400x269.jpg', 44197, 0, 0),
(1060, 5974, 0, '2021/04/todosunidos-100x100.jpg', 20094, 0, 0),
(1061, 5974, 0, '2021/04/todosunidos-140x140.jpg', 23329, 0, 0),
(1062, 5974, 0, '2021/04/todosunidos-600x500.jpg', 75112, 0, 0),
(1063, 5974, 0, '2021/04/todosunidos-600x335.jpg', 60099, 0, 0),
(1064, 5974, 0, '2021/04/todosunidos-500x500.jpg', 62660, 0, 0),
(1065, 5974, 0, '2021/04/todosunidos-350x350.jpg', 45286, 0, 0),
(1066, 5974, 0, '2021/04/todosunidos-500x579.jpg', 75776, 0, 0),
(1067, 5973, 0, '2021/04/gente.jpg', 123094, 0, 0),
(1068, 5973, 0, '2021/04/gente-300x300.jpg', 42313, 0, 0),
(1069, 5973, 0, '2021/04/gente-150x150.jpg', 22801, 0, 0),
(1070, 5973, 0, '2021/04/gente-600x403.jpg', 99937, 0, 0),
(1071, 5973, 0, '2021/04/gente-400x269.jpg', 55103, 0, 0),
(1072, 5973, 0, '2021/04/gente-100x100.jpg', 18566, 0, 0),
(1073, 5973, 0, '2021/04/gente-140x140.jpg', 22018, 0, 0),
(1074, 5973, 0, '2021/04/gente-600x500.jpg', 107383, 0, 0),
(1075, 5973, 0, '2021/04/gente-600x335.jpg', 89621, 0, 0),
(1076, 5973, 0, '2021/04/gente-500x500.jpg', 79422, 0, 0),
(1077, 5973, 0, '2021/04/gente-350x350.jpg', 50886, 0, 0),
(1078, 5973, 0, '2021/04/gente-500x598.jpg', 106796, 0, 0),
(1079, 5972, 0, '2021/04/planta-busscar.jpg', 183173, 0, 0),
(1080, 5972, 0, '2021/04/planta-busscar-300x275.jpg', 52387, 0, 0),
(1081, 5972, 0, '2021/04/planta-busscar-150x150.jpg', 26152, 0, 0),
(1082, 5972, 0, '2021/04/planta-busscar-600x403.jpg', 119455, 0, 0),
(1083, 5972, 0, '2021/04/planta-busscar-400x269.jpg', 60923, 0, 0),
(1084, 5972, 0, '2021/04/planta-busscar-100x100.jpg', 20711, 0, 0),
(1085, 5972, 0, '2021/04/planta-busscar-140x140.jpg', 25017, 0, 0),
(1086, 5972, 0, '2021/04/planta-busscar-600x500.jpg', 146975, 0, 0),
(1087, 5972, 0, '2021/04/planta-busscar-600x335.jpg', 103396, 0, 0),
(1088, 5972, 0, '2021/04/planta-busscar-500x500.jpg', 117583, 0, 0),
(1089, 5972, 0, '2021/04/planta-busscar-350x350.jpg', 69138, 0, 0),
(1090, 5972, 0, '2021/04/planta-busscar-500x549.jpg', 138524, 0, 0),
(1091, 5970, 0, '2021/04/cooperativas.jpg', 93305, 0, 0),
(1092, 5970, 0, '2021/04/cooperativas-300x275.jpg', 26864, 0, 0),
(1093, 5970, 0, '2021/04/cooperativas-1024x938.jpg', 83725, 0, 0),
(1094, 5970, 0, '2021/04/cooperativas-150x150.jpg', 18026, 0, 0),
(1095, 5970, 0, '2021/04/cooperativas-768x704.jpg', 61237, 0, 0),
(1096, 5970, 0, '2021/04/cooperativas-900x604.jpg', 56232, 0, 0),
(1097, 5970, 0, '2021/04/cooperativas-600x403.jpg', 39279, 0, 0),
(1098, 5970, 0, '2021/04/cooperativas-400x269.jpg', 28430, 0, 0),
(1099, 5970, 0, '2021/04/cooperativas-100x100.jpg', 15247, 0, 0),
(1100, 5970, 0, '2021/04/cooperativas-140x140.jpg', 17510, 0, 0),
(1101, 5970, 0, '2021/04/cooperativas-1000x500.jpg', 48255, 0, 0),
(1102, 5970, 0, '2021/04/cooperativas-670x335.jpg', 33501, 0, 0),
(1103, 5970, 0, '2021/04/cooperativas-500x500.jpg', 42165, 0, 0),
(1104, 5970, 0, '2021/04/cooperativas-350x350.jpg', 31217, 0, 0),
(1105, 5970, 0, '2021/04/cooperativas-500x962.jpg', 58016, 0, 0),
(1106, 5970, 0, '2021/04/cooperativas-1000x962.jpg', 87545, 0, 0),
(1107, 5970, 0, '2021/04/cooperativas-900x600.jpg', 55781, 0, 0),
(1108, 5970, 0, '2021/04/cooperativas-1050x770.jpg', 72960, 0, 0),
(1109, 5970, 0, '2021/04/cooperativas-800x800.jpg', 66769, 0, 0),
(1110, 5969, 0, '2021/04/busscar.jpg', 197464, 0, 0),
(1111, 5969, 0, '2021/04/busscar-275x300.jpg', 59325, 0, 0),
(1112, 5969, 0, '2021/04/busscar-150x150.jpg', 34016, 0, 0),
(1113, 5969, 0, '2021/04/busscar-600x604.jpg', 171179, 0, 0),
(1114, 5969, 0, '2021/04/busscar-600x403.jpg', 125278, 0, 0),
(1115, 5969, 0, '2021/04/busscar-400x269.jpg', 68958, 0, 0),
(1116, 5969, 0, '2021/04/busscar-100x100.jpg', 27794, 0, 0),
(1117, 5969, 0, '2021/04/busscar-140x140.jpg', 32793, 0, 0),
(1118, 5969, 0, '2021/04/busscar-600x500.jpg', 153541, 0, 0),
(1119, 5969, 0, '2021/04/busscar-600x335.jpg', 106843, 0, 0),
(1120, 5969, 0, '2021/04/busscar-500x500.jpg', 122278, 0, 0),
(1121, 5969, 0, '2021/04/busscar-350x350.jpg', 76304, 0, 0),
(1122, 5969, 0, '2021/04/busscar-500x655.jpg', 153021, 0, 0),
(1123, 5969, 0, '2021/04/busscar-600x600.jpg', 171238, 0, 0),
(1124, 5968, 0, '2021/04/meetgroup.jpg', 81943, 0, 0),
(1125, 5968, 0, '2021/04/meetgroup-260x300.jpg', 39563, 0, 0),
(1126, 5968, 0, '2021/04/meetgroup-150x150.jpg', 22901, 0, 0),
(1127, 5968, 0, '2021/04/meetgroup-385x403.jpg', 64817, 0, 0),
(1128, 5968, 0, '2021/04/meetgroup-385x269.jpg', 48847, 0, 0),
(1129, 5968, 0, '2021/04/meetgroup-100x100.jpg', 18350, 0, 0),
(1130, 5968, 0, '2021/04/meetgroup-140x140.jpg', 21960, 0, 0),
(1131, 5968, 0, '2021/04/meetgroup-385x335.jpg', 55787, 0, 0),
(1132, 5968, 0, '2021/04/meetgroup-350x350.jpg', 51612, 0, 0),
(1133, 5967, 0, '2021/04/quienes-somos.png', 65469, 0, 0),
(1134, 5967, 0, '2021/04/quienes-somos-300x183.png', 28611, 0, 0),
(1135, 5967, 0, '2021/04/quienes-somos-150x150.png', 14516, 0, 0),
(1136, 5967, 0, '2021/04/quienes-somos-400x269.png', 48144, 0, 0),
(1137, 5967, 0, '2021/04/quienes-somos-100x100.png', 8118, 0, 0),
(1138, 5967, 0, '2021/04/quienes-somos-140x140.png', 13246, 0, 0),
(1139, 5967, 0, '2021/04/quienes-somos-500x317.png', 55820, 0, 0),
(1140, 5967, 0, '2021/04/quienes-somos-350x317.png', 50225, 0, 0),
(1141, 5967, 0, '2021/04/quienes-somos-500x317.png', 55820, 0, 0),
(1142, 5958, 0, '2021/04/universidad.jpg', 64040, 0, 0),
(1143, 5958, 0, '2021/04/universidad-300x169.jpg', 18305, 0, 0),
(1144, 5958, 0, '2021/04/universidad-150x150.jpg', 12684, 0, 0),
(1145, 5958, 0, '2021/04/universidad-768x433.jpg', 51185, 0, 0),
(1146, 5958, 0, '2021/04/universidad-600x403.jpg', 42899, 0, 0),
(1147, 5958, 0, '2021/04/universidad-400x269.jpg', 26764, 0, 0),
(1148, 5958, 0, '2021/04/universidad-100x100.jpg', 10275, 0, 0),
(1149, 5958, 0, '2021/04/universidad-140x140.jpg', 11935, 0, 0),
(1150, 5958, 0, '2021/04/universidad-670x335.jpg', 41443, 0, 0),
(1151, 5958, 0, '2021/04/universidad-500x495.jpg', 42031, 0, 0),
(1152, 5958, 0, '2021/04/universidad-350x350.jpg', 26291, 0, 0),
(1153, 5958, 0, '2021/04/universidad-500x495.jpg', 42031, 0, 0),
(1154, 5958, 0, '2021/04/universidad-800x495.jpg', 63887, 0, 0),
(1155, 5955, 0, '2021/04/ganador-16-de-abril.jpg', 66351, 0, 0),
(1156, 5955, 0, '2021/04/ganador-16-de-abril-300x234.jpg', 8339, 0, 0),
(1157, 5955, 0, '2021/04/ganador-16-de-abril-1024x798.jpg', 58014, 0, 0),
(1158, 5955, 0, '2021/04/ganador-16-de-abril-150x150.jpg', 3594, 0, 0),
(1159, 5955, 0, '2021/04/ganador-16-de-abril-768x598.jpg', 36900, 0, 0),
(1160, 5955, 0, '2021/04/ganador-16-de-abril-900x604.jpg', 43053, 0, 0),
(1161, 5955, 0, '2021/04/ganador-16-de-abril-600x403.jpg', 22715, 0, 0),
(1162, 5955, 0, '2021/04/ganador-16-de-abril-400x269.jpg', 12024, 0, 0),
(1163, 5955, 0, '2021/04/ganador-16-de-abril-100x100.jpg', 1914, 0, 0),
(1164, 5955, 0, '2021/04/ganador-16-de-abril-140x140.jpg', 3095, 0, 0),
(1165, 5955, 0, '2021/04/ganador-16-de-abril-1000x500.jpg', 39367, 0, 0),
(1166, 5955, 0, '2021/04/ganador-16-de-abril-670x335.jpg', 20927, 0, 0),
(1167, 5955, 0, '2021/04/ganador-16-de-abril-500x500.jpg', 24137, 0, 0),
(1168, 5955, 0, '2021/04/ganador-16-de-abril-350x350.jpg', 13707, 0, 0),
(1169, 5955, 0, '2021/04/ganador-16-de-abril-500x997.jpg', 32215, 0, 0),
(1170, 5955, 0, '2021/04/ganador-16-de-abril-1000x997.jpg', 76306, 0, 0),
(1171, 5955, 0, '2021/04/ganador-16-de-abril-900x600.jpg', 42906, 0, 0),
(1172, 5955, 0, '2021/04/ganador-16-de-abril-1280x770.jpg', 68741, 0, 0),
(1173, 5955, 0, '2021/04/ganador-16-de-abril-800x800.jpg', 49601, 0, 0),
(1174, 5951, 0, '2021/04/comfamiliar-banner-e1618862564951.jpg', 62792, 0, 0),
(1175, 5951, 0, '2021/04/comfamiliar-banner-e1618862564951-300x94.jpg', 6543, 0, 0),
(1176, 5951, 0, '2021/04/comfamiliar-banner-e1618862564951-1024x321.jpg', 34204, 0, 0),
(1177, 5951, 0, '2021/04/comfamiliar-banner-e1618862564951-150x150.jpg', 5035, 0, 0),
(1178, 5951, 0, '2021/04/comfamiliar-banner-e1618862564951-768x241.jpg', 23586, 0, 0),
(1179, 5951, 0, '2021/04/comfamiliar-banner-1536x369.jpg', 53362, 0, 0),
(1180, 5951, 0, '2021/04/comfamiliar-banner-e1618862564951-900x480.jpg', 42401, 0, 0),
(1181, 5951, 0, '2021/04/comfamiliar-banner-e1618862564951-600x403.jpg', 25668, 0, 0),
(1182, 5951, 0, '2021/04/comfamiliar-banner-e1618862564951-400x269.jpg', 15384, 0, 0),
(1183, 5951, 0, '2021/04/comfamiliar-banner-e1618862564951-100x100.jpg', 3066, 0, 0),
(1184, 5951, 0, '2021/04/comfamiliar-banner-e1618862564951-140x140.jpg', 4540, 0, 0),
(1185, 5951, 0, '2021/04/comfamiliar-banner-e1618862564951-1000x480.jpg', 47433, 0, 0),
(1186, 5951, 0, '2021/04/comfamiliar-banner-e1618862564951-670x335.jpg', 26794, 0, 0),
(1187, 5951, 0, '2021/04/comfamiliar-banner-e1618862564951-500x480.jpg', 25944, 0, 0),
(1188, 5951, 0, '2021/04/comfamiliar-banner-e1618862564951-350x350.jpg', 16079, 0, 0),
(1189, 5951, 0, '2021/04/comfamiliar-banner-e1618862564951-500x480.jpg', 25944, 0, 0),
(1190, 5951, 0, '2021/04/comfamiliar-banner-e1618862564951-1000x480.jpg', 47433, 0, 0),
(1191, 5951, 0, '2021/04/comfamiliar-banner-e1618862564951-900x480.jpg', 42401, 0, 0),
(1192, 5951, 0, '2021/04/comfamiliar-banner-1870x480.jpg', 75206, 0, 0),
(1193, 5951, 0, '2021/04/comfamiliar-banner-e1618862564951-800x480.jpg', 37732, 0, 0),
(1194, 5947, 0, '2021/04/BENEFICIOS.jpg', 211061, 0, 0),
(1195, 5947, 0, '2021/04/BENEFICIOS-300x153.jpg', 19914, 0, 0),
(1196, 5947, 0, '2021/04/BENEFICIOS-1024x523.jpg', 94448, 0, 0),
(1197, 5947, 0, '2021/04/BENEFICIOS-150x150.jpg', 16552, 0, 0),
(1198, 5947, 0, '2021/04/BENEFICIOS-768x392.jpg', 61407, 0, 0),
(1199, 5947, 0, '2021/04/BENEFICIOS-1536x784.jpg', 171168, 0, 0),
(1200, 5947, 0, '2021/04/BENEFICIOS-900x604.jpg', 104169, 0, 0),
(1201, 5947, 0, '2021/04/BENEFICIOS-600x403.jpg', 57557, 0, 0),
(1202, 5947, 0, '2021/04/BENEFICIOS-400x269.jpg', 33973, 0, 0),
(1203, 5947, 0, '2021/04/BENEFICIOS-100x100.jpg', 13372, 0, 0),
(1204, 5947, 0, '2021/04/BENEFICIOS-140x140.jpg', 15985, 0, 0),
(1205, 5947, 0, '2021/04/BENEFICIOS-1000x500.jpg', 91189, 0, 0),
(1206, 5947, 0, '2021/04/BENEFICIOS-670x335.jpg', 50385, 0, 0),
(1207, 5947, 0, '2021/04/BENEFICIOS-500x500.jpg', 60735, 0, 0),
(1208, 5947, 0, '2021/04/BENEFICIOS-350x350.jpg', 37310, 0, 0),
(1209, 5947, 0, '2021/04/BENEFICIOS-500x980.jpg', 83973, 0, 0),
(1210, 5947, 0, '2021/04/BENEFICIOS-1000x980.jpg', 164904, 0, 0),
(1211, 5947, 0, '2021/04/BENEFICIOS-900x600.jpg', 103357, 0, 0),
(1212, 5947, 0, '2021/04/BENEFICIOS-1870x770.jpg', 203074, 0, 0),
(1213, 5947, 0, '2021/04/BENEFICIOS-800x800.jpg', 114798, 0, 0),
(1214, 5946, 0, '2021/04/DEBERES-Y-DERECHO.jpg', 193514, 0, 0),
(1215, 5946, 0, '2021/04/DEBERES-Y-DERECHO-300x153.jpg', 20393, 0, 0),
(1216, 5946, 0, '2021/04/DEBERES-Y-DERECHO-1024x523.jpg', 90109, 0, 0),
(1217, 5946, 0, '2021/04/DEBERES-Y-DERECHO-150x150.jpg', 16949, 0, 0),
(1218, 5946, 0, '2021/04/DEBERES-Y-DERECHO-768x392.jpg', 59046, 0, 0),
(1219, 5946, 0, '2021/04/DEBERES-Y-DERECHO-1536x784.jpg', 159827, 0, 0),
(1220, 5946, 0, '2021/04/DEBERES-Y-DERECHO-900x604.jpg', 97456, 0, 0),
(1221, 5946, 0, '2021/04/DEBERES-Y-DERECHO-600x403.jpg', 54975, 0, 0),
(1222, 5946, 0, '2021/04/DEBERES-Y-DERECHO-400x269.jpg', 33521, 0, 0),
(1223, 5946, 0, '2021/04/DEBERES-Y-DERECHO-100x100.jpg', 13821, 0, 0),
(1224, 5946, 0, '2021/04/DEBERES-Y-DERECHO-140x140.jpg', 16396, 0, 0),
(1225, 5946, 0, '2021/04/DEBERES-Y-DERECHO-1000x500.jpg', 86047, 0, 0),
(1226, 5946, 0, '2021/04/DEBERES-Y-DERECHO-670x335.jpg', 48482, 0, 0),
(1227, 5946, 0, '2021/04/DEBERES-Y-DERECHO-500x500.jpg', 58083, 0, 0),
(1228, 5946, 0, '2021/04/DEBERES-Y-DERECHO-350x350.jpg', 36316, 0, 0),
(1229, 5946, 0, '2021/04/DEBERES-Y-DERECHO-500x980.jpg', 79014, 0, 0),
(1230, 5946, 0, '2021/04/DEBERES-Y-DERECHO-1000x980.jpg', 152679, 0, 0),
(1231, 5946, 0, '2021/04/DEBERES-Y-DERECHO-900x600.jpg', 96871, 0, 0),
(1232, 5946, 0, '2021/04/DEBERES-Y-DERECHO-1870x770.jpg', 189095, 0, 0),
(1233, 5946, 0, '2021/04/DEBERES-Y-DERECHO-800x800.jpg', 106517, 0, 0),
(1234, 5943, 0, '2021/04/REQUISITOS.jpg', 212151, 0, 0),
(1235, 5943, 0, '2021/04/REQUISITOS-300x153.jpg', 19823, 0, 0),
(1236, 5943, 0, '2021/04/REQUISITOS-1024x523.jpg', 94391, 0, 0),
(1237, 5943, 0, '2021/04/REQUISITOS-150x150.jpg', 15436, 0, 0),
(1238, 5943, 0, '2021/04/REQUISITOS-768x392.jpg', 60988, 0, 0),
(1239, 5943, 0, '2021/04/REQUISITOS-1536x784.jpg', 169721, 0, 0),
(1240, 5943, 0, '2021/04/REQUISITOS-900x604.jpg', 102548, 0, 0),
(1241, 5943, 0, '2021/04/REQUISITOS-600x403.jpg', 56670, 0, 0),
(1242, 5943, 0, '2021/04/REQUISITOS-400x269.jpg', 33527, 0, 0),
(1243, 5943, 0, '2021/04/REQUISITOS-100x100.jpg', 12821, 0, 0),
(1244, 5943, 0, '2021/04/REQUISITOS-140x140.jpg', 15006, 0, 0),
(1245, 5943, 0, '2021/04/REQUISITOS-1000x500.jpg', 89521, 0, 0),
(1246, 5943, 0, '2021/04/REQUISITOS-670x335.jpg', 49521, 0, 0),
(1247, 5943, 0, '2021/04/REQUISITOS-500x500.jpg', 54485, 0, 0),
(1248, 5943, 0, '2021/04/REQUISITOS-350x350.jpg', 33597, 0, 0),
(1249, 5943, 0, '2021/04/REQUISITOS-500x980.jpg', 62993, 0, 0),
(1250, 5943, 0, '2021/04/REQUISITOS-1000x980.jpg', 149774, 0, 0),
(1251, 5943, 0, '2021/04/REQUISITOS-900x600.jpg', 102442, 0, 0),
(1252, 5943, 0, '2021/04/REQUISITOS-1870x770.jpg', 202310, 0, 0),
(1253, 5943, 0, '2021/04/REQUISITOS-800x800.jpg', 103736, 0, 0),
(1254, 5942, 0, '2021/04/COOPERATIVISMO.jpg', 241607, 0, 0),
(1255, 5942, 0, '2021/04/COOPERATIVISMO-300x153.jpg', 21988, 0, 0),
(1256, 5942, 0, '2021/04/COOPERATIVISMO-1024x523.jpg', 108078, 0, 0),
(1257, 5942, 0, '2021/04/COOPERATIVISMO-150x150.jpg', 17503, 0, 0),
(1258, 5942, 0, '2021/04/COOPERATIVISMO-768x392.jpg', 69926, 0, 0),
(1259, 5942, 0, '2021/04/COOPERATIVISMO-1536x784.jpg', 193589, 0, 0),
(1260, 5942, 0, '2021/04/COOPERATIVISMO-900x604.jpg', 119819, 0, 0),
(1261, 5942, 0, '2021/04/COOPERATIVISMO-600x403.jpg', 66597, 0, 0),
(1262, 5942, 0, '2021/04/COOPERATIVISMO-400x269.jpg', 38614, 0, 0),
(1263, 5942, 0, '2021/04/COOPERATIVISMO-100x100.jpg', 13778, 0, 0),
(1264, 5942, 0, '2021/04/COOPERATIVISMO-140x140.jpg', 16754, 0, 0),
(1265, 5942, 0, '2021/04/COOPERATIVISMO-1000x500.jpg', 103319, 0, 0),
(1266, 5942, 0, '2021/04/COOPERATIVISMO-670x335.jpg', 56621, 0, 0),
(1267, 5942, 0, '2021/04/COOPERATIVISMO-500x500.jpg', 68430, 0, 0),
(1268, 5942, 0, '2021/04/COOPERATIVISMO-350x350.jpg', 41593, 0, 0),
(1269, 5942, 0, '2021/04/COOPERATIVISMO-500x980.jpg', 69361, 0, 0),
(1270, 5942, 0, '2021/04/COOPERATIVISMO-1000x980.jpg', 186752, 0, 0),
(1271, 5942, 0, '2021/04/COOPERATIVISMO-900x600.jpg', 118608, 0, 0),
(1272, 5942, 0, '2021/04/COOPERATIVISMO-1870x770.jpg', 224105, 0, 0),
(1273, 5942, 0, '2021/04/COOPERATIVISMO-800x800.jpg', 129759, 0, 0),
(1274, 5941, 0, '2021/04/MISION-VISION.jpg', 152994, 0, 0),
(1275, 5941, 0, '2021/04/MISION-VISION-300x153.jpg', 16191, 0, 0),
(1276, 5941, 0, '2021/04/MISION-VISION-1024x523.jpg', 72104, 0, 0),
(1277, 5941, 0, '2021/04/MISION-VISION-150x150.jpg', 13926, 0, 0),
(1278, 5941, 0, '2021/04/MISION-VISION-768x392.jpg', 47002, 0, 0),
(1279, 5941, 0, '2021/04/MISION-VISION-1536x784.jpg', 129096, 0, 0),
(1280, 5941, 0, '2021/04/MISION-VISION-900x604.jpg', 76403, 0, 0),
(1281, 5941, 0, '2021/04/MISION-VISION-600x403.jpg', 42930, 0, 0),
(1282, 5941, 0, '2021/04/MISION-VISION-400x269.jpg', 25922, 0, 0),
(1283, 5941, 0, '2021/04/MISION-VISION-100x100.jpg', 11582, 0, 0),
(1284, 5941, 0, '2021/04/MISION-VISION-140x140.jpg', 13443, 0, 0),
(1285, 5941, 0, '2021/04/MISION-VISION-1000x500.jpg', 68611, 0, 0),
(1286, 5941, 0, '2021/04/MISION-VISION-670x335.jpg', 38234, 0, 0),
(1287, 5941, 0, '2021/04/MISION-VISION-500x500.jpg', 47789, 0, 0),
(1288, 5941, 0, '2021/04/MISION-VISION-350x350.jpg', 29745, 0, 0),
(1289, 5941, 0, '2021/04/MISION-VISION-500x980.jpg', 66327, 0, 0),
(1290, 5941, 0, '2021/04/MISION-VISION-1000x980.jpg', 125688, 0, 0),
(1291, 5941, 0, '2021/04/MISION-VISION-900x600.jpg', 75585, 0, 0),
(1292, 5941, 0, '2021/04/MISION-VISION-1870x770.jpg', 150330, 0, 0),
(1293, 5941, 0, '2021/04/MISION-VISION-800x800.jpg', 88541, 0, 0),
(1294, 5940, 0, '2021/04/IMAGEN-COOPORTATIVA.jpg', 219043, 0, 0),
(1295, 5940, 0, '2021/04/IMAGEN-COOPORTATIVA-300x153.jpg', 20006, 0, 0),
(1296, 5940, 0, '2021/04/IMAGEN-COOPORTATIVA-1024x523.jpg', 95104, 0, 0),
(1297, 5940, 0, '2021/04/IMAGEN-COOPORTATIVA-150x150.jpg', 15766, 0, 0),
(1298, 5940, 0, '2021/04/IMAGEN-COOPORTATIVA-768x392.jpg', 61850, 0, 0),
(1299, 5940, 0, '2021/04/IMAGEN-COOPORTATIVA-1536x784.jpg', 173683, 0, 0),
(1300, 5940, 0, '2021/04/IMAGEN-COOPORTATIVA-900x604.jpg', 104161, 0, 0),
(1301, 5940, 0, '2021/04/IMAGEN-COOPORTATIVA-600x403.jpg', 56892, 0, 0),
(1302, 5940, 0, '2021/04/IMAGEN-COOPORTATIVA-400x269.jpg', 33672, 0, 0),
(1303, 5940, 0, '2021/04/IMAGEN-COOPORTATIVA-100x100.jpg', 13050, 0, 0),
(1304, 5940, 0, '2021/04/IMAGEN-COOPORTATIVA-140x140.jpg', 15232, 0, 0),
(1305, 5940, 0, '2021/04/IMAGEN-COOPORTATIVA-1000x500.jpg', 91722, 0, 0),
(1306, 5940, 0, '2021/04/IMAGEN-COOPORTATIVA-670x335.jpg', 49977, 0, 0),
(1307, 5940, 0, '2021/04/IMAGEN-COOPORTATIVA-500x500.jpg', 55695, 0, 0),
(1308, 5940, 0, '2021/04/IMAGEN-COOPORTATIVA-350x350.jpg', 34451, 0, 0),
(1309, 5940, 0, '2021/04/IMAGEN-COOPORTATIVA-500x980.jpg', 77279, 0, 0),
(1310, 5940, 0, '2021/04/IMAGEN-COOPORTATIVA-1000x980.jpg', 153166, 0, 0),
(1311, 5940, 0, '2021/04/IMAGEN-COOPORTATIVA-900x600.jpg', 103629, 0, 0),
(1312, 5940, 0, '2021/04/IMAGEN-COOPORTATIVA-1870x770.jpg', 205208, 0, 0),
(1313, 5940, 0, '2021/04/IMAGEN-COOPORTATIVA-800x800.jpg', 105690, 0, 0),
(1314, 5939, 0, '2021/04/COMITES.jpg', 187546, 0, 0),
(1315, 5939, 0, '2021/04/COMITES-300x153.jpg', 19680, 0, 0),
(1316, 5939, 0, '2021/04/COMITES-1024x523.jpg', 87995, 0, 0),
(1317, 5939, 0, '2021/04/COMITES-150x150.jpg', 16268, 0, 0),
(1318, 5939, 0, '2021/04/COMITES-768x392.jpg', 57550, 0, 0),
(1319, 5939, 0, '2021/04/COMITES-1536x784.jpg', 154233, 0, 0),
(1320, 5939, 0, '2021/04/COMITES-900x604.jpg', 94412, 0, 0),
(1321, 5939, 0, '2021/04/COMITES-600x403.jpg', 53721, 0, 0),
(1322, 5939, 0, '2021/04/COMITES-400x269.jpg', 32462, 0, 0),
(1323, 5939, 0, '2021/04/COMITES-100x100.jpg', 13232, 0, 0),
(1324, 5939, 0, '2021/04/COMITES-140x140.jpg', 15882, 0, 0),
(1325, 5939, 0, '2021/04/COMITES-1000x500.jpg', 83854, 0, 0),
(1326, 5939, 0, '2021/04/COMITES-670x335.jpg', 47067, 0, 0),
(1327, 5939, 0, '2021/04/COMITES-500x500.jpg', 57646, 0, 0),
(1328, 5939, 0, '2021/04/COMITES-350x350.jpg', 36359, 0, 0),
(1329, 5939, 0, '2021/04/COMITES-500x980.jpg', 88077, 0, 0),
(1330, 5939, 0, '2021/04/COMITES-1000x980.jpg', 149246, 0, 0),
(1331, 5939, 0, '2021/04/COMITES-900x600.jpg', 93843, 0, 0),
(1332, 5939, 0, '2021/04/COMITES-1870x770.jpg', 180409, 0, 0),
(1333, 5939, 0, '2021/04/COMITES-800x800.jpg', 106404, 0, 0),
(1334, 5938, 0, '2021/04/ADMINISTRACION-Y-CONTROL.jpg', 178039, 0, 0),
(1335, 5938, 0, '2021/04/ADMINISTRACION-Y-CONTROL-300x153.jpg', 17477, 0, 0),
(1336, 5938, 0, '2021/04/ADMINISTRACION-Y-CONTROL-1024x523.jpg', 82132, 0, 0),
(1337, 5938, 0, '2021/04/ADMINISTRACION-Y-CONTROL-150x150.jpg', 14893, 0, 0),
(1338, 5938, 0, '2021/04/ADMINISTRACION-Y-CONTROL-768x392.jpg', 53306, 0, 0),
(1339, 5938, 0, '2021/04/ADMINISTRACION-Y-CONTROL-1536x784.jpg', 146256, 0, 0),
(1340, 5938, 0, '2021/04/ADMINISTRACION-Y-CONTROL-900x604.jpg', 88418, 0, 0),
(1341, 5938, 0, '2021/04/ADMINISTRACION-Y-CONTROL-600x403.jpg', 49296, 0, 0),
(1342, 5938, 0, '2021/04/ADMINISTRACION-Y-CONTROL-400x269.jpg', 29055, 0, 0),
(1343, 5938, 0, '2021/04/ADMINISTRACION-Y-CONTROL-100x100.jpg', 12059, 0, 0),
(1344, 5938, 0, '2021/04/ADMINISTRACION-Y-CONTROL-140x140.jpg', 14318, 0, 0),
(1345, 5938, 0, '2021/04/ADMINISTRACION-Y-CONTROL-1000x500.jpg', 78630, 0, 0),
(1346, 5938, 0, '2021/04/ADMINISTRACION-Y-CONTROL-670x335.jpg', 43308, 0, 0),
(1347, 5938, 0, '2021/04/ADMINISTRACION-Y-CONTROL-500x500.jpg', 56433, 0, 0),
(1348, 5938, 0, '2021/04/ADMINISTRACION-Y-CONTROL-350x350.jpg', 34384, 0, 0),
(1349, 5938, 0, '2021/04/ADMINISTRACION-Y-CONTROL-500x980.jpg', 87284, 0, 0),
(1350, 5938, 0, '2021/04/ADMINISTRACION-Y-CONTROL-1000x980.jpg', 149119, 0, 0),
(1351, 5938, 0, '2021/04/ADMINISTRACION-Y-CONTROL-900x600.jpg', 87733, 0, 0),
(1352, 5938, 0, '2021/04/ADMINISTRACION-Y-CONTROL-1870x770.jpg', 172494, 0, 0),
(1353, 5938, 0, '2021/04/ADMINISTRACION-Y-CONTROL-800x800.jpg', 104972, 0, 0),
(1354, 5921, 0, '2021/04/CONTACTENOSMIN.jpg', 123884, 0, 0),
(1355, 5921, 0, '2021/04/CONTACTENOSMIN-300x98.jpg', 17042, 0, 0),
(1356, 5921, 0, '2021/04/CONTACTENOSMIN-1024x334.jpg', 69169, 0, 0),
(1357, 5921, 0, '2021/04/CONTACTENOSMIN-150x150.jpg', 16521, 0, 0),
(1358, 5921, 0, '2021/04/CONTACTENOSMIN-768x250.jpg', 46696, 0, 0),
(1359, 5921, 0, '2021/04/CONTACTENOSMIN-1536x500.jpg', 120830, 0, 0),
(1360, 5921, 0, '2021/04/CONTACTENOSMIN-900x501.jpg', 102875, 0, 0),
(1361, 5921, 0, '2021/04/CONTACTENOSMIN-600x403.jpg', 66020, 0, 0),
(1362, 5921, 0, '2021/04/CONTACTENOSMIN-400x269.jpg', 39007, 0, 0),
(1363, 5921, 0, '2021/04/CONTACTENOSMIN-100x100.jpg', 13067, 0, 0),
(1364, 5921, 0, '2021/04/CONTACTENOSMIN-140x140.jpg', 15896, 0, 0),
(1365, 5921, 0, '2021/04/CONTACTENOSMIN-1000x500.jpg', 104130, 0, 0),
(1366, 5921, 0, '2021/04/CONTACTENOSMIN-670x335.jpg', 59433, 0, 0),
(1367, 5921, 0, '2021/04/CONTACTENOSMIN-500x500.jpg', 59811, 0, 0),
(1368, 5921, 0, '2021/04/CONTACTENOSMIN-350x350.jpg', 38584, 0, 0),
(1369, 5921, 0, '2021/04/CONTACTENOSMIN-500x501.jpg', 62487, 0, 0),
(1370, 5921, 0, '2021/04/CONTACTENOSMIN-1000x501.jpg', 113508, 0, 0),
(1371, 5921, 0, '2021/04/CONTACTENOSMIN-900x501.jpg', 102875, 0, 0),
(1372, 5921, 0, '2021/04/CONTACTENOSMIN-800x501.jpg', 95776, 0, 0),
(1373, 5919, 0, '2021/04/CONTACTENOS.jpg', 228309, 0, 0),
(1374, 5919, 0, '2021/04/CONTACTENOS-300x153.jpg', 21410, 0, 0),
(1375, 5919, 0, '2021/04/CONTACTENOS-1024x523.jpg', 100091, 0, 0),
(1376, 5919, 0, '2021/04/CONTACTENOS-150x150.jpg', 17326, 0, 0),
(1377, 5919, 0, '2021/04/CONTACTENOS-768x392.jpg', 65414, 0, 0),
(1378, 5919, 0, '2021/04/CONTACTENOS-1536x784.jpg', 178169, 0, 0),
(1379, 5919, 0, '2021/04/CONTACTENOS-900x604.jpg', 109672, 0, 0),
(1380, 5919, 0, '2021/04/CONTACTENOS-600x403.jpg', 61681, 0, 0),
(1381, 5919, 0, '2021/04/CONTACTENOS-400x269.jpg', 36465, 0, 0),
(1382, 5919, 0, '2021/04/CONTACTENOS-100x100.jpg', 13928, 0, 0),
(1383, 5919, 0, '2021/04/CONTACTENOS-140x140.jpg', 16651, 0, 0),
(1384, 5919, 0, '2021/04/CONTACTENOS-1000x500.jpg', 96238, 0, 0),
(1385, 5919, 0, '2021/04/CONTACTENOS-670x335.jpg', 54000, 0, 0),
(1386, 5919, 0, '2021/04/CONTACTENOS-500x500.jpg', 63104, 0, 0),
(1387, 5919, 0, '2021/04/CONTACTENOS-350x350.jpg', 39208, 0, 0),
(1388, 5919, 0, '2021/04/CONTACTENOS-500x980.jpg', 76368, 0, 0),
(1389, 5919, 0, '2021/04/CONTACTENOS-1000x980.jpg', 165254, 0, 0),
(1390, 5919, 0, '2021/04/CONTACTENOS-900x600.jpg', 108679, 0, 0),
(1391, 5919, 0, '2021/04/CONTACTENOS-1870x770.jpg', 210623, 0, 0),
(1392, 5919, 0, '2021/04/CONTACTENOS-800x800.jpg', 117550, 0, 0),
(1393, 5907, 0, '2021/04/logocontactenos.png', 85410, 0, 0),
(1394, 5907, 0, '2021/04/logocontactenos-300x146.png', 27078, 0, 0),
(1395, 5907, 0, '2021/04/logocontactenos-150x150.png', 19383, 0, 0),
(1396, 5907, 0, '2021/04/logocontactenos-400x269.png', 62365, 0, 0),
(1397, 5907, 0, '2021/04/logocontactenos-100x100.png', 10329, 0, 0),
(1398, 5907, 0, '2021/04/logocontactenos-140x140.png', 17360, 0, 0),
(1399, 5907, 0, '2021/04/logocontactenos-500x292.png', 75752, 0, 0),
(1400, 5907, 0, '2021/04/logocontactenos-350x292.png', 66453, 0, 0),
(1401, 5907, 0, '2021/04/logocontactenos-500x292.png', 75752, 0, 0),
(1402, 5906, 0, '2021/04/contacto2.png', 58002, 0, 0),
(1403, 5906, 0, '2021/04/contacto2-150x150.png', 20232, 0, 0),
(1404, 5906, 0, '2021/04/contacto2-300x269.png', 48629, 0, 0),
(1405, 5906, 0, '2021/04/contacto2-100x100.png', 10621, 0, 0),
(1406, 5906, 0, '2021/04/contacto2-140x140.png', 18175, 0, 0),
(1407, 5856, 0, '2021/04/jefe.png', 211328, 0, 0),
(1408, 5856, 0, '2021/04/jefe-79x300.png', 21351, 0, 0),
(1409, 5856, 0, '2021/04/jefe-270x1024.png', 144887, 0, 0),
(1410, 5856, 0, '2021/04/jefe-150x150.png', 14005, 0, 0),
(1411, 5856, 0, '2021/04/jefe-386x604.png', 85611, 0, 0),
(1412, 5856, 0, '2021/04/jefe-386x403.png', 50346, 0, 0),
(1413, 5856, 0, '2021/04/jefe-386x269.png', 33002, 0, 0),
(1414, 5856, 0, '2021/04/jefe-100x100.png', 7673, 0, 0),
(1415, 5856, 0, '2021/04/jefe-140x140.png', 12690, 0, 0),
(1416, 5856, 0, '2021/04/jefe-386x500.png', 66632, 0, 0),
(1417, 5856, 0, '2021/04/jefe-386x335.png', 41527, 0, 0),
(1418, 5856, 0, '2021/04/jefe-386x500.png', 66632, 0, 0),
(1419, 5856, 0, '2021/04/jefe-350x350.png', 46171, 0, 0),
(1420, 5856, 0, '2021/04/jefe-386x1000.png', 156428, 0, 0),
(1421, 5856, 0, '2021/04/jefe-386x1000.png', 156428, 0, 0),
(1422, 5856, 0, '2021/04/jefe-386x600.png', 84921, 0, 0),
(1423, 5856, 0, '2021/04/jefe-386x770.png', 115537, 0, 0),
(1424, 5856, 0, '2021/04/jefe-386x800.png', 120816, 0, 0),
(1425, 5824, 0, '2021/04/pdf.png', 3830, 0, 0),
(1426, 5810, 0, '2021/04/REGISTRO-DIAN.jpg', 122261, 0, 0),
(1427, 5810, 0, '2021/04/REGISTRO-DIAN-300x94.jpg', 16757, 0, 0),
(1428, 5810, 0, '2021/04/REGISTRO-DIAN-1024x322.jpg', 67607, 0, 0),
(1429, 5810, 0, '2021/04/REGISTRO-DIAN-150x150.jpg', 15097, 0, 0),
(1430, 5810, 0, '2021/04/REGISTRO-DIAN-768x242.jpg', 45214, 0, 0),
(1431, 5810, 0, '2021/04/REGISTRO-DIAN-900x480.jpg', 88997, 0, 0),
(1432, 5810, 0, '2021/04/REGISTRO-DIAN-600x403.jpg', 55843, 0, 0),
(1433, 5810, 0, '2021/04/REGISTRO-DIAN-400x269.jpg', 33568, 0, 0),
(1434, 5810, 0, '2021/04/REGISTRO-DIAN-100x100.jpg', 12381, 0, 0),
(1435, 5810, 0, '2021/04/REGISTRO-DIAN-140x140.jpg', 14583, 0, 0),
(1436, 5810, 0, '2021/04/REGISTRO-DIAN-1000x480.jpg', 97270, 0, 0),
(1437, 5810, 0, '2021/04/REGISTRO-DIAN-670x335.jpg', 55225, 0, 0),
(1438, 5810, 0, '2021/04/REGISTRO-DIAN-500x480.jpg', 53571, 0, 0),
(1439, 5810, 0, '2021/04/REGISTRO-DIAN-350x350.jpg', 33644, 0, 0),
(1440, 5810, 0, '2021/04/REGISTRO-DIAN-500x480.jpg', 53571, 0, 0),
(1441, 5810, 0, '2021/04/REGISTRO-DIAN-1000x480.jpg', 97270, 0, 0),
(1442, 5810, 0, '2021/04/REGISTRO-DIAN-900x480.jpg', 88997, 0, 0),
(1443, 5810, 0, '2021/04/REGISTRO-DIAN-800x480.jpg', 84880, 0, 0),
(1444, 5796, 0, '2021/04/HORARIO-ATENCION.jpg', 159227, 0, 0),
(1445, 5796, 0, '2021/04/HORARIO-ATENCION-300x166.jpg', 20435, 0, 0),
(1446, 5796, 0, '2021/04/HORARIO-ATENCION-1024x566.jpg', 80150, 0, 0),
(1447, 5796, 0, '2021/04/HORARIO-ATENCION-150x150.jpg', 15887, 0, 0),
(1448, 5796, 0, '2021/04/HORARIO-ATENCION-768x425.jpg', 55647, 0, 0),
(1449, 5796, 0, '2021/04/HORARIO-ATENCION-900x604.jpg', 83679, 0, 0),
(1450, 5796, 0, '2021/04/HORARIO-ATENCION-600x403.jpg', 49807, 0, 0),
(1451, 5796, 0, '2021/04/HORARIO-ATENCION-400x269.jpg', 31344, 0, 0),
(1452, 5796, 0, '2021/04/HORARIO-ATENCION-100x100.jpg', 12974, 0, 0),
(1453, 5796, 0, '2021/04/HORARIO-ATENCION-140x140.jpg', 15228, 0, 0),
(1454, 5796, 0, '2021/04/HORARIO-ATENCION-1000x500.jpg', 75504, 0, 0),
(1455, 5796, 0, '2021/04/HORARIO-ATENCION-670x335.jpg', 45589, 0, 0),
(1456, 5796, 0, '2021/04/HORARIO-ATENCION-500x500.jpg', 48628, 0, 0),
(1457, 5796, 0, '2021/04/HORARIO-ATENCION-350x350.jpg', 31711, 0, 0),
(1458, 5796, 0, '2021/04/HORARIO-ATENCION-500x796.jpg', 50136, 0, 0),
(1459, 5796, 0, '2021/04/HORARIO-ATENCION-1000x796.jpg', 116508, 0, 0),
(1460, 5796, 0, '2021/04/HORARIO-ATENCION-900x600.jpg', 82757, 0, 0),
(1461, 5796, 0, '2021/04/HORARIO-ATENCION-1440x770.jpg', 133370, 0, 0),
(1462, 5796, 0, '2021/04/HORARIO-ATENCION-800x796.jpg', 90601, 0, 0),
(1463, 5792, 0, '2021/04/ganador-9-de-abril.jpg', 73241, 0, 0),
(1464, 5792, 0, '2021/04/ganador-9-de-abril-300x224.jpg', 8631, 0, 0),
(1465, 5792, 0, '2021/04/ganador-9-de-abril-1024x763.jpg', 62161, 0, 0),
(1466, 5792, 0, '2021/04/ganador-9-de-abril-150x150.jpg', 3888, 0, 0),
(1467, 5792, 0, '2021/04/ganador-9-de-abril-768x572.jpg', 39602, 0, 0),
(1468, 5792, 0, '2021/04/ganador-9-de-abril-900x604.jpg', 48252, 0, 0),
(1469, 5792, 0, '2021/04/ganador-9-de-abril-600x403.jpg', 24917, 0, 0),
(1470, 5792, 0, '2021/04/ganador-9-de-abril-400x269.jpg', 13371, 0, 0),
(1471, 5792, 0, '2021/04/ganador-9-de-abril-100x100.jpg', 2044, 0, 0),
(1472, 5792, 0, '2021/04/ganador-9-de-abril-140x140.jpg', 3423, 0, 0),
(1473, 5792, 0, '2021/04/ganador-9-de-abril-1000x500.jpg', 49380, 0, 0),
(1474, 5792, 0, '2021/04/ganador-9-de-abril-670x335.jpg', 26686, 0, 0),
(1475, 5792, 0, '2021/04/ganador-9-de-abril-500x500.jpg', 26932, 0, 0),
(1476, 5792, 0, '2021/04/ganador-9-de-abril-350x350.jpg', 15419, 0, 0),
(1477, 5792, 0, '2021/04/ganador-9-de-abril-500x954.jpg', 35119, 0, 0),
(1478, 5792, 0, '2021/04/ganador-9-de-abril-1000x954.jpg', 82552, 0, 0),
(1479, 5792, 0, '2021/04/ganador-9-de-abril-900x600.jpg', 47752, 0, 0),
(1480, 5792, 0, '2021/04/ganador-9-de-abril-1280x770.jpg', 85152, 0, 0),
(1481, 5792, 0, '2021/04/ganador-9-de-abril-800x800.jpg', 55616, 0, 0),
(1482, 5791, 0, '2021/04/RIFA.jpg', 174729, 0, 0),
(1483, 5791, 0, '2021/04/RIFA-300x153.jpg', 23137, 0, 0),
(1484, 5791, 0, '2021/04/RIFA-1024x523.jpg', 110915, 0, 0),
(1485, 5791, 0, '2021/04/RIFA-150x150.jpg', 18096, 0, 0),
(1486, 5791, 0, '2021/04/RIFA-768x392.jpg', 72714, 0, 0),
(1487, 5791, 0, '2021/04/RIFA-900x604.jpg', 121717, 0, 0),
(1488, 5791, 0, '2021/04/RIFA-600x403.jpg', 68610, 0, 0),
(1489, 5791, 0, '2021/04/RIFA-400x269.jpg', 40350, 0, 0),
(1490, 5791, 0, '2021/04/RIFA-100x100.jpg', 14589, 0, 0),
(1491, 5791, 0, '2021/04/RIFA-140x140.jpg', 17386, 0, 0),
(1492, 5791, 0, '2021/04/RIFA-1000x500.jpg', 105572, 0, 0),
(1493, 5791, 0, '2021/04/RIFA-670x335.jpg', 59654, 0, 0),
(1494, 5791, 0, '2021/04/RIFA-500x500.jpg', 65475, 0, 0),
(1495, 5791, 0, '2021/04/RIFA-350x350.jpg', 41140, 0, 0),
(1496, 5791, 0, '2021/04/RIFA-500x725.jpg', 76054, 0, 0),
(1497, 5791, 0, '2021/04/RIFA-1000x725.jpg', 159125, 0, 0),
(1498, 5791, 0, '2021/04/RIFA-900x600.jpg', 120652, 0, 0),
(1499, 5791, 0, '2021/04/RIFA-800x725.jpg', 126310, 0, 0),
(1500, 5787, 0, '2021/04/ABRIR-SEXTING.jpg', 72843, 0, 0),
(1501, 5787, 0, '2021/04/ABRIR-SEXTING-300x200.jpg', 7619, 0, 0),
(1502, 5787, 0, '2021/04/ABRIR-SEXTING-1024x683.jpg', 41449, 0, 0),
(1503, 5787, 0, '2021/04/ABRIR-SEXTING-150x150.jpg', 3934, 0, 0),
(1504, 5787, 0, '2021/04/ABRIR-SEXTING-768x512.jpg', 27619, 0, 0),
(1505, 5787, 0, '2021/04/ABRIR-SEXTING-900x604.jpg', 34963, 0, 0),
(1506, 5787, 0, '2021/04/ABRIR-SEXTING-600x403.jpg', 19848, 0, 0),
(1507, 5787, 0, '2021/04/ABRIR-SEXTING-400x269.jpg', 11214, 0, 0),
(1508, 5787, 0, '2021/04/ABRIR-SEXTING-100x100.jpg', 2406, 0, 0),
(1509, 5787, 0, '2021/04/ABRIR-SEXTING-140x140.jpg', 3609, 0, 0),
(1510, 5787, 0, '2021/04/ABRIR-SEXTING-1000x500.jpg', 31182, 0, 0),
(1511, 5787, 0, '2021/04/ABRIR-SEXTING-670x335.jpg', 17662, 0, 0),
(1512, 5787, 0, '2021/04/ABRIR-SEXTING-500x500.jpg', 19728, 0, 0),
(1513, 5787, 0, '2021/04/ABRIR-SEXTING-350x350.jpg', 11913, 0, 0),
(1514, 5787, 0, '2021/04/ABRIR-SEXTING-500x1000.jpg', 30111, 0, 0),
(1515, 5787, 0, '2021/04/ABRIR-SEXTING-1000x1000.jpg', 51998, 0, 0),
(1516, 5787, 0, '2021/04/ABRIR-SEXTING-900x600.jpg', 34597, 0, 0),
(1517, 5787, 0, '2021/04/ABRIR-SEXTING-1536x770.jpg', 58228, 0, 0),
(1518, 5787, 0, '2021/04/ABRIR-SEXTING-800x800.jpg', 37700, 0, 0),
(1519, 5783, 0, '2021/04/PARQUE-DE-CUBA.jpg', 127498, 0, 0),
(1520, 5783, 0, '2021/04/PARQUE-DE-CUBA-300x200.jpg', 14526, 0, 0),
(1521, 5783, 0, '2021/04/PARQUE-DE-CUBA-1024x682.jpg', 105417, 0, 0),
(1522, 5783, 0, '2021/04/PARQUE-DE-CUBA-150x150.jpg', 6424, 0, 0),
(1523, 5783, 0, '2021/04/PARQUE-DE-CUBA-768x512.jpg', 67896, 0, 0),
(1524, 5783, 0, '2021/04/PARQUE-DE-CUBA-900x604.jpg', 87654, 0, 0),
(1525, 5783, 0, '2021/04/PARQUE-DE-CUBA-600x403.jpg', 46523, 0, 0),
(1526, 5783, 0, '2021/04/PARQUE-DE-CUBA-400x269.jpg', 23522, 0, 0),
(1527, 5783, 0, '2021/04/PARQUE-DE-CUBA-100x100.jpg', 3315, 0, 0),
(1528, 5783, 0, '2021/04/PARQUE-DE-CUBA-140x140.jpg', 5678, 0, 0),
(1529, 5783, 0, '2021/04/PARQUE-DE-CUBA-1000x500.jpg', 80585, 0, 0),
(1530, 5783, 0, '2021/04/PARQUE-DE-CUBA-670x335.jpg', 43292, 0, 0),
(1531, 5783, 0, '2021/04/PARQUE-DE-CUBA-500x500.jpg', 46165, 0, 0),
(1532, 5783, 0, '2021/04/PARQUE-DE-CUBA-350x350.jpg', 26023, 0, 0),
(1533, 5783, 0, '2021/04/PARQUE-DE-CUBA-500x853.jpg', 61597, 0, 0),
(1534, 5783, 0, '2021/04/PARQUE-DE-CUBA-1000x853.jpg', 127122, 0, 0),
(1535, 5783, 0, '2021/04/PARQUE-DE-CUBA-900x600.jpg', 87341, 0, 0),
(1536, 5783, 0, '2021/04/PARQUE-DE-CUBA-1280x770.jpg', 140242, 0, 0),
(1537, 5783, 0, '2021/04/PARQUE-DE-CUBA-800x800.jpg', 92952, 0, 0),
(1538, 5779, 0, '2021/04/CLASES-ALTERNANCIA.jpg', 110602, 0, 0),
(1539, 5779, 0, '2021/04/CLASES-ALTERNANCIA-300x200.jpg', 14023, 0, 0);
INSERT INTO `wp_litespeed_img_optm` (`id`, `post_id`, `optm_status`, `src`, `src_filesize`, `target_filesize`, `webp_filesize`) VALUES
(1540, 5779, 0, '2021/04/CLASES-ALTERNANCIA-1024x682.jpg', 92217, 0, 0),
(1541, 5779, 0, '2021/04/CLASES-ALTERNANCIA-150x150.jpg', 6443, 0, 0),
(1542, 5779, 0, '2021/04/CLASES-ALTERNANCIA-768x512.jpg', 60529, 0, 0),
(1543, 5779, 0, '2021/04/CLASES-ALTERNANCIA-900x604.jpg', 77576, 0, 0),
(1544, 5779, 0, '2021/04/CLASES-ALTERNANCIA-600x403.jpg', 42432, 0, 0),
(1545, 5779, 0, '2021/04/CLASES-ALTERNANCIA-400x269.jpg', 22345, 0, 0),
(1546, 5779, 0, '2021/04/CLASES-ALTERNANCIA-100x100.jpg', 3441, 0, 0),
(1547, 5779, 0, '2021/04/CLASES-ALTERNANCIA-140x140.jpg', 5764, 0, 0),
(1548, 5779, 0, '2021/04/CLASES-ALTERNANCIA-1000x500.jpg', 68355, 0, 0),
(1549, 5779, 0, '2021/04/CLASES-ALTERNANCIA-670x335.jpg', 37638, 0, 0),
(1550, 5779, 0, '2021/04/CLASES-ALTERNANCIA-500x500.jpg', 42867, 0, 0),
(1551, 5779, 0, '2021/04/CLASES-ALTERNANCIA-350x350.jpg', 24409, 0, 0),
(1552, 5779, 0, '2021/04/CLASES-ALTERNANCIA-500x853.jpg', 57337, 0, 0),
(1553, 5779, 0, '2021/04/CLASES-ALTERNANCIA-1000x853.jpg', 111939, 0, 0),
(1554, 5779, 0, '2021/04/CLASES-ALTERNANCIA-900x600.jpg', 76968, 0, 0),
(1555, 5779, 0, '2021/04/CLASES-ALTERNANCIA-1280x770.jpg', 119551, 0, 0),
(1556, 5779, 0, '2021/04/CLASES-ALTERNANCIA-800x800.jpg', 83983, 0, 0),
(1557, 5775, 0, '2021/04/puente-dosquebradas.jpg', 344891, 0, 0),
(1558, 5775, 0, '2021/04/puente-dosquebradas-300x225.jpg', 17656, 0, 0),
(1559, 5775, 0, '2021/04/puente-dosquebradas-150x150.jpg', 6854, 0, 0),
(1560, 5775, 0, '2021/04/puente-dosquebradas-768x575.jpg', 96766, 0, 0),
(1561, 5775, 0, '2021/04/puente-dosquebradas-900x604.jpg', 121768, 0, 0),
(1562, 5775, 0, '2021/04/puente-dosquebradas-600x403.jpg', 57051, 0, 0),
(1563, 5775, 0, '2021/04/puente-dosquebradas-400x269.jpg', 26838, 0, 0),
(1564, 5775, 0, '2021/04/puente-dosquebradas-100x100.jpg', 3797, 0, 0),
(1565, 5775, 0, '2021/04/puente-dosquebradas-140x140.jpg', 6106, 0, 0),
(1566, 5775, 0, '2021/04/puente-dosquebradas-1000x500.jpg', 147217, 0, 0),
(1567, 5775, 0, '2021/04/puente-dosquebradas-670x335.jpg', 56865, 0, 0),
(1568, 5775, 0, '2021/04/puente-dosquebradas-500x500.jpg', 57116, 0, 0),
(1569, 5775, 0, '2021/04/puente-dosquebradas-350x350.jpg', 29303, 0, 0),
(1570, 5775, 0, '2021/04/puente-dosquebradas-500x749.jpg', 98530, 0, 0),
(1571, 5775, 0, '2021/04/puente-dosquebradas-900x600.jpg', 120413, 0, 0),
(1572, 5775, 0, '2021/04/puente-dosquebradas-800x749.jpg', 154035, 0, 0),
(1573, 5771, 0, '2021/04/estatutos-consumidor.jpg', 109649, 0, 0),
(1574, 5771, 0, '2021/04/estatutos-consumidor-300x88.jpg', 10302, 0, 0),
(1575, 5771, 0, '2021/04/estatutos-consumidor-1024x299.jpg', 58185, 0, 0),
(1576, 5771, 0, '2021/04/estatutos-consumidor-150x150.jpg', 8691, 0, 0),
(1577, 5771, 0, '2021/04/estatutos-consumidor-768x224.jpg', 37568, 0, 0),
(1578, 5771, 0, '2021/04/estatutos-consumidor-900x350.jpg', 61897, 0, 0),
(1579, 5771, 0, '2021/04/estatutos-consumidor-600x350.jpg', 45011, 0, 0),
(1580, 5771, 0, '2021/04/estatutos-consumidor-400x269.jpg', 26235, 0, 0),
(1581, 5771, 0, '2021/04/estatutos-consumidor-100x100.jpg', 5349, 0, 0),
(1582, 5771, 0, '2021/04/estatutos-consumidor-140x140.jpg', 7947, 0, 0),
(1583, 5771, 0, '2021/04/estatutos-consumidor-1000x350.jpg', 66537, 0, 0),
(1584, 5771, 0, '2021/04/estatutos-consumidor-670x335.jpg', 44848, 0, 0),
(1585, 5771, 0, '2021/04/estatutos-consumidor-500x350.jpg', 38214, 0, 0),
(1586, 5771, 0, '2021/04/estatutos-consumidor-350x350.jpg', 28597, 0, 0),
(1587, 5771, 0, '2021/04/estatutos-consumidor-500x350.jpg', 38214, 0, 0),
(1588, 5771, 0, '2021/04/estatutos-consumidor-1000x350.jpg', 66537, 0, 0),
(1589, 5771, 0, '2021/04/estatutos-consumidor-900x350.jpg', 61897, 0, 0),
(1590, 5771, 0, '2021/04/estatutos-consumidor-800x350.jpg', 59932, 0, 0),
(1591, 5767, 0, '2021/04/deberes-y-derechos-como-consumidor.jpg', 84761, 0, 0),
(1592, 5767, 0, '2021/04/deberes-y-derechos-como-consumidor-300x88.jpg', 7221, 0, 0),
(1593, 5767, 0, '2021/04/deberes-y-derechos-como-consumidor-1024x299.jpg', 44256, 0, 0),
(1594, 5767, 0, '2021/04/deberes-y-derechos-como-consumidor-150x150.jpg', 7669, 0, 0),
(1595, 5767, 0, '2021/04/deberes-y-derechos-como-consumidor-768x224.jpg', 27417, 0, 0),
(1596, 5767, 0, '2021/04/deberes-y-derechos-como-consumidor-900x350.jpg', 48725, 0, 0),
(1597, 5767, 0, '2021/04/deberes-y-derechos-como-consumidor-600x350.jpg', 37109, 0, 0),
(1598, 5767, 0, '2021/04/deberes-y-derechos-como-consumidor-400x269.jpg', 22709, 0, 0),
(1599, 5767, 0, '2021/04/deberes-y-derechos-como-consumidor-100x100.jpg', 4342, 0, 0),
(1600, 5767, 0, '2021/04/deberes-y-derechos-como-consumidor-140x140.jpg', 6757, 0, 0),
(1601, 5767, 0, '2021/04/deberes-y-derechos-como-consumidor-1000x350.jpg', 51481, 0, 0),
(1602, 5767, 0, '2021/04/deberes-y-derechos-como-consumidor-670x335.jpg', 37119, 0, 0),
(1603, 5767, 0, '2021/04/deberes-y-derechos-como-consumidor-500x350.jpg', 34128, 0, 0),
(1604, 5767, 0, '2021/04/deberes-y-derechos-como-consumidor-350x350.jpg', 26867, 0, 0),
(1605, 5767, 0, '2021/04/deberes-y-derechos-como-consumidor-500x350.jpg', 34128, 0, 0),
(1606, 5767, 0, '2021/04/deberes-y-derechos-como-consumidor-1000x350.jpg', 51481, 0, 0),
(1607, 5767, 0, '2021/04/deberes-y-derechos-como-consumidor-900x350.jpg', 48725, 0, 0),
(1608, 5767, 0, '2021/04/deberes-y-derechos-como-consumidor-800x350.jpg', 46897, 0, 0),
(1609, 5739, 0, '2021/04/pngegg-43.png', 489946, 0, 0),
(1610, 5739, 0, '2021/04/pngegg-43-241x300.png', 49201, 0, 0),
(1611, 5739, 0, '2021/04/pngegg-43-150x150.png', 19233, 0, 0),
(1612, 5739, 0, '2021/04/pngegg-43-756x604.png', 290356, 0, 0),
(1613, 5739, 0, '2021/04/pngegg-43-600x403.png', 163256, 0, 0),
(1614, 5739, 0, '2021/04/pngegg-43-400x269.png', 80695, 0, 0),
(1615, 5739, 0, '2021/04/pngegg-43-100x100.png', 10002, 0, 0),
(1616, 5739, 0, '2021/04/pngegg-43-140x140.png', 17342, 0, 0),
(1617, 5739, 0, '2021/04/pngegg-43-756x500.png', 259488, 0, 0),
(1618, 5739, 0, '2021/04/pngegg-43-670x335.png', 160228, 0, 0),
(1619, 5739, 0, '2021/04/pngegg-43-500x500.png', 150550, 0, 0),
(1620, 5739, 0, '2021/04/pngegg-43-350x350.png', 81344, 0, 0),
(1621, 5739, 0, '2021/04/pngegg-43-500x942.png', 335265, 0, 0),
(1622, 5739, 0, '2021/04/pngegg-43-756x600.png', 289434, 0, 0),
(1623, 5739, 0, '2021/04/pngegg-43-756x770.png', 333876, 0, 0),
(1624, 5739, 0, '2021/04/pngegg-43-756x800.png', 343206, 0, 0),
(1625, 5712, 0, '2021/04/pngegg-2021-04-05T140356.350.png', 433222, 0, 0),
(1626, 5712, 0, '2021/04/pngegg-2021-04-05T140356.350-300x289.png', 99369, 0, 0),
(1627, 5712, 0, '2021/04/pngegg-2021-04-05T140356.350-150x150.png', 31099, 0, 0),
(1628, 5712, 0, '2021/04/pngegg-2021-04-05T140356.350-600x403.png', 328207, 0, 0),
(1629, 5712, 0, '2021/04/pngegg-2021-04-05T140356.350-400x269.png', 140490, 0, 0),
(1630, 5712, 0, '2021/04/pngegg-2021-04-05T140356.350-100x100.png', 15686, 0, 0),
(1631, 5712, 0, '2021/04/pngegg-2021-04-05T140356.350-140x140.png', 27696, 0, 0),
(1632, 5712, 0, '2021/04/pngegg-2021-04-05T140356.350-600x500.png', 380042, 0, 0),
(1633, 5712, 0, '2021/04/pngegg-2021-04-05T140356.350-600x335.png', 279324, 0, 0),
(1634, 5712, 0, '2021/04/pngegg-2021-04-05T140356.350-500x500.png', 277317, 0, 0),
(1635, 5712, 0, '2021/04/pngegg-2021-04-05T140356.350-350x350.png', 141974, 0, 0),
(1636, 5712, 0, '2021/04/pngegg-2021-04-05T140356.350-500x577.png', 376396, 0, 0),
(1637, 5698, 0, '2021/04/pngegg.png', 156028, 0, 0),
(1638, 5698, 0, '2021/04/pngegg-200x300.png', 50162, 0, 0),
(1639, 5698, 0, '2021/04/pngegg-150x150.png', 26799, 0, 0),
(1640, 5698, 0, '2021/04/pngegg-400x403.png', 136163, 0, 0),
(1641, 5698, 0, '2021/04/pngegg-400x269.png', 105933, 0, 0),
(1642, 5698, 0, '2021/04/pngegg-100x100.png', 13518, 0, 0),
(1643, 5698, 0, '2021/04/pngegg-140x140.png', 23633, 0, 0),
(1644, 5698, 0, '2021/04/pngegg-400x500.png', 149877, 0, 0),
(1645, 5698, 0, '2021/04/pngegg-400x335.png', 118480, 0, 0),
(1646, 5698, 0, '2021/04/pngegg-400x500.png', 149877, 0, 0),
(1647, 5698, 0, '2021/04/pngegg-350x350.png', 112789, 0, 0),
(1648, 5696, 0, '2021/04/NOSOTROS-1.jpg', 198053, 0, 0),
(1649, 5696, 0, '2021/04/NOSOTROS-1-300x153.jpg', 19294, 0, 0),
(1650, 5696, 0, '2021/04/NOSOTROS-1-1024x523.jpg', 86819, 0, 0),
(1651, 5696, 0, '2021/04/NOSOTROS-1-150x150.jpg', 15141, 0, 0),
(1652, 5696, 0, '2021/04/NOSOTROS-1-768x392.jpg', 57059, 0, 0),
(1653, 5696, 0, '2021/04/NOSOTROS-1-1536x784.jpg', 152104, 0, 0),
(1654, 5696, 0, '2021/04/NOSOTROS-1-900x604.jpg', 90652, 0, 0),
(1655, 5696, 0, '2021/04/NOSOTROS-1-600x403.jpg', 51390, 0, 0),
(1656, 5696, 0, '2021/04/NOSOTROS-1-400x269.jpg', 31220, 0, 0),
(1657, 5696, 0, '2021/04/NOSOTROS-1-100x100.jpg', 12555, 0, 0),
(1658, 5696, 0, '2021/04/NOSOTROS-1-140x140.jpg', 14784, 0, 0),
(1659, 5696, 0, '2021/04/NOSOTROS-1-1000x500.jpg', 82096, 0, 0),
(1660, 5696, 0, '2021/04/NOSOTROS-1-670x335.jpg', 46969, 0, 0),
(1661, 5696, 0, '2021/04/NOSOTROS-1-500x500.jpg', 51882, 0, 0),
(1662, 5696, 0, '2021/04/NOSOTROS-1-350x350.jpg', 32913, 0, 0),
(1663, 5696, 0, '2021/04/NOSOTROS-1-500x980.jpg', 77872, 0, 0),
(1664, 5696, 0, '2021/04/NOSOTROS-1-1000x980.jpg', 133547, 0, 0),
(1665, 5696, 0, '2021/04/NOSOTROS-1-900x600.jpg', 90275, 0, 0),
(1666, 5696, 0, '2021/04/NOSOTROS-1-1870x770.jpg', 178164, 0, 0),
(1667, 5696, 0, '2021/04/NOSOTROS-1-800x800.jpg', 95451, 0, 0),
(1668, 5661, 0, '2021/04/cooperativa-multiactiva.png', 202839, 0, 0),
(1669, 5661, 0, '2021/04/cooperativa-multiactiva-300x133.png', 47983, 0, 0),
(1670, 5661, 0, '2021/04/cooperativa-multiactiva-150x150.png', 38650, 0, 0),
(1671, 5661, 0, '2021/04/cooperativa-multiactiva-768x339.png', 199311, 0, 0),
(1672, 5661, 0, '2021/04/cooperativa-multiactiva-600x368.png', 182128, 0, 0),
(1673, 5661, 0, '2021/04/cooperativa-multiactiva-400x269.png', 122487, 0, 0),
(1674, 5661, 0, '2021/04/cooperativa-multiactiva-100x100.png', 19570, 0, 0),
(1675, 5661, 0, '2021/04/cooperativa-multiactiva-140x140.png', 34371, 0, 0),
(1676, 5661, 0, '2021/04/cooperativa-multiactiva-670x335.png', 188832, 0, 0),
(1677, 5661, 0, '2021/04/cooperativa-multiactiva-500x368.png', 171297, 0, 0),
(1678, 5661, 0, '2021/04/cooperativa-multiactiva-350x350.png', 144178, 0, 0),
(1679, 5661, 0, '2021/04/cooperativa-multiactiva-500x368.png', 171297, 0, 0),
(1680, 5661, 0, '2021/04/cooperativa-multiactiva-800x368.png', 195815, 0, 0),
(1681, 5645, 0, '2021/04/Que-son-las-cooperativas.png', 718990, 0, 0),
(1682, 5645, 0, '2021/04/Que-son-las-cooperativas-300x135.png', 58436, 0, 0),
(1683, 5645, 0, '2021/04/Que-son-las-cooperativas-1024x462.png', 411418, 0, 0),
(1684, 5645, 0, '2021/04/Que-son-las-cooperativas-150x150.png', 35927, 0, 0),
(1685, 5645, 0, '2021/04/Que-son-las-cooperativas-768x346.png', 263434, 0, 0),
(1686, 5645, 0, '2021/04/Que-son-las-cooperativas-1536x693.png', 758396, 0, 0),
(1687, 5645, 0, '2021/04/Que-son-las-cooperativas-900x604.png', 506909, 0, 0),
(1688, 5645, 0, '2021/04/Que-son-las-cooperativas-600x403.png', 271795, 0, 0),
(1689, 5645, 0, '2021/04/Que-son-las-cooperativas-400x269.png', 142848, 0, 0),
(1690, 5645, 0, '2021/04/Que-son-las-cooperativas-100x100.png', 18632, 0, 0),
(1691, 5645, 0, '2021/04/Que-son-las-cooperativas-140x140.png', 32170, 0, 0),
(1692, 5645, 0, '2021/04/Que-son-las-cooperativas-1000x500.png', 452900, 0, 0),
(1693, 5645, 0, '2021/04/Que-son-las-cooperativas-670x335.png', 244367, 0, 0),
(1694, 5645, 0, '2021/04/Que-son-las-cooperativas-500x500.png', 242751, 0, 0),
(1695, 5645, 0, '2021/04/Que-son-las-cooperativas-350x350.png', 139946, 0, 0),
(1696, 5645, 0, '2021/04/Que-son-las-cooperativas-500x707.png', 249640, 0, 0),
(1697, 5645, 0, '2021/04/Que-son-las-cooperativas-1000x707.png', 570480, 0, 0),
(1698, 5645, 0, '2021/04/Que-son-las-cooperativas-900x600.png', 507331, 0, 0),
(1699, 5645, 0, '2021/04/Que-son-las-cooperativas-800x707.png', 449185, 0, 0),
(1700, 5609, 0, '2021/04/que-significa-ser-socio.png', 103178, 0, 0),
(1701, 5609, 0, '2021/04/que-significa-ser-socio-300x135.png', 44540, 0, 0),
(1702, 5609, 0, '2021/04/que-significa-ser-socio-150x150.png', 27233, 0, 0),
(1703, 5609, 0, '2021/04/que-significa-ser-socio-400x262.png', 75652, 0, 0),
(1704, 5609, 0, '2021/04/que-significa-ser-socio-100x100.png', 14488, 0, 0),
(1705, 5609, 0, '2021/04/que-significa-ser-socio-140x140.png', 24430, 0, 0),
(1706, 5609, 0, '2021/04/que-significa-ser-socio-500x262.png', 92065, 0, 0),
(1707, 5609, 0, '2021/04/que-significa-ser-socio-350x262.png', 68046, 0, 0),
(1708, 5609, 0, '2021/04/que-significa-ser-socio-500x262.png', 92065, 0, 0),
(1709, 5602, 0, '2021/04/pngegg-2021-04-05T135910.593.png', 442326, 0, 0),
(1710, 5602, 0, '2021/04/pngegg-2021-04-05T135910.593-166x300.png', 40759, 0, 0),
(1711, 5602, 0, '2021/04/pngegg-2021-04-05T135910.593-565x1024.png', 357552, 0, 0),
(1712, 5602, 0, '2021/04/pngegg-2021-04-05T135910.593-150x150.png', 24261, 0, 0),
(1713, 5602, 0, '2021/04/pngegg-2021-04-05T135910.593-596x604.png', 307509, 0, 0),
(1714, 5602, 0, '2021/04/pngegg-2021-04-05T135910.593-596x403.png', 222814, 0, 0),
(1715, 5602, 0, '2021/04/pngegg-2021-04-05T135910.593-400x269.png', 96928, 0, 0),
(1716, 5602, 0, '2021/04/pngegg-2021-04-05T135910.593-100x100.png', 12370, 0, 0),
(1717, 5602, 0, '2021/04/pngegg-2021-04-05T135910.593-140x140.png', 21722, 0, 0),
(1718, 5602, 0, '2021/04/pngegg-2021-04-05T135910.593-596x500.png', 266973, 0, 0),
(1719, 5602, 0, '2021/04/pngegg-2021-04-05T135910.593-596x335.png', 189246, 0, 0),
(1720, 5602, 0, '2021/04/pngegg-2021-04-05T135910.593-500x500.png', 200822, 0, 0),
(1721, 5602, 0, '2021/04/pngegg-2021-04-05T135910.593-350x350.png', 105007, 0, 0),
(1722, 5602, 0, '2021/04/pngegg-2021-04-05T135910.593-500x1000.png', 334249, 0, 0),
(1723, 5602, 0, '2021/04/pngegg-2021-04-05T135910.593-596x1000.png', 422717, 0, 0),
(1724, 5602, 0, '2021/04/pngegg-2021-04-05T135910.593-596x600.png', 306080, 0, 0),
(1725, 5602, 0, '2021/04/pngegg-2021-04-05T135910.593-596x770.png', 366536, 0, 0),
(1726, 5602, 0, '2021/04/pngegg-2021-04-05T135910.593-596x800.png', 376399, 0, 0),
(1727, 5597, 0, '2021/04/NOSOTROS.jpg', 210833, 0, 0),
(1728, 5597, 0, '2021/04/NOSOTROS-300x153.jpg', 20210, 0, 0),
(1729, 5597, 0, '2021/04/NOSOTROS-1024x523.jpg', 92950, 0, 0),
(1730, 5597, 0, '2021/04/NOSOTROS-150x150.jpg', 16153, 0, 0),
(1731, 5597, 0, '2021/04/NOSOTROS-768x392.jpg', 61072, 0, 0),
(1732, 5597, 0, '2021/04/NOSOTROS-1536x784.jpg', 162735, 0, 0),
(1733, 5597, 0, '2021/04/NOSOTROS-900x604.jpg', 98825, 0, 0),
(1734, 5597, 0, '2021/04/NOSOTROS-600x403.jpg', 56336, 0, 0),
(1735, 5597, 0, '2021/04/NOSOTROS-400x269.jpg', 34019, 0, 0),
(1736, 5597, 0, '2021/04/NOSOTROS-100x100.jpg', 13220, 0, 0),
(1737, 5597, 0, '2021/04/NOSOTROS-140x140.jpg', 15604, 0, 0),
(1738, 5597, 0, '2021/04/NOSOTROS-1000x500.jpg', 87761, 0, 0),
(1739, 5597, 0, '2021/04/NOSOTROS-670x335.jpg', 50232, 0, 0),
(1740, 5597, 0, '2021/04/NOSOTROS-500x500.jpg', 55462, 0, 0),
(1741, 5597, 0, '2021/04/NOSOTROS-350x350.jpg', 35447, 0, 0),
(1742, 5597, 0, '2021/04/NOSOTROS-500x980.jpg', 75889, 0, 0),
(1743, 5597, 0, '2021/04/NOSOTROS-1000x980.jpg', 142928, 0, 0),
(1744, 5597, 0, '2021/04/NOSOTROS-900x600.jpg', 98346, 0, 0),
(1745, 5597, 0, '2021/04/NOSOTROS-1870x770.jpg', 192342, 0, 0),
(1746, 5597, 0, '2021/04/NOSOTROS-800x800.jpg', 101783, 0, 0),
(1747, 5532, 0, '2021/04/Dian.jpg', 28275, 0, 0),
(1748, 5532, 0, '2021/04/Dian-300x196.jpg', 13719, 0, 0),
(1749, 5532, 0, '2021/04/Dian-150x150.jpg', 10654, 0, 0),
(1750, 5532, 0, '2021/04/Dian-400x269.jpg', 16718, 0, 0),
(1751, 5532, 0, '2021/04/Dian-100x100.jpg', 9316, 0, 0),
(1752, 5532, 0, '2021/04/Dian-140x140.jpg', 10416, 0, 0),
(1753, 5532, 0, '2021/04/Dian-350x310.jpg', 17960, 0, 0),
(1754, 5519, 0, '2021/04/formatos-pdf.png', 284707, 0, 0),
(1755, 5519, 0, '2021/04/formatos-pdf-300x300.png', 40870, 0, 0),
(1756, 5519, 0, '2021/04/formatos-pdf-1024x1024.png', 173370, 0, 0),
(1757, 5519, 0, '2021/04/formatos-pdf-150x150.png', 17396, 0, 0),
(1758, 5519, 0, '2021/04/formatos-pdf-768x768.png', 135213, 0, 0),
(1759, 5519, 0, '2021/04/formatos-pdf-900x604.png', 124202, 0, 0),
(1760, 5519, 0, '2021/04/formatos-pdf-600x403.png', 74064, 0, 0),
(1761, 5519, 0, '2021/04/formatos-pdf-400x269.png', 44557, 0, 0),
(1762, 5519, 0, '2021/04/formatos-pdf-100x100.png', 10602, 0, 0),
(1763, 5519, 0, '2021/04/formatos-pdf-140x140.png', 16042, 0, 0),
(1764, 5519, 0, '2021/04/formatos-pdf-1000x500.png', 109052, 0, 0),
(1765, 5519, 0, '2021/04/formatos-pdf-670x335.png', 67056, 0, 0),
(1766, 5519, 0, '2021/04/formatos-pdf-500x500.png', 76018, 0, 0),
(1767, 5519, 0, '2021/04/formatos-pdf-350x350.png', 49060, 0, 0),
(1768, 5519, 0, '2021/04/formatos-pdf-500x1000.png', 94753, 0, 0),
(1769, 5519, 0, '2021/04/formatos-pdf-1000x1000.png', 183669, 0, 0),
(1770, 5519, 0, '2021/04/formatos-pdf-900x600.png', 124135, 0, 0),
(1771, 5519, 0, '2021/04/formatos-pdf-1024x770.png', 133364, 0, 0),
(1772, 5519, 0, '2021/04/formatos-pdf-800x800.png', 144434, 0, 0),
(1773, 5517, 0, '2021/04/simulador.png', 156611, 0, 0),
(1774, 5517, 0, '2021/04/simulador-300x300.png', 54149, 0, 0),
(1775, 5517, 0, '2021/04/simulador-150x150.png', 20466, 0, 0),
(1776, 5517, 0, '2021/04/simulador-768x768.png', 182684, 0, 0),
(1777, 5517, 0, '2021/04/simulador-800x604.png', 123004, 0, 0),
(1778, 5517, 0, '2021/04/simulador-600x403.png', 92136, 0, 0),
(1779, 5517, 0, '2021/04/simulador-400x269.png', 54518, 0, 0),
(1780, 5517, 0, '2021/04/simulador-100x100.png', 11697, 0, 0),
(1781, 5517, 0, '2021/04/simulador-140x140.png', 18629, 0, 0),
(1782, 5517, 0, '2021/04/simulador-800x500.png', 100060, 0, 0),
(1783, 5517, 0, '2021/04/simulador-670x335.png', 70704, 0, 0),
(1784, 5517, 0, '2021/04/simulador-500x500.png', 106486, 0, 0),
(1785, 5517, 0, '2021/04/simulador-350x350.png', 66824, 0, 0),
(1786, 5517, 0, '2021/04/simulador-500x800.png', 88034, 0, 0),
(1787, 5517, 0, '2021/04/simulador-800x600.png', 122249, 0, 0),
(1788, 5517, 0, '2021/04/simulador-800x770.png', 157187, 0, 0),
(1789, 5517, 0, '2021/04/simulador-800x800.png', 156814, 0, 0),
(1790, 5514, 0, '2021/04/pngegg-64.png', 232803, 0, 0),
(1791, 5514, 0, '2021/04/pngegg-64-300x247.png', 54070, 0, 0),
(1792, 5514, 0, '2021/04/pngegg-64-150x150.png', 22245, 0, 0),
(1793, 5514, 0, '2021/04/pngegg-64-600x403.png', 147075, 0, 0),
(1794, 5514, 0, '2021/04/pngegg-64-400x269.png', 76699, 0, 0),
(1795, 5514, 0, '2021/04/pngegg-64-100x100.png', 11726, 0, 0),
(1796, 5514, 0, '2021/04/pngegg-64-140x140.png', 19760, 0, 0),
(1797, 5514, 0, '2021/04/pngegg-64-730x500.png', 202749, 0, 0),
(1798, 5514, 0, '2021/04/pngegg-64-670x335.png', 134549, 0, 0),
(1799, 5514, 0, '2021/04/pngegg-64-500x500.png', 152768, 0, 0),
(1800, 5514, 0, '2021/04/pngegg-64-350x350.png', 86664, 0, 0),
(1801, 5514, 0, '2021/04/pngegg-64-500x600.png', 172904, 0, 0),
(1802, 5491, 0, '2021/04/LOGO_400.300.jpg', 43033, 0, 0),
(1803, 5491, 0, '2021/04/LOGO_400.300-300x143.jpg', 24451, 0, 0),
(1804, 5491, 0, '2021/04/LOGO_400.300-150x150.jpg', 17728, 0, 0),
(1805, 5491, 0, '2021/04/LOGO_400.300-100x100.jpg', 14540, 0, 0),
(1806, 5491, 0, '2021/04/LOGO_400.300-140x140.jpg', 17095, 0, 0),
(1807, 5491, 0, '2021/04/LOGO_400.300-350x190.jpg', 31756, 0, 0),
(1808, 5454, 0, '2021/04/busscar.png', 63977, 0, 0),
(1809, 5454, 0, '2021/04/busscar-300x172.png', 34289, 0, 0),
(1810, 5454, 0, '2021/04/busscar-150x150.png', 22321, 0, 0),
(1811, 5454, 0, '2021/04/busscar-100x100.png', 12147, 0, 0),
(1812, 5454, 0, '2021/04/busscar-140x140.png', 19716, 0, 0),
(1813, 5454, 0, '2021/04/busscar-350x229.png', 50217, 0, 0),
(1814, 5453, 0, '2021/04/LOGO_cooperativa.png', 84441, 0, 0),
(1815, 5453, 0, '2021/04/LOGO_cooperativa-300x143.png', 57626, 0, 0),
(1816, 5453, 0, '2021/04/LOGO_cooperativa-150x150.png', 29955, 0, 0),
(1817, 5453, 0, '2021/04/LOGO_cooperativa-100x100.png', 15791, 0, 0),
(1818, 5453, 0, '2021/04/LOGO_cooperativa-140x140.png', 26922, 0, 0),
(1819, 5453, 0, '2021/04/LOGO_cooperativa-350x190.png', 80042, 0, 0),
(1820, 5452, 0, '2021/04/logo-supersolidaria.png', 45502, 0, 0),
(1821, 5452, 0, '2021/04/logo-supersolidaria-300x90.png', 41645, 0, 0),
(1822, 5452, 0, '2021/04/logo-supersolidaria-150x100.png', 23371, 0, 0),
(1823, 5452, 0, '2021/04/logo-supersolidaria-100x100.png', 15908, 0, 0),
(1824, 5452, 0, '2021/04/logo-supersolidaria-140x100.png', 21951, 0, 0),
(1825, 5451, 0, '2021/04/0or6ioq5okylgt1y848s.png', 15626, 0, 0),
(1826, 5451, 0, '2021/04/0or6ioq5okylgt1y848s-150x113.png', 7990, 0, 0),
(1827, 5451, 0, '2021/04/0or6ioq5okylgt1y848s-100x100.png', 6676, 0, 0),
(1828, 5451, 0, '2021/04/0or6ioq5okylgt1y848s-140x113.png', 7519, 0, 0),
(1829, 5209, 0, '2021/04/REQUISITOS_4.png', 10820, 0, 0),
(1830, 5209, 0, '2021/04/REQUISITOS_4-132x300.png', 1471, 0, 0),
(1831, 5209, 0, '2021/04/REQUISITOS_4-450x1024.png', 6060, 0, 0),
(1832, 5209, 0, '2021/04/REQUISITOS_4-150x150.png', 253, 0, 0),
(1833, 5209, 0, '2021/04/REQUISITOS_4-495x604.png', 2454, 0, 0),
(1834, 5209, 0, '2021/04/REQUISITOS_4-495x403.png', 466, 0, 0),
(1835, 5209, 0, '2021/04/REQUISITOS_4-400x269.png', 289, 0, 0),
(1836, 5209, 0, '2021/04/REQUISITOS_4-100x100.png', 175, 0, 0),
(1837, 5209, 0, '2021/04/REQUISITOS_4-140x140.png', 233, 0, 0),
(1838, 5209, 0, '2021/04/REQUISITOS_4-495x500.png', 1336, 0, 0),
(1839, 5209, 0, '2021/04/REQUISITOS_4-495x335.png', 401, 0, 0),
(1840, 5209, 0, '2021/04/REQUISITOS_4-495x500.png', 1336, 0, 0),
(1841, 5209, 0, '2021/04/REQUISITOS_4-350x350.png', 768, 0, 0),
(1842, 5209, 0, '2021/04/REQUISITOS_4-495x1000.png', 5910, 0, 0),
(1843, 5209, 0, '2021/04/REQUISITOS_4-495x1000.png', 5910, 0, 0),
(1844, 5209, 0, '2021/04/REQUISITOS_4-495x600.png', 2421, 0, 0),
(1845, 5209, 0, '2021/04/REQUISITOS_4-495x770.png', 5111, 0, 0),
(1846, 5209, 0, '2021/04/REQUISITOS_4-495x800.png', 5471, 0, 0),
(1847, 5208, 0, '2021/04/REQUISITOS_3.png', 10823, 0, 0),
(1848, 5208, 0, '2021/04/REQUISITOS_3-132x300.png', 1435, 0, 0),
(1849, 5208, 0, '2021/04/REQUISITOS_3-450x1024.png', 6038, 0, 0),
(1850, 5208, 0, '2021/04/REQUISITOS_3-150x150.png', 1465, 0, 0),
(1851, 5208, 0, '2021/04/REQUISITOS_3-495x604.png', 5149, 0, 0),
(1852, 5208, 0, '2021/04/REQUISITOS_3-495x403.png', 4764, 0, 0),
(1853, 5208, 0, '2021/04/REQUISITOS_3-400x269.png', 3927, 0, 0),
(1854, 5208, 0, '2021/04/REQUISITOS_3-100x100.png', 1001, 0, 0),
(1855, 5208, 0, '2021/04/REQUISITOS_3-140x140.png', 1362, 0, 0),
(1856, 5208, 0, '2021/04/REQUISITOS_3-495x500.png', 4950, 0, 0),
(1857, 5208, 0, '2021/04/REQUISITOS_3-495x335.png', 4437, 0, 0),
(1858, 5208, 0, '2021/04/REQUISITOS_3-495x500.png', 4950, 0, 0),
(1859, 5208, 0, '2021/04/REQUISITOS_3-350x350.png', 3689, 0, 0),
(1860, 5208, 0, '2021/04/REQUISITOS_3-495x1000.png', 5909, 0, 0),
(1861, 5208, 0, '2021/04/REQUISITOS_3-495x1000.png', 5909, 0, 0),
(1862, 5208, 0, '2021/04/REQUISITOS_3-495x600.png', 5142, 0, 0),
(1863, 5208, 0, '2021/04/REQUISITOS_3-495x770.png', 5467, 0, 0),
(1864, 5208, 0, '2021/04/REQUISITOS_3-495x800.png', 5526, 0, 0),
(1865, 5207, 0, '2021/04/REQUISITOS_2.png', 10821, 0, 0),
(1866, 5207, 0, '2021/04/REQUISITOS_2-132x300.png', 1421, 0, 0),
(1867, 5207, 0, '2021/04/REQUISITOS_2-450x1024.png', 6049, 0, 0),
(1868, 5207, 0, '2021/04/REQUISITOS_2-150x150.png', 1468, 0, 0),
(1869, 5207, 0, '2021/04/REQUISITOS_2-495x604.png', 5150, 0, 0),
(1870, 5207, 0, '2021/04/REQUISITOS_2-495x403.png', 4440, 0, 0),
(1871, 5207, 0, '2021/04/REQUISITOS_2-400x269.png', 3330, 0, 0),
(1872, 5207, 0, '2021/04/REQUISITOS_2-100x100.png', 990, 0, 0),
(1873, 5207, 0, '2021/04/REQUISITOS_2-140x140.png', 1382, 0, 0),
(1874, 5207, 0, '2021/04/REQUISITOS_2-495x500.png', 4950, 0, 0),
(1875, 5207, 0, '2021/04/REQUISITOS_2-495x335.png', 3705, 0, 0),
(1876, 5207, 0, '2021/04/REQUISITOS_2-495x500.png', 4950, 0, 0),
(1877, 5207, 0, '2021/04/REQUISITOS_2-350x350.png', 3696, 0, 0),
(1878, 5207, 0, '2021/04/REQUISITOS_2-495x1000.png', 5910, 0, 0),
(1879, 5207, 0, '2021/04/REQUISITOS_2-495x1000.png', 5910, 0, 0),
(1880, 5207, 0, '2021/04/REQUISITOS_2-495x600.png', 5141, 0, 0),
(1881, 5207, 0, '2021/04/REQUISITOS_2-495x770.png', 5469, 0, 0),
(1882, 5207, 0, '2021/04/REQUISITOS_2-495x800.png', 5526, 0, 0),
(1883, 5206, 0, '2021/04/REQUISITOS_1.png', 318081, 0, 0),
(1884, 5206, 0, '2021/04/REQUISITOS_1-132x300.png', 33558, 0, 0),
(1885, 5206, 0, '2021/04/REQUISITOS_1-450x1024.png', 251446, 0, 0),
(1886, 5206, 0, '2021/04/REQUISITOS_1-150x150.png', 19423, 0, 0),
(1887, 5206, 0, '2021/04/REQUISITOS_1-495x604.png', 200592, 0, 0),
(1888, 5206, 0, '2021/04/REQUISITOS_1-495x403.png', 141261, 0, 0),
(1889, 5206, 0, '2021/04/REQUISITOS_1-400x269.png', 71478, 0, 0),
(1890, 5206, 0, '2021/04/REQUISITOS_1-100x100.png', 9854, 0, 0),
(1891, 5206, 0, '2021/04/REQUISITOS_1-140x140.png', 17385, 0, 0),
(1892, 5206, 0, '2021/04/REQUISITOS_1-495x500.png', 171041, 0, 0),
(1893, 5206, 0, '2021/04/REQUISITOS_1-495x335.png', 114038, 0, 0),
(1894, 5206, 0, '2021/04/REQUISITOS_1-495x500.png', 171041, 0, 0),
(1895, 5206, 0, '2021/04/REQUISITOS_1-350x350.png', 85455, 0, 0),
(1896, 5206, 0, '2021/04/REQUISITOS_1-495x1000.png', 276005, 0, 0),
(1897, 5206, 0, '2021/04/REQUISITOS_1-495x1000.png', 276005, 0, 0),
(1898, 5206, 0, '2021/04/REQUISITOS_1-495x600.png', 199435, 0, 0),
(1899, 5206, 0, '2021/04/REQUISITOS_1-495x770.png', 236248, 0, 0),
(1900, 5206, 0, '2021/04/REQUISITOS_1-495x800.png', 240157, 0, 0),
(1901, 5150, 0, '2021/04/logo_quienes_somos.png', 24338, 0, 0),
(1902, 5150, 0, '2021/04/logo_quienes_somos-300x287.png', 6274, 0, 0),
(1903, 5150, 0, '2021/04/logo_quienes_somos-150x150.png', 2252, 0, 0),
(1904, 5150, 0, '2021/04/logo_quienes_somos-665x604.png', 21269, 0, 0),
(1905, 5150, 0, '2021/04/logo_quienes_somos-600x403.png', 18748, 0, 0),
(1906, 5150, 0, '2021/04/logo_quienes_somos-400x269.png', 9728, 0, 0),
(1907, 5150, 0, '2021/04/logo_quienes_somos-100x100.png', 1211, 0, 0),
(1908, 5150, 0, '2021/04/logo_quienes_somos-140x140.png', 2027, 0, 0),
(1909, 5150, 0, '2021/04/logo_quienes_somos-665x500.png', 20867, 0, 0),
(1910, 5150, 0, '2021/04/logo_quienes_somos-665x335.png', 18123, 0, 0),
(1911, 5150, 0, '2021/04/logo_quienes_somos-500x500.png', 15375, 0, 0),
(1912, 5150, 0, '2021/04/logo_quienes_somos-350x350.png', 8647, 0, 0),
(1913, 5150, 0, '2021/04/logo_quienes_somos-500x636.png', 20718, 0, 0),
(1914, 5150, 0, '2021/04/logo_quienes_somos-665x600.png', 21253, 0, 0),
(1915, 5134, 0, '2021/04/title-somos.png', 8472, 0, 0),
(1916, 5134, 0, '2021/04/title-somos-300x107.png', 9779, 0, 0),
(1917, 5134, 0, '2021/04/title-somos-150x150.png', 3370, 0, 0),
(1918, 5134, 0, '2021/04/title-somos-400x185.png', 7312, 0, 0),
(1919, 5134, 0, '2021/04/title-somos-100x100.png', 2447, 0, 0),
(1920, 5134, 0, '2021/04/title-somos-140x140.png', 3133, 0, 0),
(1921, 5134, 0, '2021/04/title-somos-500x185.png', 9268, 0, 0),
(1922, 5134, 0, '2021/04/title-somos-350x185.png', 6063, 0, 0),
(1923, 5134, 0, '2021/04/title-somos-500x185.png', 9268, 0, 0),
(1924, 5133, 0, '2021/04/silueta-persona.png', 8106, 0, 0),
(1925, 5133, 0, '2021/04/silueta-persona-300x287.png', 2262, 0, 0),
(1926, 5133, 0, '2021/04/silueta-persona-150x150.png', 1024, 0, 0),
(1927, 5133, 0, '2021/04/silueta-persona-665x604.png', 4999, 0, 0),
(1928, 5133, 0, '2021/04/silueta-persona-600x403.png', 4721, 0, 0),
(1929, 5133, 0, '2021/04/silueta-persona-400x269.png', 2955, 0, 0),
(1930, 5133, 0, '2021/04/silueta-persona-100x100.png', 659, 0, 0),
(1931, 5133, 0, '2021/04/silueta-persona-140x140.png', 981, 0, 0),
(1932, 5133, 0, '2021/04/silueta-persona-665x500.png', 4731, 0, 0),
(1933, 5133, 0, '2021/04/silueta-persona-665x335.png', 4305, 0, 0),
(1934, 5133, 0, '2021/04/silueta-persona-500x500.png', 4258, 0, 0),
(1935, 5133, 0, '2021/04/silueta-persona-350x350.png', 2773, 0, 0),
(1936, 5133, 0, '2021/04/silueta-persona-500x636.png', 4641, 0, 0),
(1937, 5133, 0, '2021/04/silueta-persona-665x600.png', 4989, 0, 0),
(1938, 5132, 0, '2021/04/siluetas-personas.png', 69228, 0, 0),
(1939, 5132, 0, '2021/04/siluetas-personas-300x287.png', 40657, 0, 0),
(1940, 5132, 0, '2021/04/siluetas-personas-150x150.png', 18206, 0, 0),
(1941, 5132, 0, '2021/04/siluetas-personas-665x604.png', 103499, 0, 0),
(1942, 5132, 0, '2021/04/siluetas-personas-600x403.png', 78492, 0, 0),
(1943, 5132, 0, '2021/04/siluetas-personas-400x269.png', 47333, 0, 0),
(1944, 5132, 0, '2021/04/siluetas-personas-100x100.png', 11112, 0, 0),
(1945, 5132, 0, '2021/04/siluetas-personas-140x140.png', 16757, 0, 0),
(1946, 5132, 0, '2021/04/siluetas-personas-665x500.png', 94438, 0, 0),
(1947, 5132, 0, '2021/04/siluetas-personas-665x335.png', 68341, 0, 0),
(1948, 5132, 0, '2021/04/siluetas-personas-500x500.png', 80901, 0, 0),
(1949, 5132, 0, '2021/04/siluetas-personas-350x350.png', 51928, 0, 0),
(1950, 5132, 0, '2021/04/siluetas-personas-500x636.png', 90228, 0, 0),
(1951, 5132, 0, '2021/04/siluetas-personas-665x600.png', 103094, 0, 0),
(1952, 5131, 0, '2021/04/LOGO_menu_inicio_doble.png', 68948, 0, 0),
(1953, 5131, 0, '2021/04/LOGO_menu_inicio_doble-300x107.png', 25733, 0, 0),
(1954, 5131, 0, '2021/04/LOGO_menu_inicio_doble-150x150.png', 4399, 0, 0),
(1955, 5131, 0, '2021/04/LOGO_menu_inicio_doble-400x214.png', 39082, 0, 0),
(1956, 5131, 0, '2021/04/LOGO_menu_inicio_doble-100x100.png', 2844, 0, 0),
(1957, 5131, 0, '2021/04/LOGO_menu_inicio_doble-140x140.png', 4167, 0, 0),
(1958, 5131, 0, '2021/04/LOGO_menu_inicio_doble-500x214.png', 57484, 0, 0),
(1959, 5131, 0, '2021/04/LOGO_menu_inicio_doble-350x214.png', 28280, 0, 0),
(1960, 5131, 0, '2021/04/LOGO_menu_inicio_doble-500x214.png', 57484, 0, 0),
(1961, 5130, 0, '2021/04/LOGO_menu_inicio.png', 25241, 0, 0),
(1962, 5130, 0, '2021/04/LOGO_menu_inicio-150x107.png', 6840, 0, 0),
(1963, 5130, 0, '2021/04/LOGO_menu_inicio-100x100.png', 3086, 0, 0),
(1964, 5130, 0, '2021/04/LOGO_menu_inicio-140x107.png', 5495, 0, 0),
(1965, 5113, 0, '2021/04/PLANTILLA-MOVILE_400X800-SLIDERS.jpg', 131052, 0, 0),
(1966, 5113, 0, '2021/04/PLANTILLA-MOVILE_400X800-SLIDERS-150x300.jpg', 22835, 0, 0),
(1967, 5113, 0, '2021/04/PLANTILLA-MOVILE_400X800-SLIDERS-150x150.jpg', 18519, 0, 0),
(1968, 5113, 0, '2021/04/PLANTILLA-MOVILE_400X800-SLIDERS-400x604.jpg', 69535, 0, 0),
(1969, 5113, 0, '2021/04/PLANTILLA-MOVILE_400X800-SLIDERS-400x403.jpg', 52847, 0, 0),
(1970, 5113, 0, '2021/04/PLANTILLA-MOVILE_400X800-SLIDERS-400x269.jpg', 40522, 0, 0),
(1971, 5113, 0, '2021/04/PLANTILLA-MOVILE_400X800-SLIDERS-100x100.jpg', 14889, 0, 0),
(1972, 5113, 0, '2021/04/PLANTILLA-MOVILE_400X800-SLIDERS-140x140.jpg', 17874, 0, 0),
(1973, 5113, 0, '2021/04/PLANTILLA-MOVILE_400X800-SLIDERS-400x500.jpg', 61064, 0, 0),
(1974, 5113, 0, '2021/04/PLANTILLA-MOVILE_400X800-SLIDERS-400x335.jpg', 47897, 0, 0),
(1975, 5113, 0, '2021/04/PLANTILLA-MOVILE_400X800-SLIDERS-400x500.jpg', 61064, 0, 0),
(1976, 5113, 0, '2021/04/PLANTILLA-MOVILE_400X800-SLIDERS-350x350.jpg', 42032, 0, 0),
(1977, 5113, 0, '2021/04/PLANTILLA-MOVILE_400X800-SLIDERS-400x600.jpg', 69347, 0, 0),
(1978, 5113, 0, '2021/04/PLANTILLA-MOVILE_400X800-SLIDERS-400x770.jpg', 77756, 0, 0),
(1979, 5085, 0, '2021/04/PLANTILLA-1920x980-SLIDERS.jpg', 384000, 0, 0),
(1980, 5085, 0, '2021/04/PLANTILLA-1920x980-SLIDERS-300x153.jpg', 21617, 0, 0),
(1981, 5085, 0, '2021/04/PLANTILLA-1920x980-SLIDERS-1024x523.jpg', 101031, 0, 0),
(1982, 5085, 0, '2021/04/PLANTILLA-1920x980-SLIDERS-150x150.jpg', 17079, 0, 0),
(1983, 5085, 0, '2021/04/PLANTILLA-1920x980-SLIDERS-768x392.jpg', 66621, 0, 0),
(1984, 5085, 0, '2021/04/PLANTILLA-1920x980-SLIDERS-1536x784.jpg', 179011, 0, 0),
(1985, 5085, 0, '2021/04/PLANTILLA-1920x980-SLIDERS-900x604.jpg', 109865, 0, 0),
(1986, 5085, 0, '2021/04/PLANTILLA-1920x980-SLIDERS-600x403.jpg', 62130, 0, 0),
(1987, 5085, 0, '2021/04/PLANTILLA-1920x980-SLIDERS-400x269.jpg', 37150, 0, 0),
(1988, 5085, 0, '2021/04/PLANTILLA-1920x980-SLIDERS-100x100.jpg', 13878, 0, 0),
(1989, 5085, 0, '2021/04/PLANTILLA-1920x980-SLIDERS-140x140.jpg', 16583, 0, 0),
(1990, 5085, 0, '2021/04/PLANTILLA-1920x980-SLIDERS-1000x500.jpg', 97354, 0, 0),
(1991, 5085, 0, '2021/04/PLANTILLA-1920x980-SLIDERS-670x335.jpg', 55284, 0, 0),
(1992, 5085, 0, '2021/04/PLANTILLA-1920x980-SLIDERS-500x500.jpg', 59702, 0, 0),
(1993, 5085, 0, '2021/04/PLANTILLA-1920x980-SLIDERS-350x350.jpg', 38144, 0, 0),
(1994, 5085, 0, '2021/04/PLANTILLA-1920x980-SLIDERS-500x980.jpg', 88045, 0, 0),
(1995, 5085, 0, '2021/04/PLANTILLA-1920x980-SLIDERS-1000x980.jpg', 153281, 0, 0),
(1996, 5085, 0, '2021/04/PLANTILLA-1920x980-SLIDERS-900x600.jpg', 109092, 0, 0),
(1997, 5085, 0, '2021/04/PLANTILLA-1920x980-SLIDERS-1870x770.jpg', 215676, 0, 0),
(1998, 5085, 0, '2021/04/PLANTILLA-1920x980-SLIDERS-800x800.jpg', 109019, 0, 0),
(1999, 4867, 0, '2021/03/Emblema-Coop-300x300-2.png', 100095, 0, 0),
(2000, 4867, 0, '2021/03/Emblema-Coop-300x300-2-300x300.png', 100526, 0, 0),
(2001, 4867, 0, '2021/03/Emblema-Coop-300x300-2-150x150.png', 28871, 0, 0),
(2002, 4867, 0, '2021/03/Emblema-Coop-300x300-2-318x269.png', 92413, 0, 0),
(2003, 4867, 0, '2021/03/Emblema-Coop-300x300-2-100x100.png', 14370, 0, 0),
(2004, 4867, 0, '2021/03/Emblema-Coop-300x300-2-140x140.png', 25417, 0, 0),
(2005, 4862, 0, '2021/03/mesa.jpg', 117235, 0, 0),
(2006, 4862, 0, '2021/03/mesa-300x173.jpg', 22014, 0, 0),
(2007, 4862, 0, '2021/03/mesa-1024x591.jpg', 62720, 0, 0),
(2008, 4862, 0, '2021/03/mesa-150x150.jpg', 18580, 0, 0),
(2009, 4862, 0, '2021/03/mesa-768x443.jpg', 44357, 0, 0),
(2010, 4862, 0, '2021/03/mesa-900x604.jpg', 57021, 0, 0),
(2011, 4862, 0, '2021/03/mesa-600x403.jpg', 36276, 0, 0),
(2012, 4862, 0, '2021/03/mesa-400x269.jpg', 26059, 0, 0),
(2013, 4862, 0, '2021/03/mesa-100x100.jpg', 17580, 0, 0),
(2014, 4862, 0, '2021/03/mesa-140x140.jpg', 18417, 0, 0),
(2015, 4862, 0, '2021/03/mesa-1000x500.jpg', 54347, 0, 0),
(2016, 4862, 0, '2021/03/mesa-670x335.jpg', 35303, 0, 0),
(2017, 4862, 0, '2021/03/mesa-500x500.jpg', 32396, 0, 0),
(2018, 4862, 0, '2021/03/mesa-350x350.jpg', 25149, 0, 0),
(2019, 4862, 0, '2021/03/mesa-500x831.jpg', 31287, 0, 0),
(2020, 4862, 0, '2021/03/mesa-1000x831.jpg', 71435, 0, 0),
(2021, 4862, 0, '2021/03/mesa-900x600.jpg', 56916, 0, 0),
(2022, 4862, 0, '2021/03/mesa-1440x770.jpg', 98849, 0, 0),
(2023, 4862, 0, '2021/03/mesa-800x800.jpg', 51855, 0, 0),
(2024, 4861, 0, '2021/03/home-150.png', 11278, 0, 0),
(2025, 4861, 0, '2021/03/home-150-100x100.png', 7324, 0, 0),
(2026, 4861, 0, '2021/03/home-150-140x140.png', 10965, 0, 0),
(2027, 4849, 0, '2021/03/FONDOCOOPERATIVA-scaled.jpg', 162460, 0, 0),
(2028, 4849, 0, '2021/03/FONDOCOOPERATIVA-300x200.jpg', 29987, 0, 0),
(2029, 4849, 0, '2021/03/FONDOCOOPERATIVA-1024x683.jpg', 56296, 0, 0),
(2030, 4849, 0, '2021/03/FONDOCOOPERATIVA-150x150.jpg', 27329, 0, 0),
(2031, 4849, 0, '2021/03/FONDOCOOPERATIVA-768x512.jpg', 45039, 0, 0),
(2032, 4849, 0, '2021/03/FONDOCOOPERATIVA-1536x1024.jpg', 83985, 0, 0),
(2033, 4826, 0, '2021/03/REQUISITOS.png', 281866, 0, 0),
(2034, 4826, 0, '2021/03/REQUISITOS-132x300.png', 31276, 0, 0),
(2035, 4826, 0, '2021/03/REQUISITOS-450x1024.png', 223604, 0, 0),
(2036, 4826, 0, '2021/03/REQUISITOS-150x150.png', 20227, 0, 0),
(2037, 4826, 0, '2021/03/REQUISITOS-495x604.png', 192035, 0, 0),
(2038, 4826, 0, '2021/03/REQUISITOS-495x403.png', 137652, 0, 0),
(2039, 4826, 0, '2021/03/REQUISITOS-400x269.png', 75014, 0, 0),
(2040, 4826, 0, '2021/03/REQUISITOS-100x100.png', 10465, 0, 0),
(2041, 4826, 0, '2021/03/REQUISITOS-140x140.png', 18133, 0, 0),
(2042, 4826, 0, '2021/03/REQUISITOS-495x500.png', 164700, 0, 0),
(2043, 4826, 0, '2021/03/REQUISITOS-495x335.png', 117497, 0, 0),
(2044, 4826, 0, '2021/03/REQUISITOS-495x500.png', 164700, 0, 0),
(2045, 4826, 0, '2021/03/REQUISITOS-350x350.png', 82625, 0, 0),
(2046, 4826, 0, '2021/03/REQUISITOS-495x1000.png', 257077, 0, 0),
(2047, 4826, 0, '2021/03/REQUISITOS-495x1000.png', 257077, 0, 0),
(2048, 4826, 0, '2021/03/REQUISITOS-495x600.png', 191270, 0, 0),
(2049, 4826, 0, '2021/03/REQUISITOS-495x770.png', 218669, 0, 0),
(2050, 4826, 0, '2021/03/REQUISITOS-495x800.png', 222635, 0, 0),
(2051, 4806, 0, '2021/03/TU-COOPERATIVA_N.png', 3965, 0, 0),
(2052, 4806, 0, '2021/03/TU-COOPERATIVA_N-150x80.png', 1417, 0, 0),
(2053, 4806, 0, '2021/03/TU-COOPERATIVA_N-100x80.png', 1095, 0, 0),
(2054, 4806, 0, '2021/03/TU-COOPERATIVA_N-140x80.png', 1284, 0, 0),
(2055, 4805, 0, '2021/03/TU-COOPERATIVA.png', 4004, 0, 0),
(2056, 4805, 0, '2021/03/TU-COOPERATIVA-150x80.png', 1504, 0, 0),
(2057, 4805, 0, '2021/03/TU-COOPERATIVA-100x80.png', 1175, 0, 0),
(2058, 4805, 0, '2021/03/TU-COOPERATIVA-140x80.png', 1451, 0, 0),
(2059, 4804, 0, '2021/03/INICIO_N.png', 3495, 0, 0),
(2060, 4804, 0, '2021/03/INICIO_N-100x40.png', 710, 0, 0),
(2061, 4783, 0, '2021/03/coperativa-animada.jpg', 87826, 0, 0),
(2062, 4783, 0, '2021/03/coperativa-animada-300x150.jpg', 29591, 0, 0),
(2063, 4783, 0, '2021/03/coperativa-animada-150x150.jpg', 22433, 0, 0),
(2064, 4783, 0, '2021/03/coperativa-animada-768x384.jpg', 70320, 0, 0),
(2065, 4783, 0, '2021/03/coperativa-animada-600x400.jpg', 67993, 0, 0),
(2066, 4783, 0, '2021/03/coperativa-animada-400x269.jpg', 43188, 0, 0),
(2067, 4783, 0, '2021/03/coperativa-animada-100x100.jpg', 18841, 0, 0),
(2068, 4783, 0, '2021/03/coperativa-animada-140x140.jpg', 22091, 0, 0),
(2069, 4783, 0, '2021/03/coperativa-animada-670x335.jpg', 61537, 0, 0),
(2070, 4783, 0, '2021/03/coperativa-animada-500x400.jpg', 58307, 0, 0),
(2071, 4783, 0, '2021/03/coperativa-animada-350x350.jpg', 40416, 0, 0),
(2072, 4783, 0, '2021/03/coperativa-animada-500x400.jpg', 58307, 0, 0),
(2073, 4768, 0, '2021/03/0or6ioq5okylgt1y848s.png', 15626, 0, 0),
(2074, 4768, 0, '2021/03/0or6ioq5okylgt1y848s-150x113.png', 7990, 0, 0),
(2075, 4768, 0, '2021/03/0or6ioq5okylgt1y848s-100x100.png', 6676, 0, 0),
(2076, 4768, 0, '2021/03/0or6ioq5okylgt1y848s-140x113.png', 7519, 0, 0),
(2077, 4767, 0, '2021/03/13939549_1195683243827080_5785632431146382506_n.png', 779129, 0, 0),
(2078, 4767, 0, '2021/03/13939549_1195683243827080_5785632431146382506_n-300x157.png', 99051, 0, 0),
(2079, 4767, 0, '2021/03/13939549_1195683243827080_5785632431146382506_n-150x150.png', 49779, 0, 0),
(2080, 4767, 0, '2021/03/13939549_1195683243827080_5785632431146382506_n-768x401.png', 533239, 0, 0),
(2081, 4767, 0, '2021/03/13939549_1195683243827080_5785632431146382506_n-900x497.png', 802221, 0, 0),
(2082, 4767, 0, '2021/03/13939549_1195683243827080_5785632431146382506_n-600x403.png', 429594, 0, 0),
(2083, 4767, 0, '2021/03/13939549_1195683243827080_5785632431146382506_n-400x269.png', 207755, 0, 0),
(2084, 4767, 0, '2021/03/13939549_1195683243827080_5785632431146382506_n-100x100.png', 23650, 0, 0),
(2085, 4767, 0, '2021/03/13939549_1195683243827080_5785632431146382506_n-140x140.png', 43895, 0, 0),
(2086, 4767, 0, '2021/03/13939549_1195683243827080_5785632431146382506_n-670x335.png', 403190, 0, 0),
(2087, 4767, 0, '2021/03/13939549_1195683243827080_5785632431146382506_n-500x497.png', 465631, 0, 0),
(2088, 4767, 0, '2021/03/13939549_1195683243827080_5785632431146382506_n-350x350.png', 229328, 0, 0),
(2089, 4767, 0, '2021/03/13939549_1195683243827080_5785632431146382506_n-500x497.png', 465631, 0, 0),
(2090, 4767, 0, '2021/03/13939549_1195683243827080_5785632431146382506_n-900x497.png', 802221, 0, 0),
(2091, 4767, 0, '2021/03/13939549_1195683243827080_5785632431146382506_n-800x497.png', 724187, 0, 0),
(2092, 4765, 0, '2021/03/Emblema-Coop-300x300-1.png', 94187, 0, 0),
(2093, 4765, 0, '2021/03/Emblema-Coop-300x300-1-300x300.png', 93308, 0, 0),
(2094, 4765, 0, '2021/03/Emblema-Coop-300x300-1-150x150.png', 28082, 0, 0),
(2095, 4765, 0, '2021/03/Emblema-Coop-300x300-1-300x269.png', 88010, 0, 0),
(2096, 4765, 0, '2021/03/Emblema-Coop-300x300-1-100x100.png', 14411, 0, 0),
(2097, 4765, 0, '2021/03/Emblema-Coop-300x300-1-140x140.png', 25672, 0, 0),
(2098, 4759, 0, '2021/03/cooperativa.jpg', 510008, 0, 0),
(2099, 4759, 0, '2021/03/cooperativa-300x200.jpg', 8018, 0, 0),
(2100, 4759, 0, '2021/03/cooperativa-1024x683.jpg', 52556, 0, 0),
(2101, 4759, 0, '2021/03/cooperativa-150x150.jpg', 4381, 0, 0),
(2102, 4759, 0, '2021/03/cooperativa-768x512.jpg', 32451, 0, 0),
(2103, 4759, 0, '2021/03/cooperativa-1536x1024.jpg', 116546, 0, 0),
(2104, 4759, 0, '2021/03/cooperativa-900x604.jpg', 42805, 0, 0),
(2105, 4759, 0, '2021/03/cooperativa-600x403.jpg', 22831, 0, 0),
(2106, 4759, 0, '2021/03/cooperativa-400x269.jpg', 12223, 0, 0),
(2107, 4759, 0, '2021/03/cooperativa-100x100.jpg', 2581, 0, 0),
(2108, 4759, 0, '2021/03/cooperativa-140x140.jpg', 3999, 0, 0),
(2109, 4759, 0, '2021/03/cooperativa-1000x500.jpg', 42751, 0, 0),
(2110, 4759, 0, '2021/03/cooperativa-670x335.jpg', 22191, 0, 0),
(2111, 4759, 0, '2021/03/cooperativa-500x500.jpg', 25687, 0, 0),
(2112, 4759, 0, '2021/03/cooperativa-350x350.jpg', 14734, 0, 0),
(2113, 4759, 0, '2021/03/cooperativa-500x1000.jpg', 47530, 0, 0),
(2114, 4759, 0, '2021/03/cooperativa-1000x1000.jpg', 86357, 0, 0),
(2115, 4759, 0, '2021/03/cooperativa-900x600.jpg', 42578, 0, 0),
(2116, 4759, 0, '2021/03/cooperativa-1870x770.jpg', 136741, 0, 0),
(2117, 4759, 0, '2021/03/cooperativa-800x800.jpg', 55474, 0, 0),
(2118, 4744, 0, '2021/03/LOGO_100.png', 14035, 0, 0),
(2119, 4744, 0, '2021/03/LOGO_100-100x100.png', 12056, 0, 0),
(2120, 4741, 0, '2021/03/cropped-FAVICON.png', 167266, 0, 0),
(2121, 4741, 0, '2021/03/cropped-FAVICON-300x300.png', 70596, 0, 0),
(2122, 4741, 0, '2021/03/cropped-FAVICON-150x150.png', 22976, 0, 0),
(2123, 4741, 0, '2021/03/cropped-FAVICON-512x403.png', 163399, 0, 0),
(2124, 4741, 0, '2021/03/cropped-FAVICON-400x269.png', 103706, 0, 0),
(2125, 4741, 0, '2021/03/cropped-FAVICON-100x100.png', 12053, 0, 0),
(2126, 4741, 0, '2021/03/cropped-FAVICON-140x140.png', 20658, 0, 0),
(2127, 4741, 0, '2021/03/cropped-FAVICON-512x500.png', 168677, 0, 0),
(2128, 4741, 0, '2021/03/cropped-FAVICON-512x335.png', 156175, 0, 0),
(2129, 4741, 0, '2021/03/cropped-FAVICON-500x500.png', 159506, 0, 0),
(2130, 4741, 0, '2021/03/cropped-FAVICON-350x350.png', 91118, 0, 0),
(2131, 4741, 0, '2021/03/cropped-FAVICON-500x512.png', 168223, 0, 0),
(2132, 4741, 0, '2021/03/cropped-FAVICON-270x270.png', 59666, 0, 0),
(2133, 4741, 0, '2021/03/cropped-FAVICON-192x192.png', 34196, 0, 0),
(2134, 4741, 0, '2021/03/cropped-FAVICON-180x180.png', 30900, 0, 0),
(2135, 4741, 0, '2021/03/cropped-FAVICON-32x32.png', 2093, 0, 0),
(2136, 4740, 0, '2021/03/FAVICON.png', 153601, 0, 0),
(2137, 4740, 0, '2021/03/FAVICON-286x300.png', 65379, 0, 0),
(2138, 4740, 0, '2021/03/FAVICON-150x150.png', 22947, 0, 0),
(2139, 4740, 0, '2021/03/FAVICON-488x403.png', 152967, 0, 0),
(2140, 4740, 0, '2021/03/FAVICON-400x269.png', 104341, 0, 0),
(2141, 4740, 0, '2021/03/FAVICON-100x100.png', 11979, 0, 0),
(2142, 4740, 0, '2021/03/FAVICON-140x140.png', 20529, 0, 0),
(2143, 4740, 0, '2021/03/FAVICON-488x500.png', 156565, 0, 0),
(2144, 4740, 0, '2021/03/FAVICON-488x335.png', 147493, 0, 0),
(2145, 4740, 0, '2021/03/FAVICON-488x500.png', 156565, 0, 0),
(2146, 4740, 0, '2021/03/FAVICON-350x350.png', 90851, 0, 0),
(2147, 4733, 0, '2021/03/LOGO_INICIO_B.png', 245507, 0, 0),
(2148, 4733, 0, '2021/03/LOGO_INICIO_B-300x142.png', 48909, 0, 0),
(2149, 4733, 0, '2021/03/LOGO_INICIO_B-150x150.png', 25234, 0, 0),
(2150, 4733, 0, '2021/03/LOGO_INICIO_B-768x364.png', 200276, 0, 0),
(2151, 4733, 0, '2021/03/LOGO_INICIO_B-900x484.png', 234705, 0, 0),
(2152, 4733, 0, '2021/03/LOGO_INICIO_B-600x403.png', 186680, 0, 0),
(2153, 4733, 0, '2021/03/LOGO_INICIO_B-400x269.png', 102813, 0, 0),
(2154, 4733, 0, '2021/03/LOGO_INICIO_B-100x100.png', 13494, 0, 0),
(2155, 4733, 0, '2021/03/LOGO_INICIO_B-140x140.png', 22710, 0, 0),
(2156, 4733, 0, '2021/03/LOGO_INICIO_B-1000x484.png', 243533, 0, 0),
(2157, 4733, 0, '2021/03/LOGO_INICIO_B-670x335.png', 175192, 0, 0),
(2158, 4733, 0, '2021/03/LOGO_INICIO_B-500x484.png', 111376, 0, 0),
(2159, 4733, 0, '2021/03/LOGO_INICIO_B-350x350.png', 87060, 0, 0),
(2160, 4733, 0, '2021/03/LOGO_INICIO_B-500x484.png', 111376, 0, 0),
(2161, 4733, 0, '2021/03/LOGO_INICIO_B-1000x484.png', 243533, 0, 0),
(2162, 4733, 0, '2021/03/LOGO_INICIO_B-900x484.png', 234705, 0, 0),
(2163, 4733, 0, '2021/03/LOGO_INICIO_B-800x484.png', 218239, 0, 0),
(2164, 4731, 0, '2021/03/LOGO_INICIO.png', 232732, 0, 0),
(2165, 4731, 0, '2021/03/LOGO_INICIO-300x142.png', 41317, 0, 0),
(2166, 4731, 0, '2021/03/LOGO_INICIO-150x150.png', 21175, 0, 0),
(2167, 4731, 0, '2021/03/LOGO_INICIO-768x364.png', 165419, 0, 0),
(2168, 4731, 0, '2021/03/LOGO_INICIO-900x484.png', 221031, 0, 0),
(2169, 4731, 0, '2021/03/LOGO_INICIO-600x403.png', 158768, 0, 0),
(2170, 4731, 0, '2021/03/LOGO_INICIO-400x269.png', 86192, 0, 0),
(2171, 4731, 0, '2021/03/LOGO_INICIO-100x100.png', 11424, 0, 0),
(2172, 4731, 0, '2021/03/LOGO_INICIO-140x140.png', 19161, 0, 0),
(2173, 4731, 0, '2021/03/LOGO_INICIO-1000x484.png', 227967, 0, 0),
(2174, 4731, 0, '2021/03/LOGO_INICIO-670x335.png', 144739, 0, 0),
(2175, 4731, 0, '2021/03/LOGO_INICIO-500x484.png', 106582, 0, 0),
(2176, 4731, 0, '2021/03/LOGO_INICIO-350x350.png', 71028, 0, 0),
(2177, 4731, 0, '2021/03/LOGO_INICIO-500x484.png', 106582, 0, 0),
(2178, 4731, 0, '2021/03/LOGO_INICIO-1000x484.png', 227967, 0, 0),
(2179, 4731, 0, '2021/03/LOGO_INICIO-900x484.png', 221031, 0, 0),
(2180, 4731, 0, '2021/03/LOGO_INICIO-800x484.png', 208227, 0, 0),
(2181, 4717, 0, '2021/03/LOGO-COOBUSSCAR-FULL.png', 150693, 0, 0),
(2182, 4717, 0, '2021/03/LOGO-COOBUSSCAR-FULL-300x235.png', 45558, 0, 0),
(2183, 4717, 0, '2021/03/LOGO-COOBUSSCAR-FULL-150x150.png', 22095, 0, 0),
(2184, 4717, 0, '2021/03/LOGO-COOBUSSCAR-FULL-567x403.png', 119655, 0, 0),
(2185, 4717, 0, '2021/03/LOGO-COOBUSSCAR-FULL-400x269.png', 71132, 0, 0),
(2186, 4717, 0, '2021/03/LOGO-COOBUSSCAR-FULL-100x100.png', 11756, 0, 0),
(2187, 4717, 0, '2021/03/LOGO-COOBUSSCAR-FULL-140x140.png', 19887, 0, 0),
(2188, 4717, 0, '2021/03/LOGO-COOBUSSCAR-FULL-567x335.png', 117060, 0, 0),
(2189, 4717, 0, '2021/03/LOGO-COOBUSSCAR-FULL-500x444.png', 119699, 0, 0),
(2190, 4717, 0, '2021/03/LOGO-COOBUSSCAR-FULL-350x350.png', 85679, 0, 0),
(2191, 4717, 0, '2021/03/LOGO-COOBUSSCAR-FULL-500x444.png', 119699, 0, 0),
(2192, 4715, 0, '2021/03/inicio.jpg', 206749, 0, 0),
(2193, 4715, 0, '2021/03/inicio-300x161.jpg', 26094, 0, 0),
(2194, 4715, 0, '2021/03/inicio-1024x549.jpg', 93829, 0, 0),
(2195, 4715, 0, '2021/03/inicio-150x150.jpg', 18522, 0, 0),
(2196, 4715, 0, '2021/03/inicio-768x412.jpg', 68413, 0, 0),
(2197, 4715, 0, '2021/03/inicio-1536x823.jpg', 146538, 0, 0),
(2198, 4715, 0, '2021/03/inicio-900x604.jpg', 88383, 0, 0),
(2199, 4715, 0, '2021/03/inicio-600x403.jpg', 56976, 0, 0),
(2200, 4715, 0, '2021/03/inicio-400x269.jpg', 37458, 0, 0),
(2201, 4715, 0, '2021/03/inicio-100x100.jpg', 15378, 0, 0),
(2202, 4715, 0, '2021/03/inicio-140x140.jpg', 17907, 0, 0),
(2203, 4715, 0, '2021/03/inicio-1000x500.jpg', 85999, 0, 0),
(2204, 4715, 0, '2021/03/inicio-670x335.jpg', 55781, 0, 0),
(2205, 4715, 0, '2021/03/inicio-500x500.jpg', 49059, 0, 0),
(2206, 4715, 0, '2021/03/inicio-350x350.jpg', 35062, 0, 0),
(2207, 4715, 0, '2021/03/inicio-500x1000.jpg', 54273, 0, 0),
(2208, 4715, 0, '2021/03/inicio-1000x1000.jpg', 99542, 0, 0),
(2209, 4715, 0, '2021/03/inicio-900x600.jpg', 87848, 0, 0),
(2210, 4715, 0, '2021/03/inicio-1870x770.jpg', 157419, 0, 0),
(2211, 4715, 0, '2021/03/inicio-800x800.jpg', 78060, 0, 0),
(2212, 4713, 0, '2021/03/header.jpg', 223696, 0, 0),
(2213, 4713, 0, '2021/03/header-300x161.jpg', 24427, 0, 0),
(2214, 4713, 0, '2021/03/header-1024x549.jpg', 96553, 0, 0),
(2215, 4713, 0, '2021/03/header-150x150.jpg', 17289, 0, 0),
(2216, 4713, 0, '2021/03/header-768x412.jpg', 68845, 0, 0),
(2217, 4713, 0, '2021/03/header-1536x823.jpg', 157253, 0, 0),
(2218, 4713, 0, '2021/03/header-900x604.jpg', 95111, 0, 0),
(2219, 4713, 0, '2021/03/header-600x403.jpg', 58990, 0, 0),
(2220, 4713, 0, '2021/03/header-400x269.jpg', 36983, 0, 0),
(2221, 4713, 0, '2021/03/header-100x100.jpg', 14198, 0, 0),
(2222, 4713, 0, '2021/03/header-140x140.jpg', 16588, 0, 0),
(2223, 4713, 0, '2021/03/header-1000x500.jpg', 89738, 0, 0),
(2224, 4713, 0, '2021/03/header-670x335.jpg', 55706, 0, 0),
(2225, 4713, 0, '2021/03/header-500x500.jpg', 51082, 0, 0),
(2226, 4713, 0, '2021/03/header-350x350.jpg', 34848, 0, 0),
(2227, 4713, 0, '2021/03/header-500x1000.jpg', 62837, 0, 0),
(2228, 4713, 0, '2021/03/header-1000x1000.jpg', 111292, 0, 0),
(2229, 4713, 0, '2021/03/header-900x600.jpg', 94277, 0, 0),
(2230, 4713, 0, '2021/03/header-1870x770.jpg', 173845, 0, 0),
(2231, 4713, 0, '2021/03/header-800x800.jpg', 85518, 0, 0);

-- --------------------------------------------------------

--
-- Estructura de tabla para la tabla `wp_litespeed_img_optming`
--

